123.6.49.18 - - [20/Apr/2025:21:43:59 +0000] "GET /assets/common/css/all.min.css HTTP/1.1" 200 12857 "http://viralspringdigital.de/" "Mozilla/5.0 (Linux; Android 10; HUAWEI P30 Pro) AppleWebKit/537.36 (KHTML, like Gecko) Chrome/89.0.4389.105 Mobile Safari/537.36"
123.6.49.50 - - [20/Apr/2025:21:43:59 +0000] "GET /assets/common/css/bootstrap.min.css HTTP/1.1" 200 23898 "http://viralspringdigital.de/" "Mozilla/5.0 (Linux; Android 10; HUAWEI P30 Pro) AppleWebKit/537.36 (KHTML, like Gecko) Chrome/89.0.4389.105 Mobile Safari/537.36"
123.6.49.44 - - [20/Apr/2025:21:44:00 +0000] "GET /assets/common/css/line-awesome.min.css HTTP/1.1" 200 16157 "http://viralspringdigital.de/" "Mozilla/5.0 (Linux; Android 10; HUAWEI P30 Pro) AppleWebKit/537.36 (KHTML, like Gecko) Chrome/89.0.4389.105 Mobile Safari/537.36"
123.6.49.18 - - [20/Apr/2025:21:44:00 +0000] "GET /assets/presets/themesThree/css/magnific-popup.css HTTP/1.1" 200 1835 "http://viralspringdigital.de/" "Mozilla/5.0 (Linux; Android 10; HUAWEI P30 Pro) AppleWebKit/537.36 (KHTML, like Gecko) Chrome/89.0.4389.105 Mobile Safari/537.36"
123.6.49.12 - - [20/Apr/2025:21:44:00 +0000] "GET /assets/presets/themesThree/css/custom-animation.css HTTP/1.1" 200 1846 "http://viralspringdigital.de/" "Mozilla/5.0 (Linux; Android 10; HUAWEI P30 Pro) AppleWebKit/537.36 (KHTML, like Gecko) Chrome/89.0.4389.105 Mobile Safari/537.36"
123.6.49.47 - - [20/Apr/2025:21:44:00 +0000] "GET /assets/presets/themesThree/css/odometer.css HTTP/1.1" 200 484 "http://viralspringdigital.de/" "Mozilla/5.0 (Linux; Android 10; HUAWEI P30 Pro) AppleWebKit/537.36 (KHTML, like Gecko) Chrome/89.0.4389.105 Mobile Safari/537.36"
123.6.49.12 - - [20/Apr/2025:21:44:00 +0000] "GET /assets/presets/themesThree/css/slick.css HTTP/1.1" 200 577 "http://viralspringdigital.de/" "Mozilla/5.0 (Linux; Android 10; HUAWEI P30 Pro) AppleWebKit/537.36 (KHTML, like Gecko) Chrome/89.0.4389.105 Mobile Safari/537.36"
123.6.49.50 - - [20/Apr/2025:21:44:00 +0000] "GET /assets/presets/themesThree/css/main.css HTTP/1.1" 200 27581 "http://viralspringdigital.de/" "Mozilla/5.0 (Linux; Android 10; HUAWEI P30 Pro) AppleWebKit/537.36 (KHTML, like Gecko) Chrome/89.0.4389.105 Mobile Safari/537.36"
123.6.49.18 - - [20/Apr/2025:21:44:00 +0000] "GET /assets/presets/themesThree/css/color.php?color=ca46f6&secondColor=6a54f8 HTTP/1.1" 200 67 "http://viralspringdigital.de/" "Mozilla/5.0 (Linux; Android 10; HUAWEI P30 Pro) AppleWebKit/537.36 (KHTML, like Gecko) Chrome/89.0.4389.105 Mobile Safari/537.36"
123.6.49.12 - - [20/Apr/2025:21:44:00 +0000] "GET /assets/common/js/jquery-3.7.0.min.js HTTP/1.1" 200 30343 "http://viralspringdigital.de/" "Mozilla/5.0 (Linux; Android 10; HUAWEI P30 Pro) AppleWebKit/537.36 (KHTML, like Gecko) Chrome/89.0.4389.105 Mobile Safari/537.36"
123.6.49.44 - - [20/Apr/2025:21:44:00 +0000] "GET /assets/presets/themesThree/js/popper.min.js HTTP/1.1" 200 7194 "http://viralspringdigital.de/" "Mozilla/5.0 (Linux; Android 10; HUAWEI P30 Pro) AppleWebKit/537.36 (KHTML, like Gecko) Chrome/89.0.4389.105 Mobile Safari/537.36"
123.6.49.47 - - [20/Apr/2025:21:44:00 +0000] "GET /assets/presets/themesThree/js/slick.min.js HTTP/1.1" 200 11308 "http://viralspringdigital.de/" "Mozilla/5.0 (Linux; Android 10; HUAWEI P30 Pro) AppleWebKit/537.36 (KHTML, like Gecko) Chrome/89.0.4389.105 Mobile Safari/537.36"
123.6.49.18 - - [20/Apr/2025:21:44:00 +0000] "GET /assets/common/js/bootstrap.bundle.min.js HTTP/1.1" 200 23023 "http://viralspringdigital.de/" "Mozilla/5.0 (Linux; Android 10; HUAWEI P30 Pro) AppleWebKit/537.36 (KHTML, like Gecko) Chrome/89.0.4389.105 Mobile Safari/537.36"
123.6.49.12 - - [20/Apr/2025:21:44:00 +0000] "GET /assets/presets/themesThree/js/moment.min.js HTTP/1.1" 200 18609 "http://viralspringdigital.de/" "Mozilla/5.0 (Linux; Android 10; HUAWEI P30 Pro) AppleWebKit/537.36 (KHTML, like Gecko) Chrome/89.0.4389.105 Mobile Safari/537.36"
123.6.49.50 - - [20/Apr/2025:21:44:00 +0000] "GET /assets/presets/themesThree/js/bootstrap.min.js HTTP/1.1" 200 16048 "http://viralspringdigital.de/" "Mozilla/5.0 (Linux; Android 10; HUAWEI P30 Pro) AppleWebKit/537.36 (KHTML, like Gecko) Chrome/89.0.4389.105 Mobile Safari/537.36"
123.6.49.44 - - [20/Apr/2025:21:44:00 +0000] "GET /assets/common/fonts/fa-solid-900.woff2 HTTP/1.1" 200 78268 "http://viralspringdigital.de/assets/common/css/all.min.css" "Mozilla/5.0 (Linux; Android 10; HUAWEI P30 Pro) AppleWebKit/537.36 (KHTML, like Gecko) Chrome/89.0.4389.105 Mobile Safari/537.36"
123.6.49.18 - - [20/Apr/2025:21:44:00 +0000] "GET /assets/common/fonts/fa-regular-400.woff2 HTTP/1.1" 200 13224 "http://viralspringdigital.de/assets/common/css/all.min.css" "Mozilla/5.0 (Linux; Android 10; HUAWEI P30 Pro) AppleWebKit/537.36 (KHTML, like Gecko) Chrome/89.0.4389.105 Mobile Safari/537.36"
123.6.49.12 - - [20/Apr/2025:21:44:00 +0000] "GET /assets/images/general/logo.png HTTP/1.1" 200 15612 "http://viralspringdigital.de/" "Mozilla/5.0 (Linux; Android 10; HUAWEI P30 Pro) AppleWebKit/537.36 (KHTML, like Gecko) Chrome/89.0.4389.105 Mobile Safari/537.36"
123.6.49.50 - - [20/Apr/2025:21:44:00 +0000] "GET /assets/common/fonts/fa-brands-400.woff2 HTTP/1.1" 200 76736 "http://viralspringdigital.de/assets/common/css/all.min.css" "Mozilla/5.0 (Linux; Android 10; HUAWEI P30 Pro) AppleWebKit/537.36 (KHTML, like Gecko) Chrome/89.0.4389.105 Mobile Safari/537.36"
123.6.49.47 - - [20/Apr/2025:21:44:00 +0000] "GET /assets/common/fonts/la-solid-900.woff2 HTTP/1.1" 200 96752 "http://viralspringdigital.de/assets/common/css/line-awesome.min.css" "Mozilla/5.0 (Linux; Android 10; HUAWEI P30 Pro) AppleWebKit/537.36 (KHTML, like Gecko) Chrome/89.0.4389.105 Mobile Safari/537.36"
123.6.49.12 - - [20/Apr/2025:21:44:01 +0000] "GET /assets/presets/themesThree/js/jquery.appear.min.js HTTP/1.1" 200 600 "http://viralspringdigital.de/" "Mozilla/5.0 (Linux; Android 10; HUAWEI P30 Pro) AppleWebKit/537.36 (KHTML, like Gecko) Chrome/89.0.4389.105 Mobile Safari/537.36"
123.6.49.12 - - [20/Apr/2025:21:44:01 +0000] "GET /assets/presets/themesThree/js/jquery.magnific-popup.min.js HTTP/1.1" 200 7346 "http://viralspringdigital.de/" "Mozilla/5.0 (Linux; Android 10; HUAWEI P30 Pro) AppleWebKit/537.36 (KHTML, like Gecko) Chrome/89.0.4389.105 Mobile Safari/537.36"
123.6.49.44 - - [20/Apr/2025:21:44:01 +0000] "GET /assets/presets/themesThree/js/odometer.min.js HTTP/1.1" 200 3633 "http://viralspringdigital.de/" "Mozilla/5.0 (Linux; Android 10; HUAWEI P30 Pro) AppleWebKit/537.36 (KHTML, like Gecko) Chrome/89.0.4389.105 Mobile Safari/537.36"
123.6.49.18 - - [20/Apr/2025:21:44:01 +0000] "GET /assets/images/frontend/theme_three_banner/6435294576fd51681205573.png HTTP/1.1" 200 250560 "http://viralspringdigital.de/" "Mozilla/5.0 (Linux; Android 10; HUAWEI P30 Pro) AppleWebKit/537.36 (KHTML, like Gecko) Chrome/89.0.4389.105 Mobile Safari/537.36"
123.6.49.12 - - [20/Apr/2025:21:44:01 +0000] "GET /assets/presets/themesThree/js/viewport.jquery.js HTTP/1.1" 200 731 "http://viralspringdigital.de/" "Mozilla/5.0 (Linux; Android 10; HUAWEI P30 Pro) AppleWebKit/537.36 (KHTML, like Gecko) Chrome/89.0.4389.105 Mobile Safari/537.36"
123.6.49.12 - - [20/Apr/2025:21:44:01 +0000] "GET /assets/presets/themesThree/js/main.js HTTP/1.1" 200 2974 "http://viralspringdigital.de/" "Mozilla/5.0 (Linux; Android 10; HUAWEI P30 Pro) AppleWebKit/537.36 (KHTML, like Gecko) Chrome/89.0.4389.105 Mobile Safari/537.36"
123.6.49.44 - - [20/Apr/2025:21:44:01 +0000] "GET /assets/images/general/logo_white.png HTTP/1.1" 200 16485 "http://viralspringdigital.de/" "Mozilla/5.0 (Linux; Android 10; HUAWEI P30 Pro) AppleWebKit/537.36 (KHTML, like Gecko) Chrome/89.0.4389.105 Mobile Safari/537.36"
123.6.49.50 - - [20/Apr/2025:21:44:01 +0000] "GET /assets/common/js/sweetalert2.min.js HTTP/1.1" 200 18336 "http://viralspringdigital.de/" "Mozilla/5.0 (Linux; Android 10; HUAWEI P30 Pro) AppleWebKit/537.36 (KHTML, like Gecko) Chrome/89.0.4389.105 Mobile Safari/537.36"
123.6.49.47 - - [20/Apr/2025:21:44:01 +0000] "GET /assets/images/frontend/theme_three_about/67f67213143211744204307.png HTTP/1.1" 200 483895 "http://viralspringdigital.de/" "Mozilla/5.0 (Linux; Android 10; HUAWEI P30 Pro) AppleWebKit/537.36 (KHTML, like Gecko) Chrome/89.0.4389.105 Mobile Safari/537.36"
123.6.49.44 - - [20/Apr/2025:21:44:01 +0000] "GET /assets/images/frontend/testimonial/642279026ed641679980802.png HTTP/1.1" 200 100651 "http://viralspringdigital.de/" "Mozilla/5.0 (Linux; Android 10; HUAWEI P30 Pro) AppleWebKit/537.36 (KHTML, like Gecko) Chrome/89.0.4389.105 Mobile Safari/537.36"
123.6.49.50 - - [20/Apr/2025:21:44:01 +0000] "GET /assets/images/frontend/testimonial/642279331b63b1679980851.png HTTP/1.1" 200 100651 "http://viralspringdigital.de/" "Mozilla/5.0 (Linux; Android 10; HUAWEI P30 Pro) AppleWebKit/537.36 (KHTML, like Gecko) Chrome/89.0.4389.105 Mobile Safari/537.36"
123.6.49.12 - - [20/Apr/2025:21:44:01 +0000] "GET /assets/images/frontend/testimonial/6422790db661d1679980813.png HTTP/1.1" 200 125092 "http://viralspringdigital.de/" "Mozilla/5.0 (Linux; Android 10; HUAWEI P30 Pro) AppleWebKit/537.36 (KHTML, like Gecko) Chrome/89.0.4389.105 Mobile Safari/537.36"
123.6.49.18 - - [20/Apr/2025:21:44:02 +0000] "GET /assets/images/frontend/testimonial/6422792c056da1679980844.png HTTP/1.1" 200 88391 "http://viralspringdigital.de/" "Mozilla/5.0 (Linux; Android 10; HUAWEI P30 Pro) AppleWebKit/537.36 (KHTML, like Gecko) Chrome/89.0.4389.105 Mobile Safari/537.36"
123.6.49.50 - - [20/Apr/2025:21:44:02 +0000] "GET /assets/images/frontend/faq/67e2fd44a30d41742929220.png HTTP/1.1" 200 773366 "http://viralspringdigital.de/" "Mozilla/5.0 (Linux; Android 10; HUAWEI P30 Pro) AppleWebKit/537.36 (KHTML, like Gecko) Chrome/89.0.4389.105 Mobile Safari/537.36"
123.6.49.44 - - [20/Apr/2025:21:44:02 +0000] "GET /assets/images/frontend/blog/thumb_67e303e74f1131742930919.png HTTP/1.1" 200 185151 "http://viralspringdigital.de/" "Mozilla/5.0 (Linux; Android 10; HUAWEI P30 Pro) AppleWebKit/537.36 (KHTML, like Gecko) Chrome/89.0.4389.105 Mobile Safari/537.36"
123.6.49.12 - - [20/Apr/2025:21:44:01 +0000] "GET /assets/images/frontend/theme_three_choose_us/67fc6761841ac1744594785.png HTTP/1.1" 200 399556 "http://viralspringdigital.de/" "Mozilla/5.0 (Linux; Android 10; HUAWEI P30 Pro) AppleWebKit/537.36 (KHTML, like Gecko) Chrome/89.0.4389.105 Mobile Safari/537.36"
123.6.49.12 - - [20/Apr/2025:21:44:02 +0000] "GET /assets/images/frontend/blog/thumb_67e308dadf67c1742932186.png HTTP/1.1" 200 152894 "http://viralspringdigital.de/" "Mozilla/5.0 (Linux; Android 10; HUAWEI P30 Pro) AppleWebKit/537.36 (KHTML, like Gecko) Chrome/89.0.4389.105 Mobile Safari/537.36"
123.6.49.18 - - [20/Apr/2025:21:44:02 +0000] "GET /assets/images/frontend/blog/thumb_67e30a486105a1742932552.png HTTP/1.1" 200 174455 "http://viralspringdigital.de/" "Mozilla/5.0 (Linux; Android 10; HUAWEI P30 Pro) AppleWebKit/537.36 (KHTML, like Gecko) Chrome/89.0.4389.105 Mobile Safari/537.36"
123.6.49.44 - - [20/Apr/2025:21:44:02 +0000] "GET /assets/images/frontend/brand/67e3b958586291742977368.png HTTP/1.1" 200 7173 "http://viralspringdigital.de/" "Mozilla/5.0 (Linux; Android 10; HUAWEI P30 Pro) AppleWebKit/537.36 (KHTML, like Gecko) Chrome/89.0.4389.105 Mobile Safari/537.36"
123.6.49.47 - - [20/Apr/2025:21:44:02 +0000] "GET /assets/images/frontend/brand/67e3b9406f59f1742977344.png HTTP/1.1" 200 7173 "http://viralspringdigital.de/" "Mozilla/5.0 (Linux; Android 10; HUAWEI P30 Pro) AppleWebKit/537.36 (KHTML, like Gecko) Chrome/89.0.4389.105 Mobile Safari/537.36"
123.6.49.12 - - [20/Apr/2025:21:44:02 +0000] "GET /assets/images/frontend/brand/67e3b92b090f01742977323.png HTTP/1.1" 200 7173 "http://viralspringdigital.de/" "Mozilla/5.0 (Linux; Android 10; HUAWEI P30 Pro) AppleWebKit/537.36 (KHTML, like Gecko) Chrome/89.0.4389.105 Mobile Safari/537.36"
123.6.49.18 - - [20/Apr/2025:21:44:02 +0000] "GET /assets/images/frontend/brand/67e3b90c325081742977292.png HTTP/1.1" 200 7173 "http://viralspringdigital.de/" "Mozilla/5.0 (Linux; Android 10; HUAWEI P30 Pro) AppleWebKit/537.36 (KHTML, like Gecko) Chrome/89.0.4389.105 Mobile Safari/537.36"
123.6.49.44 - - [20/Apr/2025:21:44:02 +0000] "GET /assets/images/frontend/brand/67e3b8deb42871742977246.png HTTP/1.1" 200 7173 "http://viralspringdigital.de/" "Mozilla/5.0 (Linux; Android 10; HUAWEI P30 Pro) AppleWebKit/537.36 (KHTML, like Gecko) Chrome/89.0.4389.105 Mobile Safari/537.36"
123.6.49.47 - - [20/Apr/2025:21:44:02 +0000] "GET /assets/images/frontend/brand/67e3b8bc5e3e71742977212.png HTTP/1.1" 200 7173 "http://viralspringdigital.de/" "Mozilla/5.0 (Linux; Android 10; HUAWEI P30 Pro) AppleWebKit/537.36 (KHTML, like Gecko) Chrome/89.0.4389.105 Mobile Safari/537.36"
123.6.49.18 - - [20/Apr/2025:21:44:03 +0000] "GET /assets/images/frontend/brand/67e31006db9b51742934022.png HTTP/1.1" 200 7173 "http://viralspringdigital.de/" "Mozilla/5.0 (Linux; Android 10; HUAWEI P30 Pro) AppleWebKit/537.36 (KHTML, like Gecko) Chrome/89.0.4389.105 Mobile Safari/537.36"
123.6.49.12 - - [20/Apr/2025:21:44:03 +0000] "GET /assets/presets/themesThree/images/footer-bg.jpg HTTP/1.1" 200 23566 "http://viralspringdigital.de/" "Mozilla/5.0 (Linux; Android 10; HUAWEI P30 Pro) AppleWebKit/537.36 (KHTML, like Gecko) Chrome/89.0.4389.105 Mobile Safari/537.36"
123.6.49.12 - - [20/Apr/2025:21:44:03 +0000] "GET /assets/presets/themesThree/images/subscribe-bg.jpg HTTP/1.1" 200 241563 "http://viralspringdigital.de/" "Mozilla/5.0 (Linux; Android 10; HUAWEI P30 Pro) AppleWebKit/537.36 (KHTML, like Gecko) Chrome/89.0.4389.105 Mobile Safari/537.36"
123.6.49.44 - - [20/Apr/2025:21:44:03 +0000] "GET /assets/presets/themesThree/images/experience-bg.png HTTP/1.1" 200 76928 "http://viralspringdigital.de/" "Mozilla/5.0 (Linux; Android 10; HUAWEI P30 Pro) AppleWebKit/537.36 (KHTML, like Gecko) Chrome/89.0.4389.105 Mobile Safari/537.36"
123.6.49.12 - - [20/Apr/2025:21:44:04 +0000] "GET /assets/images/general/favicon.png HTTP/1.1" 200 17877 "-" "Mozilla/5.0 (Windows NT 10.0; WOW64) AppleWebKit/537.36 (KHTML, like Gecko) Chrome/78.0.3904.108 Safari/537.36"
123.6.49.50 - - [20/Apr/2025:21:44:05 +0000] "GET /assets/images/general/logo.png HTTP/1.1" 200 15612 "-" "Mozilla/5.0 (Windows NT 10.0; WOW64) AppleWebKit/537.36 (KHTML, like Gecko) Chrome/78.0.3904.108 Safari/537.36"
27.115.124.34 - - [20/Apr/2025:21:44:07 +0000] "GET /assets/images/general/favicon.png HTTP/1.1" 200 17877 "-" "Mozilla/5.0 (Macintosh; Intel Mac OS X 10_7_0) AppleWebKit/535.11 (KHTML, like Gecko) Chrome/17.0.963.56 Safari/535.11"
123.6.49.44 - - [20/Apr/2025:21:44:08 +0000] "GET /services HTTP/1.1" 200 6065 "-" "Mozilla/5.0 (Linux; Android 11; CPH2185) AppleWebKit/537.36 (KHTML, like Gecko) Chrome/91.0.4472.101 Mobile Safari/537.36"
123.6.49.18 - - [20/Apr/2025:21:44:08 +0000] "GET /plan HTTP/1.1" 200 6012 "-" "Mozilla/5.0 (Linux; U; Android 8.1.0; zh-cn; MI 8 Build/OPM1.171019.011) AppleWebKit/537.36 (KHTML, like Gecko) Version/4.0 Chrome/57.0.2987.108 Mobile Safari/537.36"
27.115.124.109 - - [20/Apr/2025:21:44:08 +0000] "GET / HTTP/1.1" 200 12354 "-" "Mozilla/5.0 (Linux; Android 10; HUAWEI P30 Pro) AppleWebKit/537.36 (KHTML, like Gecko) Chrome/89.0.4389.105 Mobile Safari/537.36"
123.6.49.44 - - [20/Apr/2025:21:44:09 +0000] "GET /assets/common/css/bootstrap.min.css HTTP/1.1" 200 23898 "http://viralspringdigital.de/services" "Mozilla/5.0 (Linux; Android 11; CPH2185) AppleWebKit/537.36 (KHTML, like Gecko) Chrome/91.0.4472.101 Mobile Safari/537.36"
123.6.49.12 - - [20/Apr/2025:21:44:09 +0000] "GET /assets/common/css/all.min.css HTTP/1.1" 200 12857 "http://viralspringdigital.de/services" "Mozilla/5.0 (Linux; Android 11; CPH2185) AppleWebKit/537.36 (KHTML, like Gecko) Chrome/91.0.4472.101 Mobile Safari/537.36"
123.6.49.15 - - [20/Apr/2025:21:44:09 +0000] "GET /assets/common/css/all.min.css HTTP/1.1" 200 12857 "http://viralspringdigital.de/plan" "Mozilla/5.0 (Linux; U; Android 8.1.0; zh-cn; MI 8 Build/OPM1.171019.011) AppleWebKit/537.36 (KHTML, like Gecko) Version/4.0 Chrome/57.0.2987.108 Mobile Safari/537.36"
27.115.124.109 - - [20/Apr/2025:21:44:09 +0000] "GET /assets/common/css/bootstrap.min.css HTTP/1.1" 200 23898 "http://viralspringdigital.de/" "Mozilla/5.0 (Linux; Android 10; HUAWEI P30 Pro) AppleWebKit/537.36 (KHTML, like Gecko) Chrome/89.0.4389.105 Mobile Safari/537.36"
123.6.49.18 - - [20/Apr/2025:21:44:09 +0000] "GET /assets/common/css/bootstrap.min.css HTTP/1.1" 200 23898 "http://viralspringdigital.de/plan" "Mozilla/5.0 (Linux; U; Android 8.1.0; zh-cn; MI 8 Build/OPM1.171019.011) AppleWebKit/537.36 (KHTML, like Gecko) Version/4.0 Chrome/57.0.2987.108 Mobile Safari/537.36"
27.115.124.38 - - [20/Apr/2025:21:44:09 +0000] "GET /assets/common/css/all.min.css HTTP/1.1" 200 12857 "http://viralspringdigital.de/" "Mozilla/5.0 (Linux; Android 10; HUAWEI P30 Pro) AppleWebKit/537.36 (KHTML, like Gecko) Chrome/89.0.4389.105 Mobile Safari/537.36"
123.6.49.12 - - [20/Apr/2025:21:44:09 +0000] "GET /assets/common/css/line-awesome.min.css HTTP/1.1" 200 16157 "http://viralspringdigital.de/services" "Mozilla/5.0 (Linux; Android 11; CPH2185) AppleWebKit/537.36 (KHTML, like Gecko) Chrome/91.0.4472.101 Mobile Safari/537.36"
123.6.49.47 - - [20/Apr/2025:21:44:09 +0000] "GET /assets/presets/themesThree/css/magnific-popup.css HTTP/1.1" 200 1835 "http://viralspringdigital.de/services" "Mozilla/5.0 (Linux; Android 11; CPH2185) AppleWebKit/537.36 (KHTML, like Gecko) Chrome/91.0.4472.101 Mobile Safari/537.36"
123.6.49.47 - - [20/Apr/2025:21:44:09 +0000] "GET /assets/presets/themesThree/css/custom-animation.css HTTP/1.1" 200 1846 "http://viralspringdigital.de/services" "Mozilla/5.0 (Linux; Android 11; CPH2185) AppleWebKit/537.36 (KHTML, like Gecko) Chrome/91.0.4472.101 Mobile Safari/537.36"
123.6.49.18 - - [20/Apr/2025:21:44:09 +0000] "GET /assets/presets/themesThree/css/slick.css HTTP/1.1" 200 577 "http://viralspringdigital.de/services" "Mozilla/5.0 (Linux; Android 11; CPH2185) AppleWebKit/537.36 (KHTML, like Gecko) Chrome/91.0.4472.101 Mobile Safari/537.36"
123.6.49.47 - - [20/Apr/2025:21:44:09 +0000] "GET /assets/presets/themesThree/css/odometer.css HTTP/1.1" 200 484 "http://viralspringdigital.de/services" "Mozilla/5.0 (Linux; Android 11; CPH2185) AppleWebKit/537.36 (KHTML, like Gecko) Chrome/91.0.4472.101 Mobile Safari/537.36"
123.6.49.47 - - [20/Apr/2025:21:44:09 +0000] "GET /assets/common/css/line-awesome.min.css HTTP/1.1" 200 16157 "http://viralspringdigital.de/plan" "Mozilla/5.0 (Linux; U; Android 8.1.0; zh-cn; MI 8 Build/OPM1.171019.011) AppleWebKit/537.36 (KHTML, like Gecko) Version/4.0 Chrome/57.0.2987.108 Mobile Safari/537.36"
27.115.124.109 - - [20/Apr/2025:21:44:09 +0000] "GET /assets/common/css/line-awesome.min.css HTTP/1.1" 200 16157 "http://viralspringdigital.de/" "Mozilla/5.0 (Linux; Android 10; HUAWEI P30 Pro) AppleWebKit/537.36 (KHTML, like Gecko) Chrome/89.0.4389.105 Mobile Safari/537.36"
27.115.124.109 - - [20/Apr/2025:21:44:09 +0000] "GET /assets/presets/themesThree/css/magnific-popup.css HTTP/1.1" 200 1835 "http://viralspringdigital.de/" "Mozilla/5.0 (Linux; Android 10; HUAWEI P30 Pro) AppleWebKit/537.36 (KHTML, like Gecko) Chrome/89.0.4389.105 Mobile Safari/537.36"
123.6.49.12 - - [20/Apr/2025:21:44:09 +0000] "GET /assets/presets/themesThree/css/main.css HTTP/1.1" 200 27581 "http://viralspringdigital.de/services" "Mozilla/5.0 (Linux; Android 11; CPH2185) AppleWebKit/537.36 (KHTML, like Gecko) Chrome/91.0.4472.101 Mobile Safari/537.36"
27.115.124.38 - - [20/Apr/2025:21:44:09 +0000] "GET /assets/presets/themesThree/css/custom-animation.css HTTP/1.1" 200 1846 "http://viralspringdigital.de/" "Mozilla/5.0 (Linux; Android 10; HUAWEI P30 Pro) AppleWebKit/537.36 (KHTML, like Gecko) Chrome/89.0.4389.105 Mobile Safari/537.36"
123.6.49.15 - - [20/Apr/2025:21:44:09 +0000] "GET /assets/presets/themesThree/css/magnific-popup.css HTTP/1.1" 200 1835 "http://viralspringdigital.de/plan" "Mozilla/5.0 (Linux; U; Android 8.1.0; zh-cn; MI 8 Build/OPM1.171019.011) AppleWebKit/537.36 (KHTML, like Gecko) Version/4.0 Chrome/57.0.2987.108 Mobile Safari/537.36"
27.115.124.45 - - [20/Apr/2025:21:44:09 +0000] "GET /assets/presets/themesThree/css/slick.css HTTP/1.1" 200 577 "http://viralspringdigital.de/" "Mozilla/5.0 (Linux; Android 10; HUAWEI P30 Pro) AppleWebKit/537.36 (KHTML, like Gecko) Chrome/89.0.4389.105 Mobile Safari/537.36"
123.6.49.15 - - [20/Apr/2025:21:44:09 +0000] "GET /assets/presets/themesThree/css/custom-animation.css HTTP/1.1" 200 1846 "http://viralspringdigital.de/plan" "Mozilla/5.0 (Linux; U; Android 8.1.0; zh-cn; MI 8 Build/OPM1.171019.011) AppleWebKit/537.36 (KHTML, like Gecko) Version/4.0 Chrome/57.0.2987.108 Mobile Safari/537.36"
123.6.49.50 - - [20/Apr/2025:21:44:09 +0000] "GET /assets/presets/themesThree/css/slick.css HTTP/1.1" 200 577 "http://viralspringdigital.de/plan" "Mozilla/5.0 (Linux; U; Android 8.1.0; zh-cn; MI 8 Build/OPM1.171019.011) AppleWebKit/537.36 (KHTML, like Gecko) Version/4.0 Chrome/57.0.2987.108 Mobile Safari/537.36"
123.6.49.47 - - [20/Apr/2025:21:44:09 +0000] "GET /assets/common/js/jquery-3.7.0.min.js HTTP/1.1" 200 30343 "http://viralspringdigital.de/services" "Mozilla/5.0 (Linux; Android 11; CPH2185) AppleWebKit/537.36 (KHTML, like Gecko) Chrome/91.0.4472.101 Mobile Safari/537.36"
123.6.49.44 - - [20/Apr/2025:21:44:09 +0000] "GET /assets/presets/themesThree/css/color.php?color=ca46f6&secondColor=6a54f8 HTTP/1.1" 200 67 "http://viralspringdigital.de/services" "Mozilla/5.0 (Linux; Android 11; CPH2185) AppleWebKit/537.36 (KHTML, like Gecko) Chrome/91.0.4472.101 Mobile Safari/537.36"
27.115.124.38 - - [20/Apr/2025:21:44:09 +0000] "GET /assets/presets/themesThree/css/main.css HTTP/1.1" 200 27581 "http://viralspringdigital.de/" "Mozilla/5.0 (Linux; Android 10; HUAWEI P30 Pro) AppleWebKit/537.36 (KHTML, like Gecko) Chrome/89.0.4389.105 Mobile Safari/537.36"
27.115.124.101 - - [20/Apr/2025:21:44:09 +0000] "GET /assets/presets/themesThree/css/odometer.css HTTP/1.1" 200 484 "http://viralspringdigital.de/" "Mozilla/5.0 (Linux; Android 10; HUAWEI P30 Pro) AppleWebKit/537.36 (KHTML, like Gecko) Chrome/89.0.4389.105 Mobile Safari/537.36"
27.115.124.109 - - [20/Apr/2025:21:44:10 +0000] "GET /assets/common/js/jquery-3.7.0.min.js HTTP/1.1" 200 30343 "http://viralspringdigital.de/" "Mozilla/5.0 (Linux; Android 10; HUAWEI P30 Pro) AppleWebKit/537.36 (KHTML, like Gecko) Chrome/89.0.4389.105 Mobile Safari/537.36"
27.115.124.109 - - [20/Apr/2025:21:44:10 +0000] "GET /assets/presets/themesThree/css/color.php?color=ca46f6&secondColor=6a54f8 HTTP/1.1" 200 67 "http://viralspringdigital.de/" "Mozilla/5.0 (Linux; Android 10; HUAWEI P30 Pro) AppleWebKit/537.36 (KHTML, like Gecko) Chrome/89.0.4389.105 Mobile Safari/537.36"
123.6.49.15 - - [20/Apr/2025:21:44:10 +0000] "GET /assets/presets/themesThree/css/odometer.css HTTP/1.1" 200 484 "http://viralspringdigital.de/plan" "Mozilla/5.0 (Linux; U; Android 8.1.0; zh-cn; MI 8 Build/OPM1.171019.011) AppleWebKit/537.36 (KHTML, like Gecko) Version/4.0 Chrome/57.0.2987.108 Mobile Safari/537.36"
123.6.49.12 - - [20/Apr/2025:21:44:10 +0000] "GET /assets/presets/themesThree/js/popper.min.js HTTP/1.1" 200 7194 "http://viralspringdigital.de/services" "Mozilla/5.0 (Linux; Android 11; CPH2185) AppleWebKit/537.36 (KHTML, like Gecko) Chrome/91.0.4472.101 Mobile Safari/537.36"
123.6.49.44 - - [20/Apr/2025:21:44:10 +0000] "GET /assets/common/js/bootstrap.bundle.min.js HTTP/1.1" 200 23023 "http://viralspringdigital.de/services" "Mozilla/5.0 (Linux; Android 11; CPH2185) AppleWebKit/537.36 (KHTML, like Gecko) Chrome/91.0.4472.101 Mobile Safari/537.36"
123.6.49.18 - - [20/Apr/2025:21:44:10 +0000] "GET /assets/presets/themesThree/js/slick.min.js HTTP/1.1" 200 11308 "http://viralspringdigital.de/services" "Mozilla/5.0 (Linux; Android 11; CPH2185) AppleWebKit/537.36 (KHTML, like Gecko) Chrome/91.0.4472.101 Mobile Safari/537.36"
123.6.49.47 - - [20/Apr/2025:21:44:10 +0000] "GET /assets/presets/themesThree/js/bootstrap.min.js HTTP/1.1" 200 16048 "http://viralspringdigital.de/services" "Mozilla/5.0 (Linux; Android 11; CPH2185) AppleWebKit/537.36 (KHTML, like Gecko) Chrome/91.0.4472.101 Mobile Safari/537.36"
123.6.49.47 - - [20/Apr/2025:21:44:10 +0000] "GET /assets/presets/themesThree/js/moment.min.js HTTP/1.1" 200 18609 "http://viralspringdigital.de/services" "Mozilla/5.0 (Linux; Android 11; CPH2185) AppleWebKit/537.36 (KHTML, like Gecko) Chrome/91.0.4472.101 Mobile Safari/537.36"
123.6.49.18 - - [20/Apr/2025:21:44:10 +0000] "GET /assets/presets/themesThree/css/main.css HTTP/1.1" 200 27581 "http://viralspringdigital.de/plan" "Mozilla/5.0 (Linux; U; Android 8.1.0; zh-cn; MI 8 Build/OPM1.171019.011) AppleWebKit/537.36 (KHTML, like Gecko) Version/4.0 Chrome/57.0.2987.108 Mobile Safari/537.36"
123.6.49.50 - - [20/Apr/2025:21:44:10 +0000] "GET /assets/common/js/jquery-3.7.0.min.js HTTP/1.1" 200 30343 "http://viralspringdigital.de/plan" "Mozilla/5.0 (Linux; U; Android 8.1.0; zh-cn; MI 8 Build/OPM1.171019.011) AppleWebKit/537.36 (KHTML, like Gecko) Version/4.0 Chrome/57.0.2987.108 Mobile Safari/537.36"
123.6.49.15 - - [20/Apr/2025:21:44:10 +0000] "GET /assets/presets/themesThree/css/color.php?color=ca46f6&secondColor=6a54f8 HTTP/1.1" 200 67 "http://viralspringdigital.de/plan" "Mozilla/5.0 (Linux; U; Android 8.1.0; zh-cn; MI 8 Build/OPM1.171019.011) AppleWebKit/537.36 (KHTML, like Gecko) Version/4.0 Chrome/57.0.2987.108 Mobile Safari/537.36"
27.115.124.45 - - [20/Apr/2025:21:44:10 +0000] "GET /assets/presets/themesThree/js/slick.min.js HTTP/1.1" 200 11308 "http://viralspringdigital.de/" "Mozilla/5.0 (Linux; Android 10; HUAWEI P30 Pro) AppleWebKit/537.36 (KHTML, like Gecko) Chrome/89.0.4389.105 Mobile Safari/537.36"
27.115.124.109 - - [20/Apr/2025:21:44:10 +0000] "GET /assets/common/js/bootstrap.bundle.min.js HTTP/1.1" 200 23023 "http://viralspringdigital.de/" "Mozilla/5.0 (Linux; Android 10; HUAWEI P30 Pro) AppleWebKit/537.36 (KHTML, like Gecko) Chrome/89.0.4389.105 Mobile Safari/537.36"
27.115.124.101 - - [20/Apr/2025:21:44:10 +0000] "GET /assets/presets/themesThree/js/popper.min.js HTTP/1.1" 200 7194 "http://viralspringdigital.de/" "Mozilla/5.0 (Linux; Android 10; HUAWEI P30 Pro) AppleWebKit/537.36 (KHTML, like Gecko) Chrome/89.0.4389.105 Mobile Safari/537.36"
27.115.124.38 - - [20/Apr/2025:21:44:10 +0000] "GET /assets/presets/themesThree/js/bootstrap.min.js HTTP/1.1" 200 16048 "http://viralspringdigital.de/" "Mozilla/5.0 (Linux; Android 10; HUAWEI P30 Pro) AppleWebKit/537.36 (KHTML, like Gecko) Chrome/89.0.4389.105 Mobile Safari/537.36"
27.115.124.38 - - [20/Apr/2025:21:44:10 +0000] "GET /assets/presets/themesThree/js/moment.min.js HTTP/1.1" 200 18609 "http://viralspringdigital.de/" "Mozilla/5.0 (Linux; Android 10; HUAWEI P30 Pro) AppleWebKit/537.36 (KHTML, like Gecko) Chrome/89.0.4389.105 Mobile Safari/537.36"
123.6.49.12 - - [20/Apr/2025:21:44:10 +0000] "GET /assets/common/fonts/fa-solid-900.woff2 HTTP/1.1" 200 78268 "http://viralspringdigital.de/assets/common/css/all.min.css" "Mozilla/5.0 (Linux; Android 11; CPH2185) AppleWebKit/537.36 (KHTML, like Gecko) Chrome/91.0.4472.101 Mobile Safari/537.36"
123.6.49.44 - - [20/Apr/2025:21:44:10 +0000] "GET /assets/common/fonts/la-solid-900.woff2 HTTP/1.1" 200 96752 "http://viralspringdigital.de/assets/common/css/line-awesome.min.css" "Mozilla/5.0 (Linux; Android 11; CPH2185) AppleWebKit/537.36 (KHTML, like Gecko) Chrome/91.0.4472.101 Mobile Safari/537.36"
123.6.49.47 - - [20/Apr/2025:21:44:10 +0000] "GET /assets/common/fonts/fa-brands-400.woff2 HTTP/1.1" 200 76736 "http://viralspringdigital.de/assets/common/css/all.min.css" "Mozilla/5.0 (Linux; Android 11; CPH2185) AppleWebKit/537.36 (KHTML, like Gecko) Chrome/91.0.4472.101 Mobile Safari/537.36"
123.6.49.18 - - [20/Apr/2025:21:44:10 +0000] "GET /assets/images/general/logo.png HTTP/1.1" 200 15612 "http://viralspringdigital.de/services" "Mozilla/5.0 (Linux; Android 11; CPH2185) AppleWebKit/537.36 (KHTML, like Gecko) Chrome/91.0.4472.101 Mobile Safari/537.36"
123.6.49.15 - - [20/Apr/2025:21:44:10 +0000] "GET /assets/presets/themesThree/js/bootstrap.min.js HTTP/1.1" 200 16048 "http://viralspringdigital.de/plan" "Mozilla/5.0 (Linux; U; Android 8.1.0; zh-cn; MI 8 Build/OPM1.171019.011) AppleWebKit/537.36 (KHTML, like Gecko) Version/4.0 Chrome/57.0.2987.108 Mobile Safari/537.36"
123.6.49.47 - - [20/Apr/2025:21:44:10 +0000] "GET /assets/presets/themesThree/js/slick.min.js HTTP/1.1" 200 11308 "http://viralspringdigital.de/plan" "Mozilla/5.0 (Linux; U; Android 8.1.0; zh-cn; MI 8 Build/OPM1.171019.011) AppleWebKit/537.36 (KHTML, like Gecko) Version/4.0 Chrome/57.0.2987.108 Mobile Safari/537.36"
27.115.124.109 - - [20/Apr/2025:21:44:10 +0000] "GET /assets/common/fonts/fa-regular-400.woff2 HTTP/1.1" 200 13224 "http://viralspringdigital.de/assets/common/css/all.min.css" "Mozilla/5.0 (Linux; Android 10; HUAWEI P30 Pro) AppleWebKit/537.36 (KHTML, like Gecko) Chrome/89.0.4389.105 Mobile Safari/537.36"
123.6.49.15 - - [20/Apr/2025:21:44:10 +0000] "GET /assets/common/js/bootstrap.bundle.min.js HTTP/1.1" 200 23023 "http://viralspringdigital.de/plan" "Mozilla/5.0 (Linux; U; Android 8.1.0; zh-cn; MI 8 Build/OPM1.171019.011) AppleWebKit/537.36 (KHTML, like Gecko) Version/4.0 Chrome/57.0.2987.108 Mobile Safari/537.36"
123.6.49.18 - - [20/Apr/2025:21:44:10 +0000] "GET /assets/presets/themesThree/js/popper.min.js HTTP/1.1" 200 7194 "http://viralspringdigital.de/plan" "Mozilla/5.0 (Linux; U; Android 8.1.0; zh-cn; MI 8 Build/OPM1.171019.011) AppleWebKit/537.36 (KHTML, like Gecko) Version/4.0 Chrome/57.0.2987.108 Mobile Safari/537.36"
27.115.124.101 - - [20/Apr/2025:21:44:10 +0000] "GET /assets/common/fonts/fa-brands-400.woff2 HTTP/1.1" 200 76736 "http://viralspringdigital.de/assets/common/css/all.min.css" "Mozilla/5.0 (Linux; Android 10; HUAWEI P30 Pro) AppleWebKit/537.36 (KHTML, like Gecko) Chrome/89.0.4389.105 Mobile Safari/537.36"
27.115.124.38 - - [20/Apr/2025:21:44:10 +0000] "GET /assets/images/general/logo.png HTTP/1.1" 200 15612 "http://viralspringdigital.de/" "Mozilla/5.0 (Linux; Android 10; HUAWEI P30 Pro) AppleWebKit/537.36 (KHTML, like Gecko) Chrome/89.0.4389.105 Mobile Safari/537.36"
123.6.49.47 - - [20/Apr/2025:21:44:10 +0000] "GET /assets/presets/themesThree/js/jquery.appear.min.js HTTP/1.1" 200 600 "http://viralspringdigital.de/services" "Mozilla/5.0 (Linux; Android 11; CPH2185) AppleWebKit/537.36 (KHTML, like Gecko) Chrome/91.0.4472.101 Mobile Safari/537.36"
123.6.49.18 - - [20/Apr/2025:21:44:10 +0000] "GET /assets/presets/themesThree/js/jquery.magnific-popup.min.js HTTP/1.1" 200 7346 "http://viralspringdigital.de/services" "Mozilla/5.0 (Linux; Android 11; CPH2185) AppleWebKit/537.36 (KHTML, like Gecko) Chrome/91.0.4472.101 Mobile Safari/537.36"
123.6.49.47 - - [20/Apr/2025:21:44:10 +0000] "GET /assets/presets/themesThree/js/odometer.min.js HTTP/1.1" 200 3633 "http://viralspringdigital.de/services" "Mozilla/5.0 (Linux; Android 11; CPH2185) AppleWebKit/537.36 (KHTML, like Gecko) Chrome/91.0.4472.101 Mobile Safari/537.36"
123.6.49.47 - - [20/Apr/2025:21:44:10 +0000] "GET /assets/common/fonts/fa-solid-900.woff2 HTTP/1.1" 200 78268 "http://viralspringdigital.de/assets/common/css/all.min.css" "Mozilla/5.0 (Linux; U; Android 8.1.0; zh-cn; MI 8 Build/OPM1.171019.011) AppleWebKit/537.36 (KHTML, like Gecko) Version/4.0 Chrome/57.0.2987.108 Mobile Safari/537.36"
27.115.124.109 - - [20/Apr/2025:21:44:10 +0000] "GET /assets/images/frontend/theme_three_banner/6435294576fd51681205573.png HTTP/1.1" 200 250560 "http://viralspringdigital.de/" "Mozilla/5.0 (Linux; Android 10; HUAWEI P30 Pro) AppleWebKit/537.36 (KHTML, like Gecko) Chrome/89.0.4389.105 Mobile Safari/537.36"
27.115.124.109 - - [20/Apr/2025:21:44:10 +0000] "GET /assets/common/fonts/fa-solid-900.woff2 HTTP/1.1" 200 78268 "http://viralspringdigital.de/assets/common/css/all.min.css" "Mozilla/5.0 (Linux; Android 10; HUAWEI P30 Pro) AppleWebKit/537.36 (KHTML, like Gecko) Chrome/89.0.4389.105 Mobile Safari/537.36"
123.6.49.12 - - [20/Apr/2025:21:44:10 +0000] "GET /assets/presets/themesThree/js/viewport.jquery.js HTTP/1.1" 200 731 "http://viralspringdigital.de/services" "Mozilla/5.0 (Linux; Android 11; CPH2185) AppleWebKit/537.36 (KHTML, like Gecko) Chrome/91.0.4472.101 Mobile Safari/537.36"
123.6.49.15 - - [20/Apr/2025:21:44:10 +0000] "GET /assets/common/fonts/la-solid-900.woff2 HTTP/1.1" 200 96752 "http://viralspringdigital.de/assets/common/css/line-awesome.min.css" "Mozilla/5.0 (Linux; U; Android 8.1.0; zh-cn; MI 8 Build/OPM1.171019.011) AppleWebKit/537.36 (KHTML, like Gecko) Version/4.0 Chrome/57.0.2987.108 Mobile Safari/537.36"
27.115.124.38 - - [20/Apr/2025:21:44:10 +0000] "GET /assets/presets/themesThree/js/jquery.appear.min.js HTTP/1.1" 200 600 "http://viralspringdigital.de/" "Mozilla/5.0 (Linux; Android 10; HUAWEI P30 Pro) AppleWebKit/537.36 (KHTML, like Gecko) Chrome/89.0.4389.105 Mobile Safari/537.36"
123.6.49.44 - - [20/Apr/2025:21:44:10 +0000] "GET /assets/presets/themesThree/js/main.js HTTP/1.1" 200 2974 "http://viralspringdigital.de/services" "Mozilla/5.0 (Linux; Android 11; CPH2185) AppleWebKit/537.36 (KHTML, like Gecko) Chrome/91.0.4472.101 Mobile Safari/537.36"
123.6.49.50 - - [20/Apr/2025:21:44:10 +0000] "GET /assets/common/fonts/fa-brands-400.woff2 HTTP/1.1" 200 76736 "http://viralspringdigital.de/assets/common/css/all.min.css" "Mozilla/5.0 (Linux; U; Android 8.1.0; zh-cn; MI 8 Build/OPM1.171019.011) AppleWebKit/537.36 (KHTML, like Gecko) Version/4.0 Chrome/57.0.2987.108 Mobile Safari/537.36"
123.6.49.18 - - [20/Apr/2025:21:44:10 +0000] "GET /assets/images/general/logo.png HTTP/1.1" 200 15612 "http://viralspringdigital.de/plan" "Mozilla/5.0 (Linux; U; Android 8.1.0; zh-cn; MI 8 Build/OPM1.171019.011) AppleWebKit/537.36 (KHTML, like Gecko) Version/4.0 Chrome/57.0.2987.108 Mobile Safari/537.36"
123.6.49.47 - - [20/Apr/2025:21:44:10 +0000] "GET /assets/common/js/sweetalert2.min.js HTTP/1.1" 200 18336 "http://viralspringdigital.de/services" "Mozilla/5.0 (Linux; Android 11; CPH2185) AppleWebKit/537.36 (KHTML, like Gecko) Chrome/91.0.4472.101 Mobile Safari/537.36"
27.115.124.45 - - [20/Apr/2025:21:44:10 +0000] "GET /assets/common/fonts/la-solid-900.woff2 HTTP/1.1" 200 96752 "http://viralspringdigital.de/assets/common/css/line-awesome.min.css" "Mozilla/5.0 (Linux; Android 10; HUAWEI P30 Pro) AppleWebKit/537.36 (KHTML, like Gecko) Chrome/89.0.4389.105 Mobile Safari/537.36"
123.6.49.47 - - [20/Apr/2025:21:44:11 +0000] "GET /assets/images/general/logo_white.png HTTP/1.1" 200 16485 "http://viralspringdigital.de/services" "Mozilla/5.0 (Linux; Android 11; CPH2185) AppleWebKit/537.36 (KHTML, like Gecko) Chrome/91.0.4472.101 Mobile Safari/537.36"
27.115.124.38 - - [20/Apr/2025:21:44:11 +0000] "GET /assets/presets/themesThree/js/jquery.magnific-popup.min.js HTTP/1.1" 200 7346 "http://viralspringdigital.de/" "Mozilla/5.0 (Linux; Android 10; HUAWEI P30 Pro) AppleWebKit/537.36 (KHTML, like Gecko) Chrome/89.0.4389.105 Mobile Safari/537.36"
123.6.49.12 - - [20/Apr/2025:21:44:11 +0000] "GET /assets/images/frontend/blog/thumb_67e308dadf67c1742932186.png HTTP/1.1" 200 152894 "http://viralspringdigital.de/services" "Mozilla/5.0 (Linux; Android 11; CPH2185) AppleWebKit/537.36 (KHTML, like Gecko) Chrome/91.0.4472.101 Mobile Safari/537.36"
27.115.124.109 - - [20/Apr/2025:21:44:11 +0000] "GET /assets/presets/themesThree/js/odometer.min.js HTTP/1.1" 200 3633 "http://viralspringdigital.de/" "Mozilla/5.0 (Linux; Android 10; HUAWEI P30 Pro) AppleWebKit/537.36 (KHTML, like Gecko) Chrome/89.0.4389.105 Mobile Safari/537.36"
27.115.124.38 - - [20/Apr/2025:21:44:11 +0000] "GET /assets/presets/themesThree/js/viewport.jquery.js HTTP/1.1" 200 731 "http://viralspringdigital.de/" "Mozilla/5.0 (Linux; Android 10; HUAWEI P30 Pro) AppleWebKit/537.36 (KHTML, like Gecko) Chrome/89.0.4389.105 Mobile Safari/537.36"
123.6.49.44 - - [20/Apr/2025:21:44:11 +0000] "GET /assets/presets/themesThree/images/footer-bg.jpg HTTP/1.1" 200 23566 "http://viralspringdigital.de/services" "Mozilla/5.0 (Linux; Android 11; CPH2185) AppleWebKit/537.36 (KHTML, like Gecko) Chrome/91.0.4472.101 Mobile Safari/537.36"
123.6.49.15 - - [20/Apr/2025:21:44:11 +0000] "GET /assets/presets/themesThree/js/moment.min.js HTTP/1.1" 200 18609 "http://viralspringdigital.de/plan" "Mozilla/5.0 (Linux; U; Android 8.1.0; zh-cn; MI 8 Build/OPM1.171019.011) AppleWebKit/537.36 (KHTML, like Gecko) Version/4.0 Chrome/57.0.2987.108 Mobile Safari/537.36"
123.6.49.18 - - [20/Apr/2025:21:44:11 +0000] "GET /assets/presets/themesThree/js/jquery.appear.min.js HTTP/1.1" 200 600 "http://viralspringdigital.de/plan" "Mozilla/5.0 (Linux; U; Android 8.1.0; zh-cn; MI 8 Build/OPM1.171019.011) AppleWebKit/537.36 (KHTML, like Gecko) Version/4.0 Chrome/57.0.2987.108 Mobile Safari/537.36"
123.6.49.47 - - [20/Apr/2025:21:44:11 +0000] "GET /assets/presets/themesThree/js/jquery.magnific-popup.min.js HTTP/1.1" 200 7346 "http://viralspringdigital.de/plan" "Mozilla/5.0 (Linux; U; Android 8.1.0; zh-cn; MI 8 Build/OPM1.171019.011) AppleWebKit/537.36 (KHTML, like Gecko) Version/4.0 Chrome/57.0.2987.108 Mobile Safari/537.36"
27.115.124.109 - - [20/Apr/2025:21:44:11 +0000] "GET /assets/presets/themesThree/js/main.js HTTP/1.1" 200 2974 "http://viralspringdigital.de/" "Mozilla/5.0 (Linux; Android 10; HUAWEI P30 Pro) AppleWebKit/537.36 (KHTML, like Gecko) Chrome/89.0.4389.105 Mobile Safari/537.36"
123.6.49.18 - - [20/Apr/2025:21:44:11 +0000] "GET /assets/images/frontend/blog/thumb_67e303e74f1131742930919.png HTTP/1.1" 200 185151 "http://viralspringdigital.de/services" "Mozilla/5.0 (Linux; Android 11; CPH2185) AppleWebKit/537.36 (KHTML, like Gecko) Chrome/91.0.4472.101 Mobile Safari/537.36"
27.115.124.38 - - [20/Apr/2025:21:44:11 +0000] "GET /assets/common/js/sweetalert2.min.js HTTP/1.1" 200 18336 "http://viralspringdigital.de/" "Mozilla/5.0 (Linux; Android 10; HUAWEI P30 Pro) AppleWebKit/537.36 (KHTML, like Gecko) Chrome/89.0.4389.105 Mobile Safari/537.36"
27.115.124.38 - - [20/Apr/2025:21:44:11 +0000] "GET /assets/images/general/logo_white.png HTTP/1.1" 200 16485 "http://viralspringdigital.de/" "Mozilla/5.0 (Linux; Android 10; HUAWEI P30 Pro) AppleWebKit/537.36 (KHTML, like Gecko) Chrome/89.0.4389.105 Mobile Safari/537.36"
123.6.49.47 - - [20/Apr/2025:21:44:11 +0000] "GET /assets/images/frontend/blog/thumb_67e30a486105a1742932552.png HTTP/1.1" 200 174455 "http://viralspringdigital.de/services" "Mozilla/5.0 (Linux; Android 11; CPH2185) AppleWebKit/537.36 (KHTML, like Gecko) Chrome/91.0.4472.101 Mobile Safari/537.36"
123.6.49.15 - - [20/Apr/2025:21:44:11 +0000] "GET /assets/presets/themesThree/js/odometer.min.js HTTP/1.1" 200 3633 "http://viralspringdigital.de/plan" "Mozilla/5.0 (Linux; U; Android 8.1.0; zh-cn; MI 8 Build/OPM1.171019.011) AppleWebKit/537.36 (KHTML, like Gecko) Version/4.0 Chrome/57.0.2987.108 Mobile Safari/537.36"
123.6.49.47 - - [20/Apr/2025:21:44:11 +0000] "GET /assets/presets/themesThree/js/viewport.jquery.js HTTP/1.1" 200 731 "http://viralspringdigital.de/plan" "Mozilla/5.0 (Linux; U; Android 8.1.0; zh-cn; MI 8 Build/OPM1.171019.011) AppleWebKit/537.36 (KHTML, like Gecko) Version/4.0 Chrome/57.0.2987.108 Mobile Safari/537.36"
123.6.49.15 - - [20/Apr/2025:21:44:11 +0000] "GET /assets/common/js/sweetalert2.min.js HTTP/1.1" 200 18336 "http://viralspringdigital.de/plan" "Mozilla/5.0 (Linux; U; Android 8.1.0; zh-cn; MI 8 Build/OPM1.171019.011) AppleWebKit/537.36 (KHTML, like Gecko) Version/4.0 Chrome/57.0.2987.108 Mobile Safari/537.36"
123.6.49.18 - - [20/Apr/2025:21:44:11 +0000] "GET /assets/presets/themesThree/js/main.js HTTP/1.1" 200 2974 "http://viralspringdigital.de/plan" "Mozilla/5.0 (Linux; U; Android 8.1.0; zh-cn; MI 8 Build/OPM1.171019.011) AppleWebKit/537.36 (KHTML, like Gecko) Version/4.0 Chrome/57.0.2987.108 Mobile Safari/537.36"
123.6.49.50 - - [20/Apr/2025:21:44:11 +0000] "GET /assets/images/general/logo_white.png HTTP/1.1" 200 16485 "http://viralspringdigital.de/plan" "Mozilla/5.0 (Linux; U; Android 8.1.0; zh-cn; MI 8 Build/OPM1.171019.011) AppleWebKit/537.36 (KHTML, like Gecko) Version/4.0 Chrome/57.0.2987.108 Mobile Safari/537.36"
27.115.124.109 - - [20/Apr/2025:21:44:11 +0000] "GET /assets/images/frontend/testimonial/6422790db661d1679980813.png HTTP/1.1" 200 125092 "http://viralspringdigital.de/" "Mozilla/5.0 (Linux; Android 10; HUAWEI P30 Pro) AppleWebKit/537.36 (KHTML, like Gecko) Chrome/89.0.4389.105 Mobile Safari/537.36"
123.6.49.47 - - [20/Apr/2025:21:44:11 +0000] "GET /assets/images/frontend/blog/thumb_67e303e74f1131742930919.png HTTP/1.1" 200 185151 "http://viralspringdigital.de/plan" "Mozilla/5.0 (Linux; U; Android 8.1.0; zh-cn; MI 8 Build/OPM1.171019.011) AppleWebKit/537.36 (KHTML, like Gecko) Version/4.0 Chrome/57.0.2987.108 Mobile Safari/537.36"
123.6.49.15 - - [20/Apr/2025:21:44:11 +0000] "GET /assets/images/frontend/blog/thumb_67e308dadf67c1742932186.png HTTP/1.1" 200 152894 "http://viralspringdigital.de/plan" "Mozilla/5.0 (Linux; U; Android 8.1.0; zh-cn; MI 8 Build/OPM1.171019.011) AppleWebKit/537.36 (KHTML, like Gecko) Version/4.0 Chrome/57.0.2987.108 Mobile Safari/537.36"
27.115.124.101 - - [20/Apr/2025:21:44:11 +0000] "GET /assets/images/frontend/testimonial/642279331b63b1679980851.png HTTP/1.1" 200 100651 "http://viralspringdigital.de/" "Mozilla/5.0 (Linux; Android 10; HUAWEI P30 Pro) AppleWebKit/537.36 (KHTML, like Gecko) Chrome/89.0.4389.105 Mobile Safari/537.36"
27.115.124.38 - - [20/Apr/2025:21:44:11 +0000] "GET /assets/images/frontend/testimonial/6422792c056da1679980844.png HTTP/1.1" 200 88391 "http://viralspringdigital.de/" "Mozilla/5.0 (Linux; Android 10; HUAWEI P30 Pro) AppleWebKit/537.36 (KHTML, like Gecko) Chrome/89.0.4389.105 Mobile Safari/537.36"
27.115.124.109 - - [20/Apr/2025:21:44:11 +0000] "GET /assets/images/frontend/theme_three_about/67f67213143211744204307.png HTTP/1.1" 200 483895 "http://viralspringdigital.de/" "Mozilla/5.0 (Linux; Android 10; HUAWEI P30 Pro) AppleWebKit/537.36 (KHTML, like Gecko) Chrome/89.0.4389.105 Mobile Safari/537.36"
27.115.124.45 - - [20/Apr/2025:21:44:11 +0000] "GET /assets/images/frontend/theme_three_choose_us/67fc6761841ac1744594785.png HTTP/1.1" 200 399556 "http://viralspringdigital.de/" "Mozilla/5.0 (Linux; Android 10; HUAWEI P30 Pro) AppleWebKit/537.36 (KHTML, like Gecko) Chrome/89.0.4389.105 Mobile Safari/537.36"
123.6.49.15 - - [20/Apr/2025:21:44:11 +0000] "GET /assets/presets/themesThree/images/footer-bg.jpg HTTP/1.1" 200 23566 "http://viralspringdigital.de/plan" "Mozilla/5.0 (Linux; U; Android 8.1.0; zh-cn; MI 8 Build/OPM1.171019.011) AppleWebKit/537.36 (KHTML, like Gecko) Version/4.0 Chrome/57.0.2987.108 Mobile Safari/537.36"
27.115.124.38 - - [20/Apr/2025:21:44:11 +0000] "GET /assets/images/frontend/testimonial/642279026ed641679980802.png HTTP/1.1" 200 100651 "http://viralspringdigital.de/" "Mozilla/5.0 (Linux; Android 10; HUAWEI P30 Pro) AppleWebKit/537.36 (KHTML, like Gecko) Chrome/89.0.4389.105 Mobile Safari/537.36"
27.115.124.109 - - [20/Apr/2025:21:44:12 +0000] "GET /assets/images/frontend/faq/67e2fd44a30d41742929220.png HTTP/1.1" 200 773366 "http://viralspringdigital.de/" "Mozilla/5.0 (Linux; Android 10; HUAWEI P30 Pro) AppleWebKit/537.36 (KHTML, like Gecko) Chrome/89.0.4389.105 Mobile Safari/537.36"
27.115.124.109 - - [20/Apr/2025:21:44:12 +0000] "GET /assets/images/frontend/blog/thumb_67e303e74f1131742930919.png HTTP/1.1" 200 185151 "http://viralspringdigital.de/" "Mozilla/5.0 (Linux; Android 10; HUAWEI P30 Pro) AppleWebKit/537.36 (KHTML, like Gecko) Chrome/89.0.4389.105 Mobile Safari/537.36"
123.6.49.18 - - [20/Apr/2025:21:44:11 +0000] "GET /assets/images/frontend/blog/thumb_67e30a486105a1742932552.png HTTP/1.1" 200 174455 "http://viralspringdigital.de/plan" "Mozilla/5.0 (Linux; U; Android 8.1.0; zh-cn; MI 8 Build/OPM1.171019.011) AppleWebKit/537.36 (KHTML, like Gecko) Version/4.0 Chrome/57.0.2987.108 Mobile Safari/537.36"
27.115.124.109 - - [20/Apr/2025:21:44:12 +0000] "GET /assets/images/frontend/blog/thumb_67e308dadf67c1742932186.png HTTP/1.1" 200 152894 "http://viralspringdigital.de/" "Mozilla/5.0 (Linux; Android 10; HUAWEI P30 Pro) AppleWebKit/537.36 (KHTML, like Gecko) Chrome/89.0.4389.105 Mobile Safari/537.36"
27.115.124.101 - - [20/Apr/2025:21:44:12 +0000] "GET /assets/images/frontend/brand/67e3b958586291742977368.png HTTP/1.1" 200 7173 "http://viralspringdigital.de/" "Mozilla/5.0 (Linux; Android 10; HUAWEI P30 Pro) AppleWebKit/537.36 (KHTML, like Gecko) Chrome/89.0.4389.105 Mobile Safari/537.36"
27.115.124.38 - - [20/Apr/2025:21:44:12 +0000] "GET /assets/images/frontend/blog/thumb_67e30a486105a1742932552.png HTTP/1.1" 200 174455 "http://viralspringdigital.de/" "Mozilla/5.0 (Linux; Android 10; HUAWEI P30 Pro) AppleWebKit/537.36 (KHTML, like Gecko) Chrome/89.0.4389.105 Mobile Safari/537.36"
27.115.124.38 - - [20/Apr/2025:21:44:12 +0000] "GET /assets/images/frontend/brand/67e3b9406f59f1742977344.png HTTP/1.1" 200 7173 "http://viralspringdigital.de/" "Mozilla/5.0 (Linux; Android 10; HUAWEI P30 Pro) AppleWebKit/537.36 (KHTML, like Gecko) Chrome/89.0.4389.105 Mobile Safari/537.36"
27.115.124.45 - - [20/Apr/2025:21:44:12 +0000] "GET /assets/images/frontend/brand/67e3b92b090f01742977323.png HTTP/1.1" 200 7173 "http://viralspringdigital.de/" "Mozilla/5.0 (Linux; Android 10; HUAWEI P30 Pro) AppleWebKit/537.36 (KHTML, like Gecko) Chrome/89.0.4389.105 Mobile Safari/537.36"
27.115.124.109 - - [20/Apr/2025:21:44:12 +0000] "GET /assets/images/frontend/brand/67e3b90c325081742977292.png HTTP/1.1" 200 7173 "http://viralspringdigital.de/" "Mozilla/5.0 (Linux; Android 10; HUAWEI P30 Pro) AppleWebKit/537.36 (KHTML, like Gecko) Chrome/89.0.4389.105 Mobile Safari/537.36"
27.115.124.109 - - [20/Apr/2025:21:44:12 +0000] "GET /assets/images/frontend/brand/67e3b8deb42871742977246.png HTTP/1.1" 200 7173 "http://viralspringdigital.de/" "Mozilla/5.0 (Linux; Android 10; HUAWEI P30 Pro) AppleWebKit/537.36 (KHTML, like Gecko) Chrome/89.0.4389.105 Mobile Safari/537.36"
27.115.124.38 - - [20/Apr/2025:21:44:12 +0000] "GET /assets/images/frontend/brand/67e3b8bc5e3e71742977212.png HTTP/1.1" 200 7173 "http://viralspringdigital.de/" "Mozilla/5.0 (Linux; Android 10; HUAWEI P30 Pro) AppleWebKit/537.36 (KHTML, like Gecko) Chrome/89.0.4389.105 Mobile Safari/537.36"
27.115.124.109 - - [20/Apr/2025:21:44:12 +0000] "GET /assets/images/frontend/brand/67e31006db9b51742934022.png HTTP/1.1" 200 7173 "http://viralspringdigital.de/" "Mozilla/5.0 (Linux; Android 10; HUAWEI P30 Pro) AppleWebKit/537.36 (KHTML, like Gecko) Chrome/89.0.4389.105 Mobile Safari/537.36"
27.115.124.45 - - [20/Apr/2025:21:44:12 +0000] "GET /assets/presets/themesThree/images/footer-bg.jpg HTTP/1.1" 200 23566 "http://viralspringdigital.de/" "Mozilla/5.0 (Linux; Android 10; HUAWEI P30 Pro) AppleWebKit/537.36 (KHTML, like Gecko) Chrome/89.0.4389.105 Mobile Safari/537.36"
27.115.124.101 - - [20/Apr/2025:21:44:12 +0000] "GET /assets/presets/themesThree/images/subscribe-bg.jpg HTTP/1.1" 200 241563 "http://viralspringdigital.de/" "Mozilla/5.0 (Linux; Android 10; HUAWEI P30 Pro) AppleWebKit/537.36 (KHTML, like Gecko) Chrome/89.0.4389.105 Mobile Safari/537.36"
27.115.124.109 - - [20/Apr/2025:21:44:12 +0000] "GET /assets/presets/themesThree/images/experience-bg.png HTTP/1.1" 200 76928 "http://viralspringdigital.de/" "Mozilla/5.0 (Linux; Android 10; HUAWEI P30 Pro) AppleWebKit/537.36 (KHTML, like Gecko) Chrome/89.0.4389.105 Mobile Safari/537.36"
123.6.49.18 - - [20/Apr/2025:21:44:13 +0000] "GET /assets/images/general/favicon.png HTTP/1.1" 200 17877 "-" "Mozilla/5.0 (Windows NT 10.0; WOW64) AppleWebKit/537.36 (KHTML, like Gecko) Chrome/78.0.3904.108 Safari/537.36"
27.115.124.38 - - [20/Apr/2025:21:44:13 +0000] "GET /assets/images/general/favicon.png HTTP/1.1" 200 17877 "-" "Mozilla/5.0 (Windows NT 10.0; WOW64) AppleWebKit/537.36 (KHTML, like Gecko) Chrome/78.0.3904.108 Safari/537.36"
123.6.49.44 - - [20/Apr/2025:21:44:14 +0000] "GET /assets/images/general/logo.png HTTP/1.1" 200 15612 "-" "Mozilla/5.0 (Windows NT 10.0; WOW64) AppleWebKit/537.36 (KHTML, like Gecko) Chrome/78.0.3904.108 Safari/537.36"
27.115.124.101 - - [20/Apr/2025:21:44:14 +0000] "GET /assets/images/general/logo.png HTTP/1.1" 200 15612 "-" "Mozilla/5.0 (Windows NT 10.0; WOW64) AppleWebKit/537.36 (KHTML, like Gecko) Chrome/78.0.3904.108 Safari/537.36"
123.6.49.18 - - [20/Apr/2025:21:44:15 +0000] "GET /assets/images/general/favicon.png HTTP/1.1" 200 17877 "-" "Mozilla/5.0 (Windows NT 10.0; WOW64) AppleWebKit/537.36 (KHTML, like Gecko) Chrome/78.0.3904.108 Safari/537.36"
123.6.49.18 - - [20/Apr/2025:21:44:16 +0000] "GET /assets/images/general/logo.png HTTP/1.1" 200 15612 "-" "Mozilla/5.0 (Windows NT 10.0; WOW64) AppleWebKit/537.36 (KHTML, like Gecko) Chrome/78.0.3904.108 Safari/537.36"
106.75.147.247 - - [20/Apr/2025:21:47:54 +0000] "GET / HTTP/1.1" 200 89902 "https://lewsplit.top" "Mozilla/5.0 (Windows NT 6.1) AppleWebKit/537.36 (KHTML, like Gecko) Chrome/49.0.2623.112 Safari/537.36"
106.75.133.150 - - [20/Apr/2025:21:47:55 +0000] "GET / HTTP/1.1" 200 90017 "http://193.109.169.122" "Mozilla/5.0 (Windows NT 6.1) AppleWebKit/537.36 (KHTML, like Gecko) Chrome/49.0.2623.112 Safari/537.36"
106.75.133.150 - - [20/Apr/2025:21:47:57 +0000] "GET /assets/images/general/favicon.png HTTP/1.1" 200 17877 "https://viralspringdigital.de" "Mozilla/5.0 (Windows NT 6.1) AppleWebKit/537.36 (KHTML, like Gecko) Chrome/49.0.2623.112 Safari/537.36"
106.75.147.247 - - [20/Apr/2025:21:47:57 +0000] "GET /assets/images/general/favicon.png HTTP/1.1" 200 17877 "http://viralspringdigital.de" "Mozilla/5.0 (Windows NT 6.1) AppleWebKit/537.36 (KHTML, like Gecko) Chrome/49.0.2623.112 Safari/537.36"
106.75.147.247 - - [20/Apr/2025:21:47:58 +0000] "GET /assets/common/js/jquery-3.7.0.min.js HTTP/1.1" 200 87464 "http://44.235.116.139" "Mozilla/5.0 (Windows NT 6.1) AppleWebKit/537.36 (KHTML, like Gecko) Chrome/49.0.2623.112 Safari/537.36"
106.75.133.150 - - [20/Apr/2025:21:47:59 +0000] "GET /assets/common/js/jquery-3.7.0.min.js HTTP/1.1" 200 87464 "https://wildrobin-uk.com" "Mozilla/5.0 (Windows NT 6.1) AppleWebKit/537.36 (KHTML, like Gecko) Chrome/49.0.2623.112 Safari/537.36"
