2025/07/04 07:26:48 [error] 2429499#0: *133 open() "/usr/local/cwpsrv/var/services/roundcube/bin/app.ts" failed (2: No such file or directory), client: 127.0.0.1, server: localhost, request: "GET /bin/app.ts HTTP/1.1", host: "mail.viralspringdigital.com"
2025/07/04 07:26:48 [error] 2429498#0: *134 open() "/usr/local/cwpsrv/var/services/roundcube/bucket-name/config/.env" failed (2: No such file or directory), client: 127.0.0.1, server: localhost, request: "GET /bucket-name/config/.env HTTP/1.1", host: "mail.viralspringdigital.ca"
2025/07/04 07:26:48 [error] 2429499#0: *133 open() "/usr/local/cwpsrv/var/services/roundcube/lib/my-stack.ts" failed (2: No such file or directory), client: 127.0.0.1, server: localhost, request: "GET /lib/my-stack.ts HTTP/1.1", host: "mail.viralspringdigital.com"
2025/07/04 07:26:48 [error] 2429498#0: *134 open() "/usr/local/cwpsrv/var/services/roundcube/CloudFormation" failed (2: No such file or directory), client: 127.0.0.1, server: localhost, request: "GET /CloudFormation HTTP/1.1", host: "mail.viralspringdigital.ca"
2025/07/04 07:26:48 [error] 2429499#0: *133 open() "/usr/local/cwpsrv/var/services/roundcube/cdk.json" failed (2: No such file or directory), client: 127.0.0.1, server: localhost, request: "GET /cdk.json HTTP/1.1", host: "mail.viralspringdigital.com"
2025/07/04 07:26:48 [error] 2429498#0: *134 open() "/usr/local/cwpsrv/var/services/roundcube/cloudformation-template.json" failed (2: No such file or directory), client: 127.0.0.1, server: localhost, request: "GET /cloudformation-template.json HTTP/1.1", host: "mail.viralspringdigital.ca"
2025/07/04 07:26:48 [error] 2429499#0: *133 open() "/usr/local/cwpsrv/var/services/roundcube/serverless.yml" failed (2: No such file or directory), client: 127.0.0.1, server: localhost, request: "GET /serverless.yml HTTP/1.1", host: "mail.viralspringdigital.com"
2025/07/04 07:26:48 [error] 2429498#0: *134 open() "/usr/local/cwpsrv/var/services/roundcube/cloudformation-template.yaml" failed (2: No such file or directory), client: 127.0.0.1, server: localhost, request: "GET /cloudformation-template.yaml HTTP/1.1", host: "mail.viralspringdigital.ca"
2025/07/04 07:26:48 [error] 2429499#0: *133 open() "/usr/local/cwpsrv/var/services/roundcube/Terraform" failed (2: No such file or directory), client: 127.0.0.1, server: localhost, request: "GET /Terraform HTTP/1.1", host: "mail.viralspringdigital.com"
2025/07/04 07:26:48 [error] 2429498#0: *134 open() "/usr/local/cwpsrv/var/services/roundcube/kubernetes/deployment.yaml" failed (2: No such file or directory), client: 127.0.0.1, server: localhost, request: "GET /kubernetes/deployment.yaml HTTP/1.1", host: "mail.viralspringdigital.ca"
2025/07/04 07:26:48 [error] 2429499#0: *133 open() "/usr/local/cwpsrv/var/services/roundcube/main.tf" failed (2: No such file or directory), client: 127.0.0.1, server: localhost, request: "GET /main.tf HTTP/1.1", host: "mail.viralspringdigital.com"
2025/07/04 07:26:48 [error] 2429498#0: *134 open() "/usr/local/cwpsrv/var/services/roundcube/kubernetes/service.yaml" failed (2: No such file or directory), client: 127.0.0.1, server: localhost, request: "GET /kubernetes/service.yaml HTTP/1.1", host: "mail.viralspringdigital.ca"
2025/07/04 07:26:48 [error] 2429499#0: *133 open() "/usr/local/cwpsrv/var/services/roundcube/variables.tf" failed (2: No such file or directory), client: 127.0.0.1, server: localhost, request: "GET /variables.tf HTTP/1.1", host: "mail.viralspringdigital.com"
2025/07/04 07:26:48 [error] 2429498#0: *134 open() "/usr/local/cwpsrv/var/services/roundcube/kubernetes/configmap.yaml" failed (2: No such file or directory), client: 127.0.0.1, server: localhost, request: "GET /kubernetes/configmap.yaml HTTP/1.1", host: "mail.viralspringdigital.ca"
2025/07/04 07:26:48 [error] 2429499#0: *133 open() "/usr/local/cwpsrv/var/services/roundcube/terraform.tfvars" failed (2: No such file or directory), client: 127.0.0.1, server: localhost, request: "GET /terraform.tfvars HTTP/1.1", host: "mail.viralspringdigital.com"
2025/07/04 07:26:48 [error] 2429498#0: *134 open() "/usr/local/cwpsrv/var/services/roundcube/kubernetes/secrets.yaml" failed (2: No such file or directory), client: 127.0.0.1, server: localhost, request: "GET /kubernetes/secrets.yaml HTTP/1.1", host: "mail.viralspringdigital.ca"
2025/07/04 07:26:48 [error] 2429499#0: *133 open() "/usr/local/cwpsrv/var/services/roundcube/template.yaml" failed (2: No such file or directory), client: 127.0.0.1, server: localhost, request: "GET /template.yaml HTTP/1.1", host: "mail.viralspringdigital.com"
2025/07/04 07:26:48 [error] 2429498#0: *134 open() "/usr/local/cwpsrv/var/services/roundcube/amplify/.config/project-config.json" failed (2: No such file or directory), client: 127.0.0.1, server: localhost, request: "GET /amplify/.config/project-config.json HTTP/1.1", host: "mail.viralspringdigital.ca"
2025/07/04 07:26:48 [error] 2429499#0: *133 open() "/usr/local/cwpsrv/var/services/roundcube/samconfig.toml" failed (2: No such file or directory), client: 127.0.0.1, server: localhost, request: "GET /samconfig.toml HTTP/1.1", host: "mail.viralspringdigital.com"
2025/07/04 07:26:48 [error] 2429498#0: *134 open() "/usr/local/cwpsrv/var/services/roundcube/amplify/backend/config.json" failed (2: No such file or directory), client: 127.0.0.1, server: localhost, request: "GET /amplify/backend/config.json HTTP/1.1", host: "mail.viralspringdigital.ca"
2025/07/04 07:26:48 [error] 2429499#0: *133 open() "/usr/local/cwpsrv/var/services/roundcube/CodePipeline" failed (2: No such file or directory), client: 127.0.0.1, server: localhost, request: "GET /CodePipeline HTTP/1.1", host: "mail.viralspringdigital.com"
2025/07/04 07:26:48 [error] 2429498#0: *134 open() "/usr/local/cwpsrv/var/services/roundcube/amplify/backend/environment-parameters.json" failed (2: No such file or directory), client: 127.0.0.1, server: localhost, request: "GET /amplify/backend/environment-parameters.json HTTP/1.1", host: "mail.viralspringdigital.ca"
2025/07/04 07:26:48 [error] 2429499#0: *133 open() "/usr/local/cwpsrv/var/services/roundcube/buildspec.yml" failed (2: No such file or directory), client: 127.0.0.1, server: localhost, request: "GET /buildspec.yml HTTP/1.1", host: "mail.viralspringdigital.com"
2025/07/04 07:26:48 [error] 2429498#0: *134 open() "/usr/local/cwpsrv/var/services/roundcube/src/aws-exports.js" failed (2: No such file or directory), client: 127.0.0.1, server: localhost, request: "GET /src/aws-exports.js HTTP/1.1", host: "mail.viralspringdigital.ca"
2025/07/04 07:26:48 [error] 2429499#0: *133 open() "/usr/local/cwpsrv/var/services/roundcube/pipeline.yml" failed (2: No such file or directory), client: 127.0.0.1, server: localhost, request: "GET /pipeline.yml HTTP/1.1", host: "mail.viralspringdigital.com"
2025/07/04 07:26:48 [error] 2429498#0: *134 open() "/usr/local/cwpsrv/var/services/roundcube/bin/app.ts" failed (2: No such file or directory), client: 127.0.0.1, server: localhost, request: "GET /bin/app.ts HTTP/1.1", host: "mail.viralspringdigital.ca"
2025/07/04 07:26:48 [error] 2429499#0: *133 open() "/usr/local/cwpsrv/var/services/roundcube/config/database.json" failed (2: No such file or directory), client: 127.0.0.1, server: localhost, request: "GET /config/database.json HTTP/1.1", host: "mail.viralspringdigital.com"
2025/07/04 07:26:48 [error] 2429498#0: *134 open() "/usr/local/cwpsrv/var/services/roundcube/lib/my-stack.ts" failed (2: No such file or directory), client: 127.0.0.1, server: localhost, request: "GET /lib/my-stack.ts HTTP/1.1", host: "mail.viralspringdigital.ca"
2025/07/04 07:26:48 [error] 2429499#0: *133 open() "/usr/local/cwpsrv/var/services/roundcube/config/application.json" failed (2: No such file or directory), client: 127.0.0.1, server: localhost, request: "GET /config/application.json HTTP/1.1", host: "mail.viralspringdigital.com"
2025/07/04 07:26:48 [error] 2429498#0: *134 open() "/usr/local/cwpsrv/var/services/roundcube/cdk.json" failed (2: No such file or directory), client: 127.0.0.1, server: localhost, request: "GET /cdk.json HTTP/1.1", host: "mail.viralspringdigital.ca"
2025/07/04 07:26:48 [error] 2429499#0: *133 open() "/usr/local/cwpsrv/var/services/roundcube/config/settings.json" failed (2: No such file or directory), client: 127.0.0.1, server: localhost, request: "GET /config/settings.json HTTP/1.1", host: "mail.viralspringdigital.com"
2025/07/04 07:26:48 [error] 2429498#0: *134 open() "/usr/local/cwpsrv/var/services/roundcube/serverless.yml" failed (2: No such file or directory), client: 127.0.0.1, server: localhost, request: "GET /serverless.yml HTTP/1.1", host: "mail.viralspringdigital.ca"
2025/07/04 07:26:48 [error] 2429498#0: *134 open() "/usr/local/cwpsrv/var/services/roundcube/Terraform" failed (2: No such file or directory), client: 127.0.0.1, server: localhost, request: "GET /Terraform HTTP/1.1", host: "mail.viralspringdigital.ca"
2025/07/04 07:26:48 [error] 2429498#0: *134 open() "/usr/local/cwpsrv/var/services/roundcube/main.tf" failed (2: No such file or directory), client: 127.0.0.1, server: localhost, request: "GET /main.tf HTTP/1.1", host: "mail.viralspringdigital.ca"
2025/07/04 07:26:48 [error] 2429498#0: *134 open() "/usr/local/cwpsrv/var/services/roundcube/variables.tf" failed (2: No such file or directory), client: 127.0.0.1, server: localhost, request: "GET /variables.tf HTTP/1.1", host: "mail.viralspringdigital.ca"
2025/07/04 07:26:48 [error] 2429498#0: *134 open() "/usr/local/cwpsrv/var/services/roundcube/terraform.tfvars" failed (2: No such file or directory), client: 127.0.0.1, server: localhost, request: "GET /terraform.tfvars HTTP/1.1", host: "mail.viralspringdigital.ca"
2025/07/04 07:26:48 [error] 2429498#0: *134 open() "/usr/local/cwpsrv/var/services/roundcube/template.yaml" failed (2: No such file or directory), client: 127.0.0.1, server: localhost, request: "GET /template.yaml HTTP/1.1", host: "mail.viralspringdigital.ca"
2025/07/04 07:26:48 [error] 2429498#0: *134 open() "/usr/local/cwpsrv/var/services/roundcube/samconfig.toml" failed (2: No such file or directory), client: 127.0.0.1, server: localhost, request: "GET /samconfig.toml HTTP/1.1", host: "mail.viralspringdigital.ca"
2025/07/04 07:26:48 [error] 2429498#0: *134 open() "/usr/local/cwpsrv/var/services/roundcube/CodePipeline" failed (2: No such file or directory), client: 127.0.0.1, server: localhost, request: "GET /CodePipeline HTTP/1.1", host: "mail.viralspringdigital.ca"
2025/07/04 07:26:48 [error] 2429498#0: *134 open() "/usr/local/cwpsrv/var/services/roundcube/buildspec.yml" failed (2: No such file or directory), client: 127.0.0.1, server: localhost, request: "GET /buildspec.yml HTTP/1.1", host: "mail.viralspringdigital.ca"
2025/07/04 07:26:48 [error] 2429498#0: *134 open() "/usr/local/cwpsrv/var/services/roundcube/pipeline.yml" failed (2: No such file or directory), client: 127.0.0.1, server: localhost, request: "GET /pipeline.yml HTTP/1.1", host: "mail.viralspringdigital.ca"
2025/07/04 07:26:48 [error] 2429498#0: *134 open() "/usr/local/cwpsrv/var/services/roundcube/config/database.json" failed (2: No such file or directory), client: 127.0.0.1, server: localhost, request: "GET /config/database.json HTTP/1.1", host: "mail.viralspringdigital.ca"
2025/07/04 07:26:48 [error] 2429498#0: *134 open() "/usr/local/cwpsrv/var/services/roundcube/config/application.json" failed (2: No such file or directory), client: 127.0.0.1, server: localhost, request: "GET /config/application.json HTTP/1.1", host: "mail.viralspringdigital.ca"
2025/07/04 07:26:48 [error] 2429498#0: *134 open() "/usr/local/cwpsrv/var/services/roundcube/config/settings.json" failed (2: No such file or directory), client: 127.0.0.1, server: localhost, request: "GET /config/settings.json HTTP/1.1", host: "mail.viralspringdigital.ca"
2025/07/04 07:32:00 [notice] 2429498#0: *139 "^/v1/([^/]+)/?$" matches "/v1/loginfail/", client: 127.0.0.1, server: localhost, request: "POST /v1/loginfail/ HTTP/1.1", host: "127.0.0.1:2302"
2025/07/04 07:32:00 [notice] 2429498#0: *139 rewritten data: "/v1/index.php", args: "method=", client: 127.0.0.1, server: localhost, request: "POST /v1/loginfail/ HTTP/1.1", host: "127.0.0.1:2302"
2025/07/04 07:32:00 [info] 2429498#0: *139 client 127.0.0.1 closed keepalive connection
2025/07/04 07:32:00 [error] 2429498#0: *137 FastCGI sent in stderr: "PHP message: PHP Warning:  parse_ini_file(/usr/local/cwpsrv/var/services/users/login/conf/en.ini): failed to open stream: No such file or directory in /usr/local/cwpsrv/var/services/users/login/index.php on line 0" while reading response header from upstream, client: 127.0.0.1, server: localhost, request: "GET / HTTP/1.1", upstream: "fastcgi://unix:/usr/local/cwp/php71/var/sockets/login.sock:", host: "cpanel.viralspringdigital.ca"
2025/07/04 07:32:01 [notice] 2429498#0: *142 "^/v1/([^/]+)/?$" matches "/v1/loginfail/", client: 127.0.0.1, server: localhost, request: "POST /v1/loginfail/ HTTP/1.1", host: "127.0.0.1:2302"
2025/07/04 07:32:01 [notice] 2429498#0: *142 rewritten data: "/v1/index.php", args: "method=", client: 127.0.0.1, server: localhost, request: "POST /v1/loginfail/ HTTP/1.1", host: "127.0.0.1:2302"
2025/07/04 07:32:01 [info] 2429498#0: *142 client 127.0.0.1 closed keepalive connection
2025/07/04 07:32:01 [error] 2429498#0: *137 FastCGI sent in stderr: "PHP message: PHP Warning:  parse_ini_file(/usr/local/cwpsrv/var/services/users/login/conf/en.ini): failed to open stream: No such file or directory in /usr/local/cwpsrv/var/services/users/login/index.php on line 0" while reading response header from upstream, client: 127.0.0.1, server: localhost, request: "GET / HTTP/1.1", upstream: "fastcgi://unix:/usr/local/cwp/php71/var/sockets/login.sock:", host: "cpanel.viralspringdigital.ca"
2025/07/04 08:04:51 [error] 2429498#0: *161 open() "/usr/local/cwpsrv/var/services/roundcube/.git/config" failed (2: No such file or directory), client: 127.0.0.1, server: localhost, request: "GET /.git/config HTTP/1.1", host: "mail.viralspringdigital.com"
2025/07/04 08:27:56 [notice] 2429498#0: *164 "^/v1/([^/]+)/?$" matches "/v1/loginfail/", client: 127.0.0.1, server: localhost, request: "POST /v1/loginfail/ HTTP/1.1", host: "127.0.0.1:2302"
2025/07/04 08:27:56 [notice] 2429498#0: *164 rewritten data: "/v1/index.php", args: "method=", client: 127.0.0.1, server: localhost, request: "POST /v1/loginfail/ HTTP/1.1", host: "127.0.0.1:2302"
2025/07/04 08:27:56 [info] 2429498#0: *164 client 127.0.0.1 closed keepalive connection
2025/07/04 08:27:56 [error] 2429498#0: *162 FastCGI sent in stderr: "PHP message: PHP Warning:  parse_ini_file(/usr/local/cwpsrv/var/services/users/login/conf/en.ini): failed to open stream: No such file or directory in /usr/local/cwpsrv/var/services/users/login/index.php on line 0" while reading response header from upstream, client: 127.0.0.1, server: localhost, request: "GET / HTTP/1.1", upstream: "fastcgi://unix:/usr/local/cwp/php71/var/sockets/login.sock:", host: "cpanel.viralspringdigital.com"
2025/07/04 08:31:39 [error] 2429498#0: *166 open() "/usr/local/cwpsrv/var/services/roundcube/elastic/ui.min.js" failed (2: No such file or directory), client: 127.0.0.1, server: localhost, request: "GET /elastic/ui.min.js HTTP/1.1", host: "mail.viralspringdigital.com"
2025/07/04 08:31:40 [error] 2429499#0: *168 open() "/usr/local/cwpsrv/var/services/roundcube/js/jquery.min.js" failed (2: No such file or directory), client: 127.0.0.1, server: localhost, request: "GET /js/jquery.min.js HTTP/1.1", host: "mail.viralspringdigital.com"
2025/07/04 08:31:40 [error] 2429499#0: *168 open() "/usr/local/cwpsrv/var/services/roundcube/js/jstz.min.js" failed (2: No such file or directory), client: 127.0.0.1, server: localhost, request: "GET /js/jstz.min.js HTTP/1.1", host: "mail.viralspringdigital.com"
2025/07/04 08:31:40 [error] 2429499#0: *168 open() "/usr/local/cwpsrv/var/services/roundcube/js/app.min.js" failed (2: No such file or directory), client: 127.0.0.1, server: localhost, request: "GET /js/app.min.js HTTP/1.1", host: "mail.viralspringdigital.com"
2025/07/04 08:31:40 [error] 2429498#0: *169 open() "/usr/local/cwpsrv/var/services/roundcube/js/common.min.js" failed (2: No such file or directory), client: 127.0.0.1, server: localhost, request: "GET /js/common.min.js HTTP/1.1", host: "mail.viralspringdigital.com"
2025/07/04 08:31:40 [error] 2429498#0: *170 open() "/usr/local/cwpsrv/var/services/roundcube/jqueryui/js/jquery-ui.min.js" failed (2: No such file or directory), client: 127.0.0.1, server: localhost, request: "GET /jqueryui/js/jquery-ui.min.js HTTP/1.1", host: "mail.viralspringdigital.com"
2025/07/04 08:31:43 [error] 2429498#0: *166 open() "/usr/local/cwpsrv/var/services/roundcube/elastic/deps/bootstrap.bundle.min.js" failed (2: No such file or directory), client: 127.0.0.1, server: localhost, request: "GET /elastic/deps/bootstrap.bundle.min.js HTTP/1.1", host: "mail.viralspringdigital.com"
2025/07/04 08:55:36 [error] 2429498#0: *177 open() "/usr/local/cwpsrv/var/services/roundcube/favicon.ico" failed (2: No such file or directory), client: 65.49.20.68, server: localhost, request: "GET /favicon.ico HTTP/1.1", host: "23.254.227.96:2095"
2025/07/04 09:13:33 [error] 2429498#0: *180 open() "/usr/local/cwpsrv/var/services/roundcube/.env" failed (2: No such file or directory), client: 127.0.0.1, server: localhost, request: "GET /.env HTTP/1.1", host: "webmail.viralspringdigital.com"
2025/07/04 09:18:55 [error] 2429498#0: *181 open() "/usr/local/cwpsrv/var/services/roundcube/.env" failed (2: No such file or directory), client: 127.0.0.1, server: localhost, request: "GET /.env HTTP/1.1", host: "webmail.viralspringdigital.com"
2025/07/04 10:05:31 [error] 2429498#0: *182 open() "/usr/local/cwpsrv/var/services/roundcube/.git/config" failed (2: No such file or directory), client: 127.0.0.1, server: localhost, request: "GET /.git/config HTTP/1.1", host: "webmail.viralspringdigital.com"
2025/07/04 10:08:40 [notice] 2429498#0: *186 "^/v1/([^/]+)/?$" matches "/v1/loginfail/", client: 127.0.0.1, server: localhost, request: "POST /v1/loginfail/ HTTP/1.1", host: "127.0.0.1:2302"
2025/07/04 10:08:40 [notice] 2429498#0: *186 rewritten data: "/v1/index.php", args: "method=", client: 127.0.0.1, server: localhost, request: "POST /v1/loginfail/ HTTP/1.1", host: "127.0.0.1:2302"
2025/07/04 10:08:40 [info] 2429498#0: *186 client 127.0.0.1 closed keepalive connection
2025/07/04 10:08:40 [error] 2429499#0: *184 FastCGI sent in stderr: "PHP message: PHP Warning:  parse_ini_file(/usr/local/cwpsrv/var/services/users/login/conf/en.ini): failed to open stream: No such file or directory in /usr/local/cwpsrv/var/services/users/login/index.php on line 0" while reading response header from upstream, client: 8.221.137.208, server: localhost, request: "GET / HTTP/1.1", upstream: "fastcgi://unix:/usr/local/cwp/php71/var/sockets/login.sock:", host: "23.254.227.96:2083"
2025/07/04 10:27:39 [notice] 2429498#0: *190 "^/v1/([^/]+)/?$" matches "/v1/loginfail/", client: 127.0.0.1, server: localhost, request: "POST /v1/loginfail/ HTTP/1.1", host: "127.0.0.1:2302"
2025/07/04 10:27:39 [notice] 2429498#0: *190 rewritten data: "/v1/index.php", args: "method=", client: 127.0.0.1, server: localhost, request: "POST /v1/loginfail/ HTTP/1.1", host: "127.0.0.1:2302"
2025/07/04 10:27:39 [info] 2429498#0: *190 client 127.0.0.1 closed keepalive connection
2025/07/04 10:27:39 [error] 2429498#0: *188 FastCGI sent in stderr: "PHP message: PHP Warning:  parse_ini_file(/usr/local/cwpsrv/var/services/users/login/conf/en.ini): failed to open stream: No such file or directory in /usr/local/cwpsrv/var/services/users/login/index.php on line 0" while reading response header from upstream, client: 127.0.0.1, server: localhost, request: "GET / HTTP/1.1", upstream: "fastcgi://unix:/usr/local/cwp/php71/var/sockets/login.sock:", host: "cpanel.viralspringblog.com"
2025/07/04 10:32:13 [error] 2429498#0: *192 open() "/usr/local/cwpsrv/var/services/roundcube/js/common.min.js" failed (2: No such file or directory), client: 127.0.0.1, server: localhost, request: "GET /js/common.min.js HTTP/1.1", host: "webmail.viralspringdigital.ca"
2025/07/04 10:32:13 [error] 2429498#0: *192 open() "/usr/local/cwpsrv/var/services/roundcube/elastic/deps/bootstrap.bundle.min.js" failed (2: No such file or directory), client: 127.0.0.1, server: localhost, request: "GET /elastic/deps/bootstrap.bundle.min.js HTTP/1.1", host: "webmail.viralspringdigital.ca"
2025/07/04 10:32:13 [error] 2429498#0: *194 open() "/usr/local/cwpsrv/var/services/roundcube/js/app.min.js" failed (2: No such file or directory), client: 127.0.0.1, server: localhost, request: "GET /js/app.min.js HTTP/1.1", host: "webmail.viralspringdigital.ca"
2025/07/04 10:32:13 [error] 2429499#0: *195 open() "/usr/local/cwpsrv/var/services/roundcube/js/jstz.min.js" failed (2: No such file or directory), client: 127.0.0.1, server: localhost, request: "GET /js/jstz.min.js HTTP/1.1", host: "webmail.viralspringdigital.ca"
2025/07/04 10:32:13 [error] 2429498#0: *196 open() "/usr/local/cwpsrv/var/services/roundcube/elastic/ui.min.js" failed (2: No such file or directory), client: 127.0.0.1, server: localhost, request: "GET /elastic/ui.min.js HTTP/1.1", host: "webmail.viralspringdigital.ca"
2025/07/04 10:32:13 [error] 2429498#0: *197 open() "/usr/local/cwpsrv/var/services/roundcube/jqueryui/js/jquery-ui.min.js" failed (2: No such file or directory), client: 127.0.0.1, server: localhost, request: "GET /jqueryui/js/jquery-ui.min.js HTTP/1.1", host: "webmail.viralspringdigital.ca"
2025/07/04 10:32:13 [error] 2429498#0: *192 open() "/usr/local/cwpsrv/var/services/roundcube/js/jquery.min.js" failed (2: No such file or directory), client: 127.0.0.1, server: localhost, request: "GET /js/jquery.min.js HTTP/1.1", host: "webmail.viralspringdigital.ca"
2025/07/04 10:32:30 [error] 2429498#0: *192 open() "/usr/local/cwpsrv/var/services/roundcube/elastic/deps/bootstrap.bundle.min.js" failed (2: No such file or directory), client: 127.0.0.1, server: localhost, request: "GET /elastic/deps/bootstrap.bundle.min.js HTTP/1.1", host: "webmail.viralspringdigital.ca"
2025/07/04 10:32:30 [error] 2429498#0: *196 open() "/usr/local/cwpsrv/var/services/roundcube/js/common.min.js" failed (2: No such file or directory), client: 127.0.0.1, server: localhost, request: "GET /js/common.min.js HTTP/1.1", host: "webmail.viralspringdigital.ca"
2025/07/04 10:32:30 [error] 2429498#0: *194 open() "/usr/local/cwpsrv/var/services/roundcube/elastic/ui.min.js" failed (2: No such file or directory), client: 127.0.0.1, server: localhost, request: "GET /elastic/ui.min.js HTTP/1.1", host: "webmail.viralspringdigital.ca"
2025/07/04 10:32:30 [error] 2429499#0: *198 open() "/usr/local/cwpsrv/var/services/roundcube/js/jquery.min.js" failed (2: No such file or directory), client: 127.0.0.1, server: localhost, request: "GET /js/jquery.min.js HTTP/1.1", host: "webmail.viralspringdigital.ca"
2025/07/04 10:32:30 [error] 2429498#0: *192 open() "/usr/local/cwpsrv/var/services/roundcube/js/app.min.js" failed (2: No such file or directory), client: 127.0.0.1, server: localhost, request: "GET /js/app.min.js HTTP/1.1", host: "webmail.viralspringdigital.ca"
2025/07/04 10:32:30 [error] 2429499#0: *198 open() "/usr/local/cwpsrv/var/services/roundcube/js/jstz.min.js" failed (2: No such file or directory), client: 127.0.0.1, server: localhost, request: "GET /js/jstz.min.js HTTP/1.1", host: "webmail.viralspringdigital.ca"
2025/07/04 10:32:30 [error] 2429499#0: *198 open() "/usr/local/cwpsrv/var/services/roundcube/jqueryui/js/jquery-ui.min.js" failed (2: No such file or directory), client: 127.0.0.1, server: localhost, request: "GET /jqueryui/js/jquery-ui.min.js HTTP/1.1", host: "webmail.viralspringdigital.ca"
2025/07/04 10:47:15 [notice] 2429498#0: *202 "^/v1/([^/]+)/?$" matches "/v1/loginfail/", client: 127.0.0.1, server: localhost, request: "POST /v1/loginfail/ HTTP/1.1", host: "127.0.0.1:2302"
2025/07/04 10:47:15 [notice] 2429498#0: *202 rewritten data: "/v1/index.php", args: "method=", client: 127.0.0.1, server: localhost, request: "POST /v1/loginfail/ HTTP/1.1", host: "127.0.0.1:2302"
2025/07/04 10:47:15 [info] 2429498#0: *202 client 127.0.0.1 closed keepalive connection
2025/07/04 11:32:19 [notice] 2429498#0: *208 "^/v1/([^/]+)/?$" matches "/v1/loginfail/", client: 127.0.0.1, server: localhost, request: "POST /v1/loginfail/ HTTP/1.1", host: "127.0.0.1:2302"
2025/07/04 11:32:19 [notice] 2429498#0: *208 rewritten data: "/v1/index.php", args: "method=", client: 127.0.0.1, server: localhost, request: "POST /v1/loginfail/ HTTP/1.1", host: "127.0.0.1:2302"
2025/07/04 11:32:19 [info] 2429498#0: *208 client 127.0.0.1 closed keepalive connection
2025/07/04 11:32:19 [error] 2429498#0: *206 FastCGI sent in stderr: "PHP message: PHP Warning:  parse_ini_file(/usr/local/cwpsrv/var/services/users/login/conf/en.ini): failed to open stream: No such file or directory in /usr/local/cwpsrv/var/services/users/login/index.php on line 0" while reading response header from upstream, client: 87.236.176.126, server: localhost, request: "GET / HTTP/1.1", upstream: "fastcgi://unix:/usr/local/cwp/php71/var/sockets/login.sock:", host: "23.254.227.96:2083"
2025/07/04 11:51:45 [notice] 2429498#0: *225 "^/v1/([^/]+)/?$" matches "/v1/loginfail/", client: 127.0.0.1, server: localhost, request: "POST /v1/loginfail/ HTTP/1.1", host: "127.0.0.1:2302"
2025/07/04 11:51:45 [notice] 2429498#0: *225 rewritten data: "/v1/index.php", args: "method=", client: 127.0.0.1, server: localhost, request: "POST /v1/loginfail/ HTTP/1.1", host: "127.0.0.1:2302"
2025/07/04 11:51:46 [info] 2429498#0: *225 client 127.0.0.1 closed keepalive connection
2025/07/04 11:53:32 [error] 2429498#0: *227 open() "/usr/local/cwpsrv/var/services/users/login/.git/config" failed (2: No such file or directory), client: 127.0.0.1, server: localhost, request: "GET /.git/config HTTP/1.1", host: "cpanel.viralspringblog.com"
2025/07/04 11:53:32 [error] 2429499#0: *228 open() "/usr/local/cwpsrv/var/services/users/login/.git/config" failed (2: No such file or directory), client: 127.0.0.1, server: localhost, request: "GET /.git/config HTTP/1.1", host: "cpanel.viralspringdigital.com"
2025/07/04 11:53:32 [error] 2429498#0: *229 open() "/usr/local/cwpsrv/var/services/users/login/.git/config" failed (2: No such file or directory), client: 127.0.0.1, server: localhost, request: "GET /.git/config HTTP/1.1", host: "cpanel.viralspringdigital.ca"
2025/07/04 12:27:45 [notice] 2429498#0: *241 "^/v1/([^/]+)/?$" matches "/v1/loginfail/", client: 127.0.0.1, server: localhost, request: "POST /v1/loginfail/ HTTP/1.1", host: "127.0.0.1:2302"
2025/07/04 12:27:45 [notice] 2429498#0: *241 rewritten data: "/v1/index.php", args: "method=", client: 127.0.0.1, server: localhost, request: "POST /v1/loginfail/ HTTP/1.1", host: "127.0.0.1:2302"
2025/07/04 12:27:46 [info] 2429498#0: *241 client 127.0.0.1 closed keepalive connection
2025/07/04 12:27:46 [notice] 2429498#0: *245 "^/v1/([^/]+)/?$" matches "/v1/loginfail/", client: 127.0.0.1, server: localhost, request: "POST /v1/loginfail/ HTTP/1.1", host: "127.0.0.1:2302"
2025/07/04 12:27:46 [notice] 2429498#0: *245 rewritten data: "/v1/index.php", args: "method=", client: 127.0.0.1, server: localhost, request: "POST /v1/loginfail/ HTTP/1.1", host: "127.0.0.1:2302"
2025/07/04 12:27:46 [info] 2429498#0: *245 client 127.0.0.1 closed keepalive connection
2025/07/04 12:51:59 [error] 2429498#0: *250 open() "/usr/local/cwpsrv/var/services/roundcube/favicon.ico" failed (2: No such file or directory), client: 167.94.138.178, server: localhost, request: "GET /favicon.ico HTTP/1.1", host: "23.254.227.96:2095"
2025/07/04 12:52:23 [error] 2429498#0: *252 open() "/usr/local/cwpsrv/var/services/roundcube/favicon.ico" failed (2: No such file or directory), client: 167.94.138.178, server: localhost, request: "GET /favicon.ico HTTP/1.1", host: "23.254.227.96:2095"
2025/07/04 12:52:42 [error] 2429498#0: *255 open() "/usr/local/cwpsrv/var/services/roundcube/wiki" failed (2: No such file or directory), client: 167.94.138.178, server: localhost, request: "GET /wiki HTTP/1.1", host: "23.254.227.96:2095"
2025/07/04 13:13:45 [info] 2429498#0: *258 client closed connection while waiting for request, client: 185.242.226.24, server: 0.0.0.0:2082
2025/07/04 13:20:06 [error] 2429498#0: *259 open() "/usr/local/cwpsrv/var/services/roundcube/js/common.min.js" failed (2: No such file or directory), client: 127.0.0.1, server: localhost, request: "GET /js/common.min.js HTTP/1.1", host: "mail.viralspringdigital.ca"
2025/07/04 13:20:06 [error] 2429498#0: *259 open() "/usr/local/cwpsrv/var/services/roundcube/js/app.min.js" failed (2: No such file or directory), client: 127.0.0.1, server: localhost, request: "GET /js/app.min.js HTTP/1.1", host: "mail.viralspringdigital.ca"
2025/07/04 13:20:06 [error] 2429498#0: *259 open() "/usr/local/cwpsrv/var/services/roundcube/js/jstz.min.js" failed (2: No such file or directory), client: 127.0.0.1, server: localhost, request: "GET /js/jstz.min.js HTTP/1.1", host: "mail.viralspringdigital.ca"
2025/07/04 13:20:06 [error] 2429499#0: *261 open() "/usr/local/cwpsrv/var/services/roundcube/js/jquery.min.js" failed (2: No such file or directory), client: 127.0.0.1, server: localhost, request: "GET /js/jquery.min.js HTTP/1.1", host: "mail.viralspringdigital.ca"
2025/07/04 13:20:06 [error] 2429499#0: *261 open() "/usr/local/cwpsrv/var/services/roundcube/elastic/deps/bootstrap.bundle.min.js" failed (2: No such file or directory), client: 127.0.0.1, server: localhost, request: "GET /elastic/deps/bootstrap.bundle.min.js HTTP/1.1", host: "mail.viralspringdigital.ca"
2025/07/04 13:20:06 [error] 2429499#0: *261 open() "/usr/local/cwpsrv/var/services/roundcube/elastic/ui.min.js" failed (2: No such file or directory), client: 127.0.0.1, server: localhost, request: "GET /elastic/ui.min.js HTTP/1.1", host: "mail.viralspringdigital.ca"
2025/07/04 13:20:06 [error] 2429498#0: *259 open() "/usr/local/cwpsrv/var/services/roundcube/jqueryui/js/jquery-ui.min.js" failed (2: No such file or directory), client: 127.0.0.1, server: localhost, request: "GET /jqueryui/js/jquery-ui.min.js HTTP/1.1", host: "mail.viralspringdigital.ca"
2025/07/04 13:20:21 [error] 2429498#0: *259 open() "/usr/local/cwpsrv/var/services/roundcube/elastic/ui.min.js" failed (2: No such file or directory), client: 127.0.0.1, server: localhost, request: "GET /elastic/ui.min.js HTTP/1.1", host: "mail.viralspringdigital.ca"
2025/07/04 13:20:21 [error] 2429499#0: *261 open() "/usr/local/cwpsrv/var/services/roundcube/elastic/deps/bootstrap.bundle.min.js" failed (2: No such file or directory), client: 127.0.0.1, server: localhost, request: "GET /elastic/deps/bootstrap.bundle.min.js HTTP/1.1", host: "mail.viralspringdigital.ca"
2025/07/04 13:20:21 [error] 2429499#0: *262 open() "/usr/local/cwpsrv/var/services/roundcube/js/jstz.min.js" failed (2: No such file or directory), client: 127.0.0.1, server: localhost, request: "GET /js/jstz.min.js HTTP/1.1", host: "mail.viralspringdigital.ca"
2025/07/04 13:20:21 [error] 2429499#0: *263 open() "/usr/local/cwpsrv/var/services/roundcube/js/app.min.js" failed (2: No such file or directory), client: 127.0.0.1, server: localhost, request: "GET /js/app.min.js HTTP/1.1", host: "mail.viralspringdigital.ca"
2025/07/04 13:20:21 [error] 2429498#0: *264 open() "/usr/local/cwpsrv/var/services/roundcube/jqueryui/js/jquery-ui.min.js" failed (2: No such file or directory), client: 127.0.0.1, server: localhost, request: "GET /jqueryui/js/jquery-ui.min.js HTTP/1.1", host: "mail.viralspringdigital.ca"
2025/07/04 13:20:21 [error] 2429498#0: *259 open() "/usr/local/cwpsrv/var/services/roundcube/js/common.min.js" failed (2: No such file or directory), client: 127.0.0.1, server: localhost, request: "GET /js/common.min.js HTTP/1.1", host: "mail.viralspringdigital.ca"
2025/07/04 13:20:21 [error] 2429498#0: *259 open() "/usr/local/cwpsrv/var/services/roundcube/js/jquery.min.js" failed (2: No such file or directory), client: 127.0.0.1, server: localhost, request: "GET /js/jquery.min.js HTTP/1.1", host: "mail.viralspringdigital.ca"
2025/07/04 13:27:32 [error] 2429498#0: *265 open() "/usr/local/cwpsrv/var/services/users/login/.git/HEAD" failed (2: No such file or directory), client: 127.0.0.1, server: localhost, request: "GET /.git/HEAD HTTP/1.1", host: "cpanel.viralspringdigital.com"
2025/07/04 13:27:32 [error] 2429499#0: *266 open() "/usr/local/cwpsrv/var/services/users/login/.aws/config" failed (2: No such file or directory), client: 127.0.0.1, server: localhost, request: "GET /.aws/config HTTP/1.1", host: "cpanel.viralspringdigital.com"
2025/07/04 13:27:32 [error] 2429499#0: *266 open() "/usr/local/cwpsrv/var/services/users/login/.aws/credentials" failed (2: No such file or directory), client: 127.0.0.1, server: localhost, request: "GET /.aws/credentials HTTP/1.1", host: "cpanel.viralspringdigital.com"
2025/07/04 13:27:34 [error] 2429499#0: *266 open() "/usr/local/cwpsrv/var/services/users/login/.AWS_/credentials" failed (2: No such file or directory), client: 127.0.0.1, server: localhost, request: "GET /.AWS_/credentials HTTP/1.1", host: "cpanel.viralspringdigital.com"
2025/07/04 13:27:34 [error] 2429499#0: *266 open() "/usr/local/cwpsrv/var/services/users/login/.env" failed (2: No such file or directory), client: 127.0.0.1, server: localhost, request: "GET /.env HTTP/1.1", host: "cpanel.viralspringdigital.com"
2025/07/04 13:27:34 [error] 2429499#0: *266 open() "/usr/local/cwpsrv/var/services/users/login/.env.bak" failed (2: No such file or directory), client: 127.0.0.1, server: localhost, request: "GET /.env.bak HTTP/1.1", host: "cpanel.viralspringdigital.com"
2025/07/04 13:27:34 [error] 2429499#0: *266 open() "/usr/local/cwpsrv/var/services/users/login/.env.example" failed (2: No such file or directory), client: 127.0.0.1, server: localhost, request: "GET /.env.example HTTP/1.1", host: "cpanel.viralspringdigital.com"
2025/07/04 13:27:34 [error] 2429499#0: *266 open() "/usr/local/cwpsrv/var/services/users/login/.env.local" failed (2: No such file or directory), client: 127.0.0.1, server: localhost, request: "GET /.env.local HTTP/1.1", host: "cpanel.viralspringdigital.com"
2025/07/04 13:27:34 [error] 2429499#0: *266 open() "/usr/local/cwpsrv/var/services/users/login/.env.old" failed (2: No such file or directory), client: 127.0.0.1, server: localhost, request: "GET /.env.old HTTP/1.1", host: "cpanel.viralspringdigital.com"
2025/07/04 13:27:34 [error] 2429499#0: *266 open() "/usr/local/cwpsrv/var/services/users/login/.env.prod" failed (2: No such file or directory), client: 127.0.0.1, server: localhost, request: "GET /.env.prod HTTP/1.1", host: "cpanel.viralspringdigital.com"
2025/07/04 13:27:34 [error] 2429499#0: *266 open() "/usr/local/cwpsrv/var/services/users/login/.env.production" failed (2: No such file or directory), client: 127.0.0.1, server: localhost, request: "GET /.env.production HTTP/1.1", host: "cpanel.viralspringdigital.com"
2025/07/04 13:27:34 [error] 2429499#0: *266 open() "/usr/local/cwpsrv/var/services/users/login/.env.production.local" failed (2: No such file or directory), client: 127.0.0.1, server: localhost, request: "GET /.env.production.local HTTP/1.1", host: "cpanel.viralspringdigital.com"
2025/07/04 13:27:34 [error] 2429499#0: *266 open() "/usr/local/cwpsrv/var/services/users/login/.env.sample" failed (2: No such file or directory), client: 127.0.0.1, server: localhost, request: "GET /.env.sample HTTP/1.1", host: "cpanel.viralspringdigital.com"
2025/07/04 13:27:34 [error] 2429499#0: *266 open() "/usr/local/cwpsrv/var/services/users/login/.env.stage" failed (2: No such file or directory), client: 127.0.0.1, server: localhost, request: "GET /.env.stage HTTP/1.1", host: "cpanel.viralspringdigital.com"
2025/07/04 13:27:34 [error] 2429499#0: *266 open() "/usr/local/cwpsrv/var/services/users/login/.envs/.production/.django" failed (2: No such file or directory), client: 127.0.0.1, server: localhost, request: "GET /.envs/.production/.django HTTP/1.1", host: "cpanel.viralspringdigital.com"
2025/07/04 13:27:34 [error] 2429499#0: *266 open() "/usr/local/cwpsrv/var/services/users/login/.git/config" failed (2: No such file or directory), client: 127.0.0.1, server: localhost, request: "GET /.git/config HTTP/1.1", host: "cpanel.viralspringdigital.com"
2025/07/04 13:27:34 [error] 2429499#0: *266 open() "/usr/local/cwpsrv/var/services/users/login/.git/HEAD" failed (2: No such file or directory), client: 127.0.0.1, server: localhost, request: "GET /.git/HEAD HTTP/1.1", host: "cpanel.viralspringdigital.com"
2025/07/04 13:27:34 [error] 2429499#0: *266 open() "/usr/local/cwpsrv/var/services/users/login/.travis.yml" failed (2: No such file or directory), client: 127.0.0.1, server: localhost, request: "GET /.travis.yml HTTP/1.1", host: "cpanel.viralspringdigital.com"
2025/07/04 13:27:34 [error] 2429499#0: *266 open() "/usr/local/cwpsrv/var/services/users/login/.vscode/.env" failed (2: No such file or directory), client: 127.0.0.1, server: localhost, request: "GET /.vscode/.env HTTP/1.1", host: "cpanel.viralspringdigital.com"
2025/07/04 13:27:34 [error] 2429499#0: *266 open() "/usr/local/cwpsrv/var/services/users/login/_profiler/phpinfo" failed (2: No such file or directory), client: 127.0.0.1, server: localhost, request: "GET /_profiler/phpinfo HTTP/1.1", host: "cpanel.viralspringdigital.com"
2025/07/04 13:27:34 [notice] 2429498#0: *268 "^/v1/([^/]+)/?$" matches "/v1/loginfail/", client: 127.0.0.1, server: localhost, request: "POST /v1/loginfail/ HTTP/1.1", host: "127.0.0.1:2302"
2025/07/04 13:27:34 [notice] 2429498#0: *268 rewritten data: "/v1/index.php", args: "method=", client: 127.0.0.1, server: localhost, request: "POST /v1/loginfail/ HTTP/1.1", host: "127.0.0.1:2302"
2025/07/04 13:27:34 [info] 2429498#0: *268 client 127.0.0.1 closed keepalive connection
2025/07/04 13:27:34 [error] 2429499#0: *266 FastCGI sent in stderr: "PHP message: PHP Warning:  parse_ini_file(/usr/local/cwpsrv/var/services/users/login/conf/en.ini): failed to open stream: No such file or directory in /usr/local/cwpsrv/var/services/users/login/index.php on line 0" while reading response header from upstream, client: 127.0.0.1, server: localhost, request: "GET /?phpinfo=1 HTTP/1.1", upstream: "fastcgi://unix:/usr/local/cwp/php71/var/sockets/login.sock:", host: "cpanel.viralspringdigital.com"
2025/07/04 13:27:34 [error] 2429499#0: *266 open() "/usr/local/cwpsrv/var/services/users/login/admin/.env" failed (2: No such file or directory), client: 127.0.0.1, server: localhost, request: "GET /admin/.env HTTP/1.1", host: "cpanel.viralspringdigital.com"
2025/07/04 13:27:35 [error] 2429499#0: *266 open() "/usr/local/cwpsrv/var/services/users/login/admin/config" failed (2: No such file or directory), client: 127.0.0.1, server: localhost, request: "GET /admin/config HTTP/1.1", host: "cpanel.viralspringdigital.com"
2025/07/04 13:27:35 [error] 2429499#0: *266 open() "/usr/local/cwpsrv/var/services/users/login/admin/config" failed (2: No such file or directory), client: 127.0.0.1, server: localhost, request: "GET /admin/config?cmd=cat+/root/.aws/credentials HTTP/1.1", host: "cpanel.viralspringdigital.com"
2025/07/04 13:27:35 [error] 2429499#0: *266 open() "/usr/local/cwpsrv/var/services/users/login/api/.env" failed (2: No such file or directory), client: 127.0.0.1, server: localhost, request: "GET /api/.env HTTP/1.1", host: "cpanel.viralspringdigital.com"
2025/07/04 13:27:35 [error] 2429499#0: *266 open() "/usr/local/cwpsrv/var/services/users/login/api/config/config.yml" failed (2: No such file or directory), client: 127.0.0.1, server: localhost, request: "GET /api/config/config.yml HTTP/1.1", host: "cpanel.viralspringdigital.com"
2025/07/04 13:27:35 [error] 2429499#0: *266 open() "/usr/local/cwpsrv/var/services/users/login/api/config.env" failed (2: No such file or directory), client: 127.0.0.1, server: localhost, request: "GET /api/config.env HTTP/1.1", host: "cpanel.viralspringdigital.com"
2025/07/04 13:27:35 [error] 2429499#0: *266 open() "/usr/local/cwpsrv/var/services/users/login/api/objects/codes.php.save" failed (2: No such file or directory), client: 127.0.0.1, server: localhost, request: "GET /api/objects/codes.php.save HTTP/1.1", host: "cpanel.viralspringdigital.com"
2025/07/04 13:27:35 [error] 2429499#0: *266 open() "/usr/local/cwpsrv/var/services/users/login/api/shared/.env" failed (2: No such file or directory), client: 127.0.0.1, server: localhost, request: "GET /api/shared/.env HTTP/1.1", host: "cpanel.viralspringdigital.com"
2025/07/04 13:27:35 [error] 2429499#0: *266 open() "/usr/local/cwpsrv/var/services/users/login/api/shared/config.env" failed (2: No such file or directory), client: 127.0.0.1, server: localhost, request: "GET /api/shared/config.env HTTP/1.1", host: "cpanel.viralspringdigital.com"
2025/07/04 13:27:35 [error] 2429499#0: *266 open() "/usr/local/cwpsrv/var/services/users/login/api/shared/config/.env" failed (2: No such file or directory), client: 127.0.0.1, server: localhost, request: "GET /api/shared/config/.env HTTP/1.1", host: "cpanel.viralspringdigital.com"
2025/07/04 13:27:35 [error] 2429499#0: *266 open() "/usr/local/cwpsrv/var/services/users/login/api/shared/config/config.env" failed (2: No such file or directory), client: 127.0.0.1, server: localhost, request: "GET /api/shared/config/config.env HTTP/1.1", host: "cpanel.viralspringdigital.com"
2025/07/04 13:27:35 [error] 2429499#0: *266 open() "/usr/local/cwpsrv/var/services/users/login/app/.env" failed (2: No such file or directory), client: 127.0.0.1, server: localhost, request: "GET /app/.env HTTP/1.1", host: "cpanel.viralspringdigital.com"
2025/07/04 13:27:35 [error] 2429499#0: *266 open() "/usr/local/cwpsrv/var/services/users/login/app/config/parameters.yml" failed (2: No such file or directory), client: 127.0.0.1, server: localhost, request: "GET /app/config/parameters.yml HTTP/1.1", host: "cpanel.viralspringdigital.com"
2025/07/04 13:27:35 [error] 2429499#0: *266 open() "/usr/local/cwpsrv/var/services/users/login/app_dev.php/_profiler/phpinfo" failed (2: No such file or directory), client: 127.0.0.1, server: localhost, request: "GET /app_dev.php/_profiler/phpinfo HTTP/1.1", host: "cpanel.viralspringdigital.com"
2025/07/04 13:27:35 [error] 2429499#0: *266 open() "/usr/local/cwpsrv/var/services/users/login/appsettings.json" failed (2: No such file or directory), client: 127.0.0.1, server: localhost, request: "GET /appsettings.json HTTP/1.1", host: "cpanel.viralspringdigital.com"
2025/07/04 13:27:35 [error] 2429499#0: *266 open() "/usr/local/cwpsrv/var/services/users/login/application/.env" failed (2: No such file or directory), client: 127.0.0.1, server: localhost, request: "GET /application/.env HTTP/1.1", host: "cpanel.viralspringdigital.com"
2025/07/04 13:27:35 [error] 2429499#0: *266 open() "/usr/local/cwpsrv/var/services/users/login/application.properties" failed (2: No such file or directory), client: 127.0.0.1, server: localhost, request: "GET /application.properties HTTP/1.1", host: "cpanel.viralspringdigital.com"
2025/07/04 13:27:35 [error] 2429499#0: *266 open() "/usr/local/cwpsrv/var/services/users/login/apps/.env" failed (2: No such file or directory), client: 127.0.0.1, server: localhost, request: "GET /apps/.env HTTP/1.1", host: "cpanel.viralspringdigital.com"
2025/07/04 13:27:35 [error] 2429499#0: *266 open() "/usr/local/cwpsrv/var/services/users/login/aws-secret.yaml" failed (2: No such file or directory), client: 127.0.0.1, server: localhost, request: "GET /aws-secret.yaml HTTP/1.1", host: "cpanel.viralspringdigital.com"
2025/07/04 13:27:35 [error] 2429499#0: *266 open() "/usr/local/cwpsrv/var/services/users/login/aws.yml" failed (2: No such file or directory), client: 127.0.0.1, server: localhost, request: "GET /aws.yml HTTP/1.1", host: "cpanel.viralspringdigital.com"
2025/07/04 13:27:35 [error] 2429499#0: *266 open() "/usr/local/cwpsrv/var/services/users/login/aws/credentials" failed (2: No such file or directory), client: 127.0.0.1, server: localhost, request: "GET /aws/credentials HTTP/1.1", host: "cpanel.viralspringdigital.com"
2025/07/04 13:27:35 [error] 2429499#0: *266 open() "/usr/local/cwpsrv/var/services/users/login/awstats/.env" failed (2: No such file or directory), client: 127.0.0.1, server: localhost, request: "GET /awstats/.env HTTP/1.1", host: "cpanel.viralspringdigital.com"
2025/07/04 13:27:35 [error] 2429499#0: *266 open() "/usr/local/cwpsrv/var/services/users/login/backend/.env" failed (2: No such file or directory), client: 127.0.0.1, server: localhost, request: "GET /backend/.env HTTP/1.1", host: "cpanel.viralspringdigital.com"
2025/07/04 13:27:35 [error] 2429499#0: *266 open() "/usr/local/cwpsrv/var/services/users/login/backend/config/default.yml" failed (2: No such file or directory), client: 127.0.0.1, server: localhost, request: "GET /backend/config/default.yml HTTP/1.1", host: "cpanel.viralspringdigital.com"
2025/07/04 13:27:35 [error] 2429499#0: *266 open() "/usr/local/cwpsrv/var/services/users/login/backend/config/development.yml" failed (2: No such file or directory), client: 127.0.0.1, server: localhost, request: "GET /backend/config/development.yml HTTP/1.1", host: "cpanel.viralspringdigital.com"
2025/07/04 13:27:35 [error] 2429499#0: *266 open() "/usr/local/cwpsrv/var/services/users/login/backend/config/settings.yml" failed (2: No such file or directory), client: 127.0.0.1, server: localhost, request: "GET /backend/config/settings.yml HTTP/1.1", host: "cpanel.viralspringdigital.com"
2025/07/04 13:27:35 [error] 2429499#0: *266 open() "/usr/local/cwpsrv/var/services/users/login/blog.env" failed (2: No such file or directory), client: 127.0.0.1, server: localhost, request: "GET /blog.env HTTP/1.1", host: "cpanel.viralspringdigital.com"
2025/07/04 13:27:35 [error] 2429499#0: *266 open() "/usr/local/cwpsrv/var/services/users/login/conf/.env" failed (2: No such file or directory), client: 127.0.0.1, server: localhost, request: "GET /conf/.env HTTP/1.1", host: "cpanel.viralspringdigital.com"
2025/07/04 13:27:35 [error] 2429499#0: *266 open() "/usr/local/cwpsrv/var/services/users/login/config/application.yml" failed (2: No such file or directory), client: 127.0.0.1, server: localhost, request: "GET /config/application.yml HTTP/1.1", host: "cpanel.viralspringdigital.com"
2025/07/04 13:27:35 [error] 2429499#0: *266 open() "/usr/local/cwpsrv/var/services/users/login/config/aws.yml" failed (2: No such file or directory), client: 127.0.0.1, server: localhost, request: "GET /config/aws.yml HTTP/1.1", host: "cpanel.viralspringdigital.com"
2025/07/04 13:27:35 [error] 2429499#0: *266 open() "/usr/local/cwpsrv/var/services/users/login/config/config.json" failed (2: No such file or directory), client: 127.0.0.1, server: localhost, request: "GET /config/config.json HTTP/1.1", host: "cpanel.viralspringdigital.com"
2025/07/04 13:27:35 [error] 2429499#0: *266 open() "/usr/local/cwpsrv/var/services/users/login/config/env" failed (2: No such file or directory), client: 127.0.0.1, server: localhost, request: "GET /config/env HTTP/1.1", host: "cpanel.viralspringdigital.com"
2025/07/04 13:27:35 [error] 2429499#0: *266 open() "/usr/local/cwpsrv/var/services/users/login/config/local.yml" failed (2: No such file or directory), client: 127.0.0.1, server: localhost, request: "GET /config/local.yml HTTP/1.1", host: "cpanel.viralspringdigital.com"
2025/07/04 13:27:35 [error] 2429499#0: *266 open() "/usr/local/cwpsrv/var/services/users/login/config/parameters.yml" failed (2: No such file or directory), client: 127.0.0.1, server: localhost, request: "GET /config/parameters.yml HTTP/1.1", host: "cpanel.viralspringdigital.com"
2025/07/04 13:27:37 [error] 2429499#0: *266 open() "/usr/local/cwpsrv/var/services/users/login/config/secrets.json" failed (2: No such file or directory), client: 127.0.0.1, server: localhost, request: "GET /config/secrets.json HTTP/1.1", host: "cpanel.viralspringdigital.com"
2025/07/04 13:27:37 [error] 2429499#0: *266 open() "/usr/local/cwpsrv/var/services/users/login/config/settings.json" failed (2: No such file or directory), client: 127.0.0.1, server: localhost, request: "GET /config/settings.json HTTP/1.1", host: "cpanel.viralspringdigital.com"
2025/07/04 13:27:37 [error] 2429499#0: *266 open() "/usr/local/cwpsrv/var/services/users/login/config/settings.local" failed (2: No such file or directory), client: 127.0.0.1, server: localhost, request: "GET /config/settings.local HTTP/1.1", host: "cpanel.viralspringdigital.com"
2025/07/04 13:27:37 [error] 2429499#0: *266 open() "/usr/local/cwpsrv/var/services/users/login/config/settings.prod" failed (2: No such file or directory), client: 127.0.0.1, server: localhost, request: "GET /config/settings.prod HTTP/1.1", host: "cpanel.viralspringdigital.com"
2025/07/04 13:27:37 [error] 2429499#0: *266 open() "/usr/local/cwpsrv/var/services/users/login/config/storage.yml" failed (2: No such file or directory), client: 127.0.0.1, server: localhost, request: "GET /config/storage.yml HTTP/1.1", host: "cpanel.viralspringdigital.com"
2025/07/04 13:27:37 [error] 2429499#0: *266 open() "/usr/local/cwpsrv/var/services/users/login/config.yaml" failed (2: No such file or directory), client: 127.0.0.1, server: localhost, request: "GET /config.yaml HTTP/1.1", host: "cpanel.viralspringdigital.com"
2025/07/04 13:27:37 [error] 2429499#0: *266 open() "/usr/local/cwpsrv/var/services/users/login/config.yml" failed (2: No such file or directory), client: 127.0.0.1, server: localhost, request: "GET /config.yml HTTP/1.1", host: "cpanel.viralspringdigital.com"
2025/07/04 13:27:37 [error] 2429499#0: *266 open() "/usr/local/cwpsrv/var/services/users/login/core/.env" failed (2: No such file or directory), client: 127.0.0.1, server: localhost, request: "GET /core/.env HTTP/1.1", host: "cpanel.viralspringdigital.com"
