176.0.56.250 - - [04/Sep/2025:16:42:00 +0000] "GET /admin/work/projects HTTP/1.1" 200 6274 "http://kingsleyopute.site/admin/work/project/11" "Mozilla/5.0 (Windows NT 10.0; Win64; x64) AppleWebKit/537.36 (KHTML, like Gecko) Chrome/139.0.0.0 Safari/537.36"
176.0.56.250 - - [04/Sep/2025:16:42:28 +0000] "GET / HTTP/1.1" 200 14271 "-" "Mozilla/5.0 (Linux; Android 10; K) AppleWebKit/537.36 (KHTML, like Gecko) Chrome/139.0.0.0 Mobile Safari/537.36"
176.0.56.250 - - [04/Sep/2025:16:42:28 +0000] "GET /uploads/img/work/project_image_8440.png HTTP/1.1" 200 17131 "http://kingsleyopute.site/" "Mozilla/5.0 (Linux; Android 10; K) AppleWebKit/537.36 (KHTML, like Gecko) Chrome/139.0.0.0 Mobile Safari/537.36"
176.0.56.250 - - [04/Sep/2025:16:42:28 +0000] "GET /uploads/img/work/project_image_7978.png HTTP/1.1" 304 - "http://kingsleyopute.site/" "Mozilla/5.0 (Linux; Android 10; K) AppleWebKit/537.36 (KHTML, like Gecko) Chrome/139.0.0.0 Mobile Safari/537.36"
176.0.56.250 - - [04/Sep/2025:16:42:28 +0000] "GET /uploads/img/work/project_image_9494.png HTTP/1.1" 200 35582 "http://kingsleyopute.site/" "Mozilla/5.0 (Linux; Android 10; K) AppleWebKit/537.36 (KHTML, like Gecko) Chrome/139.0.0.0 Mobile Safari/537.36"
176.0.56.250 - - [04/Sep/2025:16:42:28 +0000] "GET /uploads/img/work/project_image_7393.png HTTP/1.1" 304 - "http://kingsleyopute.site/" "Mozilla/5.0 (Linux; Android 10; K) AppleWebKit/537.36 (KHTML, like Gecko) Chrome/139.0.0.0 Mobile Safari/537.36"
176.0.56.250 - - [04/Sep/2025:16:42:29 +0000] "GET /uploads/img/personal/personal_image.png HTTP/1.1" 304 - "http://kingsleyopute.site/" "Mozilla/5.0 (Linux; Android 10; K) AppleWebKit/537.36 (KHTML, like Gecko) Chrome/139.0.0.0 Mobile Safari/537.36"
176.0.56.250 - - [04/Sep/2025:16:42:29 +0000] "GET /undefined HTTP/1.1" 404 16583 "http://kingsleyopute.site/" "Mozilla/5.0 (Linux; Android 10; K) AppleWebKit/537.36 (KHTML, like Gecko) Chrome/139.0.0.0 Mobile Safari/537.36"
176.0.56.250 - - [04/Sep/2025:16:42:29 +0000] "GET /uploads/img/sliders/slider_image_345.png HTTP/1.1" 304 - "http://kingsleyopute.site/" "Mozilla/5.0 (Linux; Android 10; K) AppleWebKit/537.36 (KHTML, like Gecko) Chrome/139.0.0.0 Mobile Safari/537.36"
176.0.56.250 - - [04/Sep/2025:16:43:41 +0000] "GET /project/1 HTTP/1.1" 200 1281 "http://kingsleyopute.site/" "Mozilla/5.0 (Linux; Android 10; K) AppleWebKit/537.36 (KHTML, like Gecko) Chrome/139.0.0.0 Mobile Safari/537.36"
176.0.56.250 - - [04/Sep/2025:16:43:42 +0000] "GET /uploads/img/work/project_image_9369.png HTTP/1.1" 304 - "http://kingsleyopute.site/" "Mozilla/5.0 (Linux; Android 10; K) AppleWebKit/537.36 (KHTML, like Gecko) Chrome/139.0.0.0 Mobile Safari/537.36"
176.0.56.250 - - [04/Sep/2025:16:43:42 +0000] "GET /uploads/img/work/project_image_1274.png HTTP/1.1" 304 - "http://kingsleyopute.site/" "Mozilla/5.0 (Linux; Android 10; K) AppleWebKit/537.36 (KHTML, like Gecko) Chrome/139.0.0.0 Mobile Safari/537.36"
176.0.56.250 - - [04/Sep/2025:16:43:42 +0000] "GET /uploads/img/work/project_image_8646.png HTTP/1.1" 304 - "http://kingsleyopute.site/" "Mozilla/5.0 (Linux; Android 10; K) AppleWebKit/537.36 (KHTML, like Gecko) Chrome/139.0.0.0 Mobile Safari/537.36"
176.0.56.250 - - [04/Sep/2025:16:43:42 +0000] "GET /uploads/img/work/project_image_1796.png HTTP/1.1" 304 - "http://kingsleyopute.site/" "Mozilla/5.0 (Linux; Android 10; K) AppleWebKit/537.36 (KHTML, like Gecko) Chrome/139.0.0.0 Mobile Safari/537.36"
176.0.56.250 - - [04/Sep/2025:16:43:42 +0000] "GET /uploads/img/work/project_image_8923.png HTTP/1.1" 304 - "http://kingsleyopute.site/" "Mozilla/5.0 (Linux; Android 10; K) AppleWebKit/537.36 (KHTML, like Gecko) Chrome/139.0.0.0 Mobile Safari/537.36"
176.0.56.250 - - [04/Sep/2025:16:43:42 +0000] "GET /uploads/img/work/project_image_3986.png HTTP/1.1" 304 - "http://kingsleyopute.site/" "Mozilla/5.0 (Linux; Android 10; K) AppleWebKit/537.36 (KHTML, like Gecko) Chrome/139.0.0.0 Mobile Safari/537.36"
176.0.56.250 - - [04/Sep/2025:16:43:42 +0000] "GET /uploads/img/work/project_image_8181.png HTTP/1.1" 304 - "http://kingsleyopute.site/" "Mozilla/5.0 (Linux; Android 10; K) AppleWebKit/537.36 (KHTML, like Gecko) Chrome/139.0.0.0 Mobile Safari/537.36"
176.0.56.250 - - [04/Sep/2025:16:43:42 +0000] "GET /uploads/img/work/project_image_541.png HTTP/1.1" 304 - "http://kingsleyopute.site/" "Mozilla/5.0 (Linux; Android 10; K) AppleWebKit/537.36 (KHTML, like Gecko) Chrome/139.0.0.0 Mobile Safari/537.36"
176.0.56.250 - - [04/Sep/2025:16:43:42 +0000] "GET /uploads/img/work/project_image_7431.png HTTP/1.1" 304 - "http://kingsleyopute.site/" "Mozilla/5.0 (Linux; Android 10; K) AppleWebKit/537.36 (KHTML, like Gecko) Chrome/139.0.0.0 Mobile Safari/537.36"
176.0.56.250 - - [04/Sep/2025:16:44:26 +0000] "GET /project/3 HTTP/1.1" 200 53887 "http://kingsleyopute.site/" "Mozilla/5.0 (Linux; Android 10; K) AppleWebKit/537.36 (KHTML, like Gecko) Chrome/139.0.0.0 Mobile Safari/537.36"
176.0.56.250 - - [04/Sep/2025:16:44:26 +0000] "GET /null HTTP/1.1" 404 16583 "http://kingsleyopute.site/" "Mozilla/5.0 (Linux; Android 10; K) AppleWebKit/537.36 (KHTML, like Gecko) Chrome/139.0.0.0 Mobile Safari/537.36"
176.0.56.250 - - [04/Sep/2025:16:44:40 +0000] "GET /project/6 HTTP/1.1" 200 1443 "http://kingsleyopute.site/" "Mozilla/5.0 (Linux; Android 10; K) AppleWebKit/537.36 (KHTML, like Gecko) Chrome/139.0.0.0 Mobile Safari/537.36"
176.0.56.250 - - [04/Sep/2025:16:44:41 +0000] "GET /null HTTP/1.1" 404 16583 "http://kingsleyopute.site/" "Mozilla/5.0 (Linux; Android 10; K) AppleWebKit/537.36 (KHTML, like Gecko) Chrome/139.0.0.0 Mobile Safari/537.36"
176.0.56.250 - - [04/Sep/2025:16:47:39 +0000] "GET /project/1 HTTP/1.1" 200 1281 "http://kingsleyopute.site/" "Mozilla/5.0 (Linux; Android 10; K) AppleWebKit/537.36 (KHTML, like Gecko) Chrome/139.0.0.0 Mobile Safari/537.36"
176.0.193.43 - - [04/Sep/2025:16:57:00 +0000] "GET / HTTP/1.1" 200 14278 "-" "Mozilla/5.0 (Windows NT 10.0; Win64; x64) AppleWebKit/537.36 (KHTML, like Gecko) Chrome/139.0.0.0 Safari/537.36"
176.0.193.43 - - [04/Sep/2025:16:57:01 +0000] "GET /assets/fonts/fontawesome/css/all.min.css HTTP/1.1" 200 18395 "https://kingsleyopute.site/" "Mozilla/5.0 (Windows NT 10.0; Win64; x64) AppleWebKit/537.36 (KHTML, like Gecko) Chrome/139.0.0.0 Safari/537.36"
176.0.193.43 - - [04/Sep/2025:16:57:01 +0000] "GET /assets/fronted/css/owl.carousel.min.css HTTP/1.1" 200 1068 "https://kingsleyopute.site/" "Mozilla/5.0 (Windows NT 10.0; Win64; x64) AppleWebKit/537.36 (KHTML, like Gecko) Chrome/139.0.0.0 Safari/537.36"
176.0.193.43 - - [04/Sep/2025:16:57:01 +0000] "GET /assets/fronted/css/supersized.css HTTP/1.1" 200 472 "https://kingsleyopute.site/" "Mozilla/5.0 (Windows NT 10.0; Win64; x64) AppleWebKit/537.36 (KHTML, like Gecko) Chrome/139.0.0.0 Safari/537.36"
176.0.193.43 - - [04/Sep/2025:16:57:01 +0000] "GET /assets/fronted/css/page_animations.css HTTP/1.1" 200 3835 "https://kingsleyopute.site/" "Mozilla/5.0 (Windows NT 10.0; Win64; x64) AppleWebKit/537.36 (KHTML, like Gecko) Chrome/139.0.0.0 Safari/537.36"
176.0.193.43 - - [04/Sep/2025:16:57:01 +0000] "GET /assets/fronted/css/animate.min.css HTTP/1.1" 200 5270 "https://kingsleyopute.site/" "Mozilla/5.0 (Windows NT 10.0; Win64; x64) AppleWebKit/537.36 (KHTML, like Gecko) Chrome/139.0.0.0 Safari/537.36"
176.0.193.43 - - [04/Sep/2025:16:57:01 +0000] "GET /assets/fronted/css/owl.theme.default.min.css HTTP/1.1" 200 479 "https://kingsleyopute.site/" "Mozilla/5.0 (Windows NT 10.0; Win64; x64) AppleWebKit/537.36 (KHTML, like Gecko) Chrome/139.0.0.0 Safari/537.36"
176.0.193.43 - - [04/Sep/2025:16:57:01 +0000] "GET /assets/bootstrap/css/bootstrap.min.css HTTP/1.1" 200 22983 "https://kingsleyopute.site/" "Mozilla/5.0 (Windows NT 10.0; Win64; x64) AppleWebKit/537.36 (KHTML, like Gecko) Chrome/139.0.0.0 Safari/537.36"
176.0.193.43 - - [04/Sep/2025:16:57:01 +0000] "GET /assets/fronted/css/magnific-popup.css HTTP/1.1" 200 1798 "https://kingsleyopute.site/" "Mozilla/5.0 (Windows NT 10.0; Win64; x64) AppleWebKit/537.36 (KHTML, like Gecko) Chrome/139.0.0.0 Safari/537.36"
176.0.193.43 - - [04/Sep/2025:16:57:01 +0000] "GET /assets/fronted/css/leaflet.css HTTP/1.1" 200 3477 "https://kingsleyopute.site/" "Mozilla/5.0 (Windows NT 10.0; Win64; x64) AppleWebKit/537.36 (KHTML, like Gecko) Chrome/139.0.0.0 Safari/537.36"
176.0.193.43 - - [04/Sep/2025:16:57:01 +0000] "GET /public/assets/fronted/css/app.css HTTP/1.1" 200 8681 "https://kingsleyopute.site/" "Mozilla/5.0 (Windows NT 10.0; Win64; x64) AppleWebKit/537.36 (KHTML, like Gecko) Chrome/139.0.0.0 Safari/537.36"
176.0.193.43 - - [04/Sep/2025:16:57:01 +0000] "GET /uploads/img/general/loader_500.png HTTP/1.1" 200 2599 "https://kingsleyopute.site/" "Mozilla/5.0 (Windows NT 10.0; Win64; x64) AppleWebKit/537.36 (KHTML, like Gecko) Chrome/139.0.0.0 Safari/537.36"
176.0.193.43 - - [04/Sep/2025:16:57:01 +0000] "GET /assets/fronted/js/leaflet.js HTTP/1.1" 200 41499 "https://kingsleyopute.site/" "Mozilla/5.0 (Windows NT 10.0; Win64; x64) AppleWebKit/537.36 (KHTML, like Gecko) Chrome/139.0.0.0 Safari/537.36"
176.0.193.43 - - [04/Sep/2025:16:57:01 +0000] "GET /uploads/img/general/logo_header_dark.png HTTP/1.1" 200 2867 "https://kingsleyopute.site/" "Mozilla/5.0 (Windows NT 10.0; Win64; x64) AppleWebKit/537.36 (KHTML, like Gecko) Chrome/139.0.0.0 Safari/537.36"
176.0.193.43 - - [04/Sep/2025:16:57:01 +0000] "GET /uploads/img/general/logo_header_light.png HTTP/1.1" 200 3458 "https://kingsleyopute.site/" "Mozilla/5.0 (Windows NT 10.0; Win64; x64) AppleWebKit/537.36 (KHTML, like Gecko) Chrome/139.0.0.0 Safari/537.36"
176.0.193.43 - - [04/Sep/2025:16:57:01 +0000] "GET /assets/fronted/js/leaflet-providers.js HTTP/1.1" 200 7986 "https://kingsleyopute.site/" "Mozilla/5.0 (Windows NT 10.0; Win64; x64) AppleWebKit/537.36 (KHTML, like Gecko) Chrome/139.0.0.0 Safari/537.36"
176.0.193.43 - - [04/Sep/2025:16:57:01 +0000] "GET /uploads/img/work/project_image_8440.png HTTP/1.1" 200 17131 "https://kingsleyopute.site/" "Mozilla/5.0 (Windows NT 10.0; Win64; x64) AppleWebKit/537.36 (KHTML, like Gecko) Chrome/139.0.0.0 Safari/537.36"
176.0.193.43 - - [04/Sep/2025:16:57:01 +0000] "GET /uploads/img/work/project_image_7393.png HTTP/1.1" 200 33386 "https://kingsleyopute.site/" "Mozilla/5.0 (Windows NT 10.0; Win64; x64) AppleWebKit/537.36 (KHTML, like Gecko) Chrome/139.0.0.0 Safari/537.36"
176.0.193.43 - - [04/Sep/2025:16:57:01 +0000] "GET /uploads/img/work/project_image_9494.png HTTP/1.1" 200 35582 "https://kingsleyopute.site/" "Mozilla/5.0 (Windows NT 10.0; Win64; x64) AppleWebKit/537.36 (KHTML, like Gecko) Chrome/139.0.0.0 Safari/537.36"
176.0.193.43 - - [04/Sep/2025:16:57:01 +0000] "GET /uploads/img/work/project_image_7978.png HTTP/1.1" 200 194168 "https://kingsleyopute.site/" "Mozilla/5.0 (Windows NT 10.0; Win64; x64) AppleWebKit/537.36 (KHTML, like Gecko) Chrome/139.0.0.0 Safari/537.36"
176.0.193.43 - - [04/Sep/2025:16:57:01 +0000] "GET /assets/fronted/js/jquery-1.11.2.min.js HTTP/1.1" 200 33282 "https://kingsleyopute.site/" "Mozilla/5.0 (Windows NT 10.0; Win64; x64) AppleWebKit/537.36 (KHTML, like Gecko) Chrome/139.0.0.0 Safari/537.36"
176.0.193.43 - - [04/Sep/2025:16:57:01 +0000] "GET /assets/fonts/fontawesome/webfonts/fa-brands-400.woff2 HTTP/1.1" 200 104544 "https://kingsleyopute.site/assets/fonts/fontawesome/css/all.min.css" "Mozilla/5.0 (Windows NT 10.0; Win64; x64) AppleWebKit/537.36 (KHTML, like Gecko) Chrome/139.0.0.0 Safari/537.36"
176.0.193.43 - - [04/Sep/2025:16:57:01 +0000] "GET /assets/fronted/js/jquery-ui.js HTTP/1.1" 200 73242 "https://kingsleyopute.site/" "Mozilla/5.0 (Windows NT 10.0; Win64; x64) AppleWebKit/537.36 (KHTML, like Gecko) Chrome/139.0.0.0 Safari/537.36"
176.0.193.43 - - [04/Sep/2025:16:57:01 +0000] "GET /assets/bootstrap/js/bootstrap.bundle.min.js HTTP/1.1" 200 22447 "https://kingsleyopute.site/" "Mozilla/5.0 (Windows NT 10.0; Win64; x64) AppleWebKit/537.36 (KHTML, like Gecko) Chrome/139.0.0.0 Safari/537.36"
176.0.193.43 - - [04/Sep/2025:16:57:01 +0000] "GET /assets/fronted/js/transition.js HTTP/1.1" 200 7430 "https://kingsleyopute.site/" "Mozilla/5.0 (Windows NT 10.0; Win64; x64) AppleWebKit/537.36 (KHTML, like Gecko) Chrome/139.0.0.0 Safari/537.36"
176.0.193.43 - - [04/Sep/2025:16:57:01 +0000] "GET /assets/fronted/js/circle-progress.js HTTP/1.1" 200 1455 "https://kingsleyopute.site/" "Mozilla/5.0 (Windows NT 10.0; Win64; x64) AppleWebKit/537.36 (KHTML, like Gecko) Chrome/139.0.0.0 Safari/537.36"
176.0.193.43 - - [04/Sep/2025:16:57:01 +0000] "GET /assets/fonts/fontawesome/webfonts/fa-solid-900.woff2 HTTP/1.1" 200 126828 "https://kingsleyopute.site/assets/fonts/fontawesome/css/all.min.css" "Mozilla/5.0 (Windows NT 10.0; Win64; x64) AppleWebKit/537.36 (KHTML, like Gecko) Chrome/139.0.0.0 Safari/537.36"
176.0.193.43 - - [04/Sep/2025:16:57:01 +0000] "GET /assets/fronted/js/supersized.3.2.7.min.js HTTP/1.1" 200 3430 "https://kingsleyopute.site/" "Mozilla/5.0 (Windows NT 10.0; Win64; x64) AppleWebKit/537.36 (KHTML, like Gecko) Chrome/139.0.0.0 Safari/537.36"
176.0.193.43 - - [04/Sep/2025:16:57:02 +0000] "GET /assets/fronted/js/supersized.shutter.min.js HTTP/1.1" 200 1678 "https://kingsleyopute.site/" "Mozilla/5.0 (Windows NT 10.0; Win64; x64) AppleWebKit/537.36 (KHTML, like Gecko) Chrome/139.0.0.0 Safari/537.36"
176.0.193.43 - - [04/Sep/2025:16:57:02 +0000] "GET /assets/fronted/js/slider.js HTTP/1.1" 200 956 "https://kingsleyopute.site/" "Mozilla/5.0 (Windows NT 10.0; Win64; x64) AppleWebKit/537.36 (KHTML, like Gecko) Chrome/139.0.0.0 Safari/537.36"
176.0.193.43 - - [04/Sep/2025:16:57:02 +0000] "GET /assets/fronted/js/jquery.easypiechart.js HTTP/1.1" 200 1413 "https://kingsleyopute.site/" "Mozilla/5.0 (Windows NT 10.0; Win64; x64) AppleWebKit/537.36 (KHTML, like Gecko) Chrome/139.0.0.0 Safari/537.36"
176.0.193.43 - - [04/Sep/2025:16:57:02 +0000] "GET /assets/fronted/js/isotope.pkgd.min.js HTTP/1.1" 200 10090 "https://kingsleyopute.site/" "Mozilla/5.0 (Windows NT 10.0; Win64; x64) AppleWebKit/537.36 (KHTML, like Gecko) Chrome/139.0.0.0 Safari/537.36"
176.0.193.43 - - [04/Sep/2025:16:57:02 +0000] "GET /assets/fronted/js/imagesloaded.js HTTP/1.1" 200 1542 "https://kingsleyopute.site/" "Mozilla/5.0 (Windows NT 10.0; Win64; x64) AppleWebKit/537.36 (KHTML, like Gecko) Chrome/139.0.0.0 Safari/537.36"
176.0.193.43 - - [04/Sep/2025:16:57:02 +0000] "GET /assets/fronted/js/jquery.magnific-popup.min.js HTTP/1.1" 200 7507 "https://kingsleyopute.site/" "Mozilla/5.0 (Windows NT 10.0; Win64; x64) AppleWebKit/537.36 (KHTML, like Gecko) Chrome/139.0.0.0 Safari/537.36"
176.0.193.43 - - [04/Sep/2025:16:57:02 +0000] "GET /assets/fronted/js/owl.carousel.min.js HTTP/1.1" 200 11412 "https://kingsleyopute.site/" "Mozilla/5.0 (Windows NT 10.0; Win64; x64) AppleWebKit/537.36 (KHTML, like Gecko) Chrome/139.0.0.0 Safari/537.36"
176.0.193.43 - - [04/Sep/2025:16:57:02 +0000] "GET /assets/fronted/js/custom.js HTTP/1.1" 200 6128 "https://kingsleyopute.site/" "Mozilla/5.0 (Windows NT 10.0; Win64; x64) AppleWebKit/537.36 (KHTML, like Gecko) Chrome/139.0.0.0 Safari/537.36"
176.0.193.43 - - [04/Sep/2025:16:57:02 +0000] "GET /assets/fronted/js/cookie.js HTTP/1.1" 200 1481 "https://kingsleyopute.site/" "Mozilla/5.0 (Windows NT 10.0; Win64; x64) AppleWebKit/537.36 (KHTML, like Gecko) Chrome/139.0.0.0 Safari/537.36"
176.0.193.43 - - [04/Sep/2025:16:57:02 +0000] "GET /demo/img/sections/services_background.jpg HTTP/1.1" 200 26563 "https://kingsleyopute.site/" "Mozilla/5.0 (Windows NT 10.0; Win64; x64) AppleWebKit/537.36 (KHTML, like Gecko) Chrome/139.0.0.0 Safari/537.36"
176.0.193.43 - - [04/Sep/2025:16:57:02 +0000] "GET /uploads/img/testimonials/testimonial_7360.png HTTP/1.1" 200 24857 "https://kingsleyopute.site/" "Mozilla/5.0 (Windows NT 10.0; Win64; x64) AppleWebKit/537.36 (KHTML, like Gecko) Chrome/139.0.0.0 Safari/537.36"
176.0.193.43 - - [04/Sep/2025:16:57:02 +0000] "GET /uploads/img/testimonials/testimonial_6151.png HTTP/1.1" 200 55770 "https://kingsleyopute.site/" "Mozilla/5.0 (Windows NT 10.0; Win64; x64) AppleWebKit/537.36 (KHTML, like Gecko) Chrome/139.0.0.0 Safari/537.36"
176.0.193.43 - - [04/Sep/2025:16:57:02 +0000] "GET /demo/img/sections/skills_background.png HTTP/1.1" 200 59753 "https://kingsleyopute.site/" "Mozilla/5.0 (Windows NT 10.0; Win64; x64) AppleWebKit/537.36 (KHTML, like Gecko) Chrome/139.0.0.0 Safari/537.36"
176.0.193.43 - - [04/Sep/2025:16:57:02 +0000] "GET /assets/fonts/fontawesome/webfonts/fa-regular-400.woff2 HTTP/1.1" 200 23900 "https://kingsleyopute.site/assets/fonts/fontawesome/css/all.min.css" "Mozilla/5.0 (Windows NT 10.0; Win64; x64) AppleWebKit/537.36 (KHTML, like Gecko) Chrome/139.0.0.0 Safari/537.36"
176.0.193.43 - - [04/Sep/2025:16:57:02 +0000] "GET /demo/img/sections/projects_background.png HTTP/1.1" 200 59753 "https://kingsleyopute.site/" "Mozilla/5.0 (Windows NT 10.0; Win64; x64) AppleWebKit/537.36 (KHTML, like Gecko) Chrome/139.0.0.0 Safari/537.36"
176.0.193.43 - - [04/Sep/2025:16:57:02 +0000] "GET /assets/fronted/img/icon-location.png HTTP/1.1" 200 1757 "https://kingsleyopute.site/" "Mozilla/5.0 (Windows NT 10.0; Win64; x64) AppleWebKit/537.36 (KHTML, like Gecko) Chrome/139.0.0.0 Safari/537.36"
176.0.193.43 - - [04/Sep/2025:16:57:02 +0000] "GET /uploads/img/personal/personal_image.png HTTP/1.1" 200 1125779 "https://kingsleyopute.site/" "Mozilla/5.0 (Windows NT 10.0; Win64; x64) AppleWebKit/537.36 (KHTML, like Gecko) Chrome/139.0.0.0 Safari/537.36"
176.0.193.43 - - [04/Sep/2025:16:57:02 +0000] "GET /undefined HTTP/1.1" 404 16588 "https://kingsleyopute.site/" "Mozilla/5.0 (Windows NT 10.0; Win64; x64) AppleWebKit/537.36 (KHTML, like Gecko) Chrome/139.0.0.0 Safari/537.36"
176.0.193.43 - - [04/Sep/2025:16:57:02 +0000] "GET /uploads/img/sliders/slider_image_345.png HTTP/1.1" 200 473814 "https://kingsleyopute.site/" "Mozilla/5.0 (Windows NT 10.0; Win64; x64) AppleWebKit/537.36 (KHTML, like Gecko) Chrome/139.0.0.0 Safari/537.36"
176.0.193.43 - - [04/Sep/2025:16:57:02 +0000] "GET /uploads/img/general/favicon/favicon.png HTTP/1.1" 200 9616 "https://kingsleyopute.site/" "Mozilla/5.0 (Windows NT 10.0; Win64; x64) AppleWebKit/537.36 (KHTML, like Gecko) Chrome/139.0.0.0 Safari/537.36"
87.79.22.196 - - [04/Sep/2025:16:57:03 +0000] "GET / HTTP/1.1" 200 14273 "https://www.google.com/" "Mozilla/5.0 (Windows NT 10.0; Win64; x64) AppleWebKit/537.36 (KHTML, like Gecko) Chrome/136.0.0.0 Safari/537.36"
87.79.22.196 - - [04/Sep/2025:16:57:04 +0000] "GET /assets/fonts/fontawesome/css/all.min.css HTTP/1.1" 200 18395 "http://kingsleyopute.site/" "Mozilla/5.0 (Windows NT 10.0; Win64; x64) AppleWebKit/537.36 (KHTML, like Gecko) Chrome/136.0.0.0 Safari/537.36"
87.79.22.196 - - [04/Sep/2025:16:57:04 +0000] "GET /assets/fronted/css/supersized.css HTTP/1.1" 200 472 "http://kingsleyopute.site/" "Mozilla/5.0 (Windows NT 10.0; Win64; x64) AppleWebKit/537.36 (KHTML, like Gecko) Chrome/136.0.0.0 Safari/537.36"
87.79.22.229 - - [04/Sep/2025:16:57:04 +0000] "GET / HTTP/1.1" 200 14278 "https://www.google.com/" "Mozilla/5.0 (Windows NT 10.0; Win64; x64) AppleWebKit/537.36 (KHTML, like Gecko) Chrome/138.0.0.0 Safari/537.36"
87.79.22.196 - - [04/Sep/2025:16:57:04 +0000] "GET /assets/fronted/css/owl.carousel.min.css HTTP/1.1" 200 1068 "http://kingsleyopute.site/" "Mozilla/5.0 (Windows NT 10.0; Win64; x64) AppleWebKit/537.36 (KHTML, like Gecko) Chrome/136.0.0.0 Safari/537.36"
87.79.22.196 - - [04/Sep/2025:16:57:04 +0000] "GET /assets/fronted/css/owl.theme.default.min.css HTTP/1.1" 200 479 "http://kingsleyopute.site/" "Mozilla/5.0 (Windows NT 10.0; Win64; x64) AppleWebKit/537.36 (KHTML, like Gecko) Chrome/136.0.0.0 Safari/537.36"
87.79.22.196 - - [04/Sep/2025:16:57:04 +0000] "GET /assets/fronted/css/page_animations.css HTTP/1.1" 200 3835 "http://kingsleyopute.site/" "Mozilla/5.0 (Windows NT 10.0; Win64; x64) AppleWebKit/537.36 (KHTML, like Gecko) Chrome/136.0.0.0 Safari/537.36"
87.79.22.196 - - [04/Sep/2025:16:57:04 +0000] "GET /assets/fronted/css/animate.min.css HTTP/1.1" 200 5270 "http://kingsleyopute.site/" "Mozilla/5.0 (Windows NT 10.0; Win64; x64) AppleWebKit/537.36 (KHTML, like Gecko) Chrome/136.0.0.0 Safari/537.36"
87.79.22.196 - - [04/Sep/2025:16:57:04 +0000] "GET /assets/bootstrap/css/bootstrap.min.css HTTP/1.1" 200 22983 "http://kingsleyopute.site/" "Mozilla/5.0 (Windows NT 10.0; Win64; x64) AppleWebKit/537.36 (KHTML, like Gecko) Chrome/136.0.0.0 Safari/537.36"
87.79.22.196 - - [04/Sep/2025:16:57:04 +0000] "GET /assets/fronted/css/leaflet.css HTTP/1.1" 200 3477 "http://kingsleyopute.site/" "Mozilla/5.0 (Windows NT 10.0; Win64; x64) AppleWebKit/537.36 (KHTML, like Gecko) Chrome/136.0.0.0 Safari/537.36"
87.79.22.196 - - [04/Sep/2025:16:57:04 +0000] "GET /assets/fronted/css/magnific-popup.css HTTP/1.1" 200 1798 "http://kingsleyopute.site/" "Mozilla/5.0 (Windows NT 10.0; Win64; x64) AppleWebKit/537.36 (KHTML, like Gecko) Chrome/136.0.0.0 Safari/537.36"
87.79.22.196 - - [04/Sep/2025:16:57:04 +0000] "GET /public/assets/fronted/css/app.css HTTP/1.1" 200 8681 "http://kingsleyopute.site/" "Mozilla/5.0 (Windows NT 10.0; Win64; x64) AppleWebKit/537.36 (KHTML, like Gecko) Chrome/136.0.0.0 Safari/537.36"
87.79.22.196 - - [04/Sep/2025:16:57:04 +0000] "GET /assets/fronted/js/leaflet.js HTTP/1.1" 200 41499 "http://kingsleyopute.site/" "Mozilla/5.0 (Windows NT 10.0; Win64; x64) AppleWebKit/537.36 (KHTML, like Gecko) Chrome/136.0.0.0 Safari/537.36"
87.79.22.229 - - [04/Sep/2025:16:57:04 +0000] "GET /assets/fonts/fontawesome/css/all.min.css HTTP/1.1" 200 18395 "https://kingsleyopute.site/" "Mozilla/5.0 (Windows NT 10.0; Win64; x64) AppleWebKit/537.36 (KHTML, like Gecko) Chrome/138.0.0.0 Safari/537.36"
87.79.22.196 - - [04/Sep/2025:16:57:04 +0000] "GET /assets/fronted/js/leaflet-providers.js HTTP/1.1" 200 7986 "http://kingsleyopute.site/" "Mozilla/5.0 (Windows NT 10.0; Win64; x64) AppleWebKit/537.36 (KHTML, like Gecko) Chrome/136.0.0.0 Safari/537.36"
87.79.22.196 - - [04/Sep/2025:16:57:04 +0000] "GET /uploads/img/general/loader_500.png HTTP/1.1" 200 2599 "http://kingsleyopute.site/" "Mozilla/5.0 (Windows NT 10.0; Win64; x64) AppleWebKit/537.36 (KHTML, like Gecko) Chrome/136.0.0.0 Safari/537.36"
87.79.22.196 - - [04/Sep/2025:16:57:04 +0000] "GET /uploads/img/general/logo_header_dark.png HTTP/1.1" 200 2867 "http://kingsleyopute.site/" "Mozilla/5.0 (Windows NT 10.0; Win64; x64) AppleWebKit/537.36 (KHTML, like Gecko) Chrome/136.0.0.0 Safari/537.36"
87.79.22.196 - - [04/Sep/2025:16:57:04 +0000] "GET /uploads/img/work/project_image_7978.png HTTP/1.1" 200 194168 "http://kingsleyopute.site/" "Mozilla/5.0 (Windows NT 10.0; Win64; x64) AppleWebKit/537.36 (KHTML, like Gecko) Chrome/136.0.0.0 Safari/537.36"
87.79.22.196 - - [04/Sep/2025:16:57:04 +0000] "GET /uploads/img/general/logo_header_light.png HTTP/1.1" 200 3458 "http://kingsleyopute.site/" "Mozilla/5.0 (Windows NT 10.0; Win64; x64) AppleWebKit/537.36 (KHTML, like Gecko) Chrome/136.0.0.0 Safari/537.36"
87.79.22.196 - - [04/Sep/2025:16:57:05 +0000] "GET /uploads/img/work/project_image_8440.png HTTP/1.1" 200 17131 "http://kingsleyopute.site/" "Mozilla/5.0 (Windows NT 10.0; Win64; x64) AppleWebKit/537.36 (KHTML, like Gecko) Chrome/136.0.0.0 Safari/537.36"
87.79.22.196 - - [04/Sep/2025:16:57:05 +0000] "GET /uploads/img/work/project_image_7393.png HTTP/1.1" 200 33386 "http://kingsleyopute.site/" "Mozilla/5.0 (Windows NT 10.0; Win64; x64) AppleWebKit/537.36 (KHTML, like Gecko) Chrome/136.0.0.0 Safari/537.36"
87.79.22.196 - - [04/Sep/2025:16:57:05 +0000] "GET /uploads/img/work/project_image_9494.png HTTP/1.1" 200 35582 "http://kingsleyopute.site/" "Mozilla/5.0 (Windows NT 10.0; Win64; x64) AppleWebKit/537.36 (KHTML, like Gecko) Chrome/136.0.0.0 Safari/537.36"
87.79.22.229 - - [04/Sep/2025:16:57:05 +0000] "GET /assets/fronted/css/supersized.css HTTP/1.1" 200 472 "https://kingsleyopute.site/" "Mozilla/5.0 (Windows NT 10.0; Win64; x64) AppleWebKit/537.36 (KHTML, like Gecko) Chrome/138.0.0.0 Safari/537.36"
87.79.22.196 - - [04/Sep/2025:16:57:05 +0000] "GET /assets/fronted/js/jquery-1.11.2.min.js HTTP/1.1" 200 33282 "http://kingsleyopute.site/" "Mozilla/5.0 (Windows NT 10.0; Win64; x64) AppleWebKit/537.36 (KHTML, like Gecko) Chrome/136.0.0.0 Safari/537.36"
87.79.22.229 - - [04/Sep/2025:16:57:05 +0000] "GET /assets/fronted/css/owl.carousel.min.css HTTP/1.1" 200 1068 "https://kingsleyopute.site/" "Mozilla/5.0 (Windows NT 10.0; Win64; x64) AppleWebKit/537.36 (KHTML, like Gecko) Chrome/138.0.0.0 Safari/537.36"
87.79.22.196 - - [04/Sep/2025:16:57:05 +0000] "GET /assets/bootstrap/js/bootstrap.bundle.min.js HTTP/1.1" 200 22447 "http://kingsleyopute.site/" "Mozilla/5.0 (Windows NT 10.0; Win64; x64) AppleWebKit/537.36 (KHTML, like Gecko) Chrome/136.0.0.0 Safari/537.36"
87.79.22.229 - - [04/Sep/2025:16:57:05 +0000] "GET /assets/fronted/css/owl.theme.default.min.css HTTP/1.1" 200 479 "https://kingsleyopute.site/" "Mozilla/5.0 (Windows NT 10.0; Win64; x64) AppleWebKit/537.36 (KHTML, like Gecko) Chrome/138.0.0.0 Safari/537.36"
87.79.22.196 - - [04/Sep/2025:16:57:05 +0000] "GET /assets/fronted/js/jquery-ui.js HTTP/1.1" 200 73242 "http://kingsleyopute.site/" "Mozilla/5.0 (Windows NT 10.0; Win64; x64) AppleWebKit/537.36 (KHTML, like Gecko) Chrome/136.0.0.0 Safari/537.36"
87.79.22.196 - - [04/Sep/2025:16:57:05 +0000] "GET /assets/fronted/js/transition.js HTTP/1.1" 200 7430 "http://kingsleyopute.site/" "Mozilla/5.0 (Windows NT 10.0; Win64; x64) AppleWebKit/537.36 (KHTML, like Gecko) Chrome/136.0.0.0 Safari/537.36"
87.79.22.196 - - [04/Sep/2025:16:57:05 +0000] "GET /assets/fronted/js/circle-progress.js HTTP/1.1" 200 1455 "http://kingsleyopute.site/" "Mozilla/5.0 (Windows NT 10.0; Win64; x64) AppleWebKit/537.36 (KHTML, like Gecko) Chrome/136.0.0.0 Safari/537.36"
87.79.22.229 - - [04/Sep/2025:16:57:05 +0000] "GET /assets/bootstrap/css/bootstrap.min.css HTTP/1.1" 200 22983 "https://kingsleyopute.site/" "Mozilla/5.0 (Windows NT 10.0; Win64; x64) AppleWebKit/537.36 (KHTML, like Gecko) Chrome/138.0.0.0 Safari/537.36"
87.79.22.229 - - [04/Sep/2025:16:57:05 +0000] "GET /assets/fronted/css/page_animations.css HTTP/1.1" 200 3835 "https://kingsleyopute.site/" "Mozilla/5.0 (Windows NT 10.0; Win64; x64) AppleWebKit/537.36 (KHTML, like Gecko) Chrome/138.0.0.0 Safari/537.36"
87.79.22.196 - - [04/Sep/2025:16:57:05 +0000] "GET /assets/fronted/js/supersized.3.2.7.min.js HTTP/1.1" 200 3430 "http://kingsleyopute.site/" "Mozilla/5.0 (Windows NT 10.0; Win64; x64) AppleWebKit/537.36 (KHTML, like Gecko) Chrome/136.0.0.0 Safari/537.36"
87.79.22.229 - - [04/Sep/2025:16:57:05 +0000] "GET /assets/fronted/css/animate.min.css HTTP/1.1" 200 5270 "https://kingsleyopute.site/" "Mozilla/5.0 (Windows NT 10.0; Win64; x64) AppleWebKit/537.36 (KHTML, like Gecko) Chrome/138.0.0.0 Safari/537.36"
87.79.22.229 - - [04/Sep/2025:16:57:05 +0000] "GET /assets/fronted/css/leaflet.css HTTP/1.1" 200 3477 "https://kingsleyopute.site/" "Mozilla/5.0 (Windows NT 10.0; Win64; x64) AppleWebKit/537.36 (KHTML, like Gecko) Chrome/138.0.0.0 Safari/537.36"
87.79.22.229 - - [04/Sep/2025:16:57:05 +0000] "GET /public/assets/fronted/css/app.css HTTP/1.1" 200 8681 "https://kingsleyopute.site/" "Mozilla/5.0 (Windows NT 10.0; Win64; x64) AppleWebKit/537.36 (KHTML, like Gecko) Chrome/138.0.0.0 Safari/537.36"
87.79.22.196 - - [04/Sep/2025:16:57:05 +0000] "GET /assets/fronted/js/supersized.shutter.min.js HTTP/1.1" 200 1678 "http://kingsleyopute.site/" "Mozilla/5.0 (Windows NT 10.0; Win64; x64) AppleWebKit/537.36 (KHTML, like Gecko) Chrome/136.0.0.0 Safari/537.36"
87.79.22.229 - - [04/Sep/2025:16:57:05 +0000] "GET /assets/fronted/css/magnific-popup.css HTTP/1.1" 200 1798 "https://kingsleyopute.site/" "Mozilla/5.0 (Windows NT 10.0; Win64; x64) AppleWebKit/537.36 (KHTML, like Gecko) Chrome/138.0.0.0 Safari/537.36"
87.79.22.196 - - [04/Sep/2025:16:57:05 +0000] "GET /assets/fronted/js/slider.js HTTP/1.1" 200 956 "http://kingsleyopute.site/" "Mozilla/5.0 (Windows NT 10.0; Win64; x64) AppleWebKit/537.36 (KHTML, like Gecko) Chrome/136.0.0.0 Safari/537.36"
87.79.22.229 - - [04/Sep/2025:16:57:05 +0000] "GET /assets/fronted/js/leaflet.js HTTP/1.1" 200 41499 "https://kingsleyopute.site/" "Mozilla/5.0 (Windows NT 10.0; Win64; x64) AppleWebKit/537.36 (KHTML, like Gecko) Chrome/138.0.0.0 Safari/537.36"
87.79.22.196 - - [04/Sep/2025:16:57:05 +0000] "GET /assets/fronted/js/jquery.easypiechart.js HTTP/1.1" 200 1413 "http://kingsleyopute.site/" "Mozilla/5.0 (Windows NT 10.0; Win64; x64) AppleWebKit/537.36 (KHTML, like Gecko) Chrome/136.0.0.0 Safari/537.36"
87.79.22.196 - - [04/Sep/2025:16:57:05 +0000] "GET /assets/fronted/js/isotope.pkgd.min.js HTTP/1.1" 200 10090 "http://kingsleyopute.site/" "Mozilla/5.0 (Windows NT 10.0; Win64; x64) AppleWebKit/537.36 (KHTML, like Gecko) Chrome/136.0.0.0 Safari/537.36"
87.79.22.196 - - [04/Sep/2025:16:57:05 +0000] "GET /assets/fronted/js/imagesloaded.js HTTP/1.1" 200 1542 "http://kingsleyopute.site/" "Mozilla/5.0 (Windows NT 10.0; Win64; x64) AppleWebKit/537.36 (KHTML, like Gecko) Chrome/136.0.0.0 Safari/537.36"
87.79.22.229 - - [04/Sep/2025:16:57:05 +0000] "GET /uploads/img/general/loader_500.png HTTP/1.1" 200 2599 "https://kingsleyopute.site/" "Mozilla/5.0 (Windows NT 10.0; Win64; x64) AppleWebKit/537.36 (KHTML, like Gecko) Chrome/138.0.0.0 Safari/537.36"
87.79.22.229 - - [04/Sep/2025:16:57:05 +0000] "GET /assets/fronted/js/leaflet-providers.js HTTP/1.1" 200 7986 "https://kingsleyopute.site/" "Mozilla/5.0 (Windows NT 10.0; Win64; x64) AppleWebKit/537.36 (KHTML, like Gecko) Chrome/138.0.0.0 Safari/537.36"
87.79.22.229 - - [04/Sep/2025:16:57:05 +0000] "GET /uploads/img/general/logo_header_light.png HTTP/1.1" 200 3458 "https://kingsleyopute.site/" "Mozilla/5.0 (Windows NT 10.0; Win64; x64) AppleWebKit/537.36 (KHTML, like Gecko) Chrome/138.0.0.0 Safari/537.36"
87.79.22.229 - - [04/Sep/2025:16:57:05 +0000] "GET /uploads/img/general/logo_header_dark.png HTTP/1.1" 200 2867 "https://kingsleyopute.site/" "Mozilla/5.0 (Windows NT 10.0; Win64; x64) AppleWebKit/537.36 (KHTML, like Gecko) Chrome/138.0.0.0 Safari/537.36"
87.79.22.196 - - [04/Sep/2025:16:57:05 +0000] "GET /assets/fronted/js/jquery.magnific-popup.min.js HTTP/1.1" 200 7507 "http://kingsleyopute.site/" "Mozilla/5.0 (Windows NT 10.0; Win64; x64) AppleWebKit/537.36 (KHTML, like Gecko) Chrome/136.0.0.0 Safari/537.36"
87.79.22.196 - - [04/Sep/2025:16:57:05 +0000] "GET /assets/fronted/js/owl.carousel.min.js HTTP/1.1" 200 11412 "http://kingsleyopute.site/" "Mozilla/5.0 (Windows NT 10.0; Win64; x64) AppleWebKit/537.36 (KHTML, like Gecko) Chrome/136.0.0.0 Safari/537.36"
87.79.22.229 - - [04/Sep/2025:16:57:05 +0000] "GET /uploads/img/work/project_image_7978.png HTTP/1.1" 200 194168 "https://kingsleyopute.site/" "Mozilla/5.0 (Windows NT 10.0; Win64; x64) AppleWebKit/537.36 (KHTML, like Gecko) Chrome/138.0.0.0 Safari/537.36"
87.79.22.229 - - [04/Sep/2025:16:57:05 +0000] "GET /uploads/img/work/project_image_8440.png HTTP/1.1" 200 17131 "https://kingsleyopute.site/" "Mozilla/5.0 (Windows NT 10.0; Win64; x64) AppleWebKit/537.36 (KHTML, like Gecko) Chrome/138.0.0.0 Safari/537.36"
87.79.22.196 - - [04/Sep/2025:16:57:05 +0000] "GET /assets/fronted/js/cookie.js HTTP/1.1" 200 1481 "http://kingsleyopute.site/" "Mozilla/5.0 (Windows NT 10.0; Win64; x64) AppleWebKit/537.36 (KHTML, like Gecko) Chrome/136.0.0.0 Safari/537.36"
87.79.22.229 - - [04/Sep/2025:16:57:05 +0000] "GET /uploads/img/work/project_image_7393.png HTTP/1.1" 200 33386 "https://kingsleyopute.site/" "Mozilla/5.0 (Windows NT 10.0; Win64; x64) AppleWebKit/537.36 (KHTML, like Gecko) Chrome/138.0.0.0 Safari/537.36"
87.79.22.196 - - [04/Sep/2025:16:57:05 +0000] "GET /assets/fronted/js/custom.js HTTP/1.1" 200 6128 "http://kingsleyopute.site/" "Mozilla/5.0 (Windows NT 10.0; Win64; x64) AppleWebKit/537.36 (KHTML, like Gecko) Chrome/136.0.0.0 Safari/537.36"
87.79.22.229 - - [04/Sep/2025:16:57:05 +0000] "GET /uploads/img/work/project_image_9494.png HTTP/1.1" 200 35582 "https://kingsleyopute.site/" "Mozilla/5.0 (Windows NT 10.0; Win64; x64) AppleWebKit/537.36 (KHTML, like Gecko) Chrome/138.0.0.0 Safari/537.36"
87.79.22.229 - - [04/Sep/2025:16:57:05 +0000] "GET /assets/fronted/js/jquery-1.11.2.min.js HTTP/1.1" 200 33282 "https://kingsleyopute.site/" "Mozilla/5.0 (Windows NT 10.0; Win64; x64) AppleWebKit/537.36 (KHTML, like Gecko) Chrome/138.0.0.0 Safari/537.36"
87.79.22.229 - - [04/Sep/2025:16:57:05 +0000] "GET /assets/fronted/js/jquery-ui.js HTTP/1.1" 200 73242 "https://kingsleyopute.site/" "Mozilla/5.0 (Windows NT 10.0; Win64; x64) AppleWebKit/537.36 (KHTML, like Gecko) Chrome/138.0.0.0 Safari/537.36"
87.79.22.229 - - [04/Sep/2025:16:57:05 +0000] "GET /assets/fronted/js/transition.js HTTP/1.1" 200 7430 "https://kingsleyopute.site/" "Mozilla/5.0 (Windows NT 10.0; Win64; x64) AppleWebKit/537.36 (KHTML, like Gecko) Chrome/138.0.0.0 Safari/537.36"
87.79.22.229 - - [04/Sep/2025:16:57:05 +0000] "GET /assets/bootstrap/js/bootstrap.bundle.min.js HTTP/1.1" 200 22447 "https://kingsleyopute.site/" "Mozilla/5.0 (Windows NT 10.0; Win64; x64) AppleWebKit/537.36 (KHTML, like Gecko) Chrome/138.0.0.0 Safari/537.36"
87.79.22.229 - - [04/Sep/2025:16:57:05 +0000] "GET /assets/fronted/js/circle-progress.js HTTP/1.1" 200 1455 "https://kingsleyopute.site/" "Mozilla/5.0 (Windows NT 10.0; Win64; x64) AppleWebKit/537.36 (KHTML, like Gecko) Chrome/138.0.0.0 Safari/537.36"
87.79.22.229 - - [04/Sep/2025:16:57:06 +0000] "GET /assets/fronted/js/slider.js HTTP/1.1" 200 956 "https://kingsleyopute.site/" "Mozilla/5.0 (Windows NT 10.0; Win64; x64) AppleWebKit/537.36 (KHTML, like Gecko) Chrome/138.0.0.0 Safari/537.36"
87.79.22.229 - - [04/Sep/2025:16:57:06 +0000] "GET /assets/fronted/js/supersized.shutter.min.js HTTP/1.1" 200 1678 "https://kingsleyopute.site/" "Mozilla/5.0 (Windows NT 10.0; Win64; x64) AppleWebKit/537.36 (KHTML, like Gecko) Chrome/138.0.0.0 Safari/537.36"
87.79.22.229 - - [04/Sep/2025:16:57:06 +0000] "GET /assets/fronted/js/supersized.3.2.7.min.js HTTP/1.1" 200 3430 "https://kingsleyopute.site/" "Mozilla/5.0 (Windows NT 10.0; Win64; x64) AppleWebKit/537.36 (KHTML, like Gecko) Chrome/138.0.0.0 Safari/537.36"
87.79.22.229 - - [04/Sep/2025:16:57:06 +0000] "GET /assets/fronted/js/jquery.easypiechart.js HTTP/1.1" 200 1413 "https://kingsleyopute.site/" "Mozilla/5.0 (Windows NT 10.0; Win64; x64) AppleWebKit/537.36 (KHTML, like Gecko) Chrome/138.0.0.0 Safari/537.36"
87.79.22.196 - - [04/Sep/2025:16:57:06 +0000] "GET /demo/img/sections/skills_background.png HTTP/1.1" 200 59753 "http://kingsleyopute.site/" "Mozilla/5.0 (Windows NT 10.0; Win64; x64) AppleWebKit/537.36 (KHTML, like Gecko) Chrome/136.0.0.0 Safari/537.36"
87.79.22.196 - - [04/Sep/2025:16:57:06 +0000] "GET /uploads/img/testimonials/testimonial_6151.png HTTP/1.1" 200 55770 "http://kingsleyopute.site/" "Mozilla/5.0 (Windows NT 10.0; Win64; x64) AppleWebKit/537.36 (KHTML, like Gecko) Chrome/136.0.0.0 Safari/537.36"
87.79.22.229 - - [04/Sep/2025:16:57:06 +0000] "GET /assets/fronted/js/isotope.pkgd.min.js HTTP/1.1" 200 10090 "https://kingsleyopute.site/" "Mozilla/5.0 (Windows NT 10.0; Win64; x64) AppleWebKit/537.36 (KHTML, like Gecko) Chrome/138.0.0.0 Safari/537.36"
87.79.22.196 - - [04/Sep/2025:16:57:06 +0000] "GET /demo/img/sections/services_background.jpg HTTP/1.1" 200 26563 "http://kingsleyopute.site/" "Mozilla/5.0 (Windows NT 10.0; Win64; x64) AppleWebKit/537.36 (KHTML, like Gecko) Chrome/136.0.0.0 Safari/537.36"
87.79.22.196 - - [04/Sep/2025:16:57:06 +0000] "GET /uploads/img/testimonials/testimonial_7360.png HTTP/1.1" 200 24857 "http://kingsleyopute.site/" "Mozilla/5.0 (Windows NT 10.0; Win64; x64) AppleWebKit/537.36 (KHTML, like Gecko) Chrome/136.0.0.0 Safari/537.36"
87.79.22.229 - - [04/Sep/2025:16:57:06 +0000] "GET /assets/fronted/js/imagesloaded.js HTTP/1.1" 200 1542 "https://kingsleyopute.site/" "Mozilla/5.0 (Windows NT 10.0; Win64; x64) AppleWebKit/537.36 (KHTML, like Gecko) Chrome/138.0.0.0 Safari/537.36"
87.79.22.229 - - [04/Sep/2025:16:57:06 +0000] "GET /assets/fronted/js/jquery.magnific-popup.min.js HTTP/1.1" 200 7507 "https://kingsleyopute.site/" "Mozilla/5.0 (Windows NT 10.0; Win64; x64) AppleWebKit/537.36 (KHTML, like Gecko) Chrome/138.0.0.0 Safari/537.36"
87.79.22.196 - - [04/Sep/2025:16:57:06 +0000] "GET /uploads/img/personal/personal_image.png HTTP/1.1" 200 1125779 "http://kingsleyopute.site/" "Mozilla/5.0 (Windows NT 10.0; Win64; x64) AppleWebKit/537.36 (KHTML, like Gecko) Chrome/136.0.0.0 Safari/537.36"
87.79.22.229 - - [04/Sep/2025:16:57:06 +0000] "GET /assets/fronted/js/owl.carousel.min.js HTTP/1.1" 200 11412 "https://kingsleyopute.site/" "Mozilla/5.0 (Windows NT 10.0; Win64; x64) AppleWebKit/537.36 (KHTML, like Gecko) Chrome/138.0.0.0 Safari/537.36"
87.79.22.229 - - [04/Sep/2025:16:57:06 +0000] "GET /assets/fronted/js/cookie.js HTTP/1.1" 200 1481 "https://kingsleyopute.site/" "Mozilla/5.0 (Windows NT 10.0; Win64; x64) AppleWebKit/537.36 (KHTML, like Gecko) Chrome/138.0.0.0 Safari/537.36"
87.79.22.229 - - [04/Sep/2025:16:57:06 +0000] "GET /assets/fronted/js/custom.js HTTP/1.1" 200 6128 "https://kingsleyopute.site/" "Mozilla/5.0 (Windows NT 10.0; Win64; x64) AppleWebKit/537.36 (KHTML, like Gecko) Chrome/138.0.0.0 Safari/537.36"
87.79.22.196 - - [04/Sep/2025:16:57:06 +0000] "GET /undefined HTTP/1.1" 404 16583 "http://kingsleyopute.site/" "Mozilla/5.0 (Windows NT 10.0; Win64; x64) AppleWebKit/537.36 (KHTML, like Gecko) Chrome/136.0.0.0 Safari/537.36"
87.79.22.196 - - [04/Sep/2025:16:57:06 +0000] "GET /assets/fonts/fontawesome/webfonts/fa-brands-400.woff2 HTTP/1.1" 200 104544 "http://kingsleyopute.site/assets/fonts/fontawesome/css/all.min.css" "Mozilla/5.0 (Windows NT 10.0; Win64; x64) AppleWebKit/537.36 (KHTML, like Gecko) Chrome/136.0.0.0 Safari/537.36"
87.79.22.196 - - [04/Sep/2025:16:57:06 +0000] "GET /assets/fonts/fontawesome/webfonts/fa-solid-900.woff2 HTTP/1.1" 200 126828 "http://kingsleyopute.site/assets/fonts/fontawesome/css/all.min.css" "Mozilla/5.0 (Windows NT 10.0; Win64; x64) AppleWebKit/537.36 (KHTML, like Gecko) Chrome/136.0.0.0 Safari/537.36"
87.79.22.196 - - [04/Sep/2025:16:57:06 +0000] "GET /assets/fonts/fontawesome/webfonts/fa-regular-400.woff2 HTTP/1.1" 200 23900 "http://kingsleyopute.site/assets/fonts/fontawesome/css/all.min.css" "Mozilla/5.0 (Windows NT 10.0; Win64; x64) AppleWebKit/537.36 (KHTML, like Gecko) Chrome/136.0.0.0 Safari/537.36"
87.79.22.196 - - [04/Sep/2025:16:57:06 +0000] "GET /demo/img/sections/projects_background.png HTTP/1.1" 200 59753 "http://kingsleyopute.site/" "Mozilla/5.0 (Windows NT 10.0; Win64; x64) AppleWebKit/537.36 (KHTML, like Gecko) Chrome/136.0.0.0 Safari/537.36"
87.79.22.196 - - [04/Sep/2025:16:57:06 +0000] "GET /assets/fronted/img/icon-location.png HTTP/1.1" 200 1757 "http://kingsleyopute.site/" "Mozilla/5.0 (Windows NT 10.0; Win64; x64) AppleWebKit/537.36 (KHTML, like Gecko) Chrome/136.0.0.0 Safari/537.36"
87.79.22.229 - - [04/Sep/2025:16:57:06 +0000] "GET /uploads/img/testimonials/testimonial_7360.png HTTP/1.1" 200 24857 "https://kingsleyopute.site/" "Mozilla/5.0 (Windows NT 10.0; Win64; x64) AppleWebKit/537.36 (KHTML, like Gecko) Chrome/138.0.0.0 Safari/537.36"
87.79.22.229 - - [04/Sep/2025:16:57:06 +0000] "GET /demo/img/sections/services_background.jpg HTTP/1.1" 200 26563 "https://kingsleyopute.site/" "Mozilla/5.0 (Windows NT 10.0; Win64; x64) AppleWebKit/537.36 (KHTML, like Gecko) Chrome/138.0.0.0 Safari/537.36"
87.79.22.229 - - [04/Sep/2025:16:57:06 +0000] "GET /uploads/img/testimonials/testimonial_6151.png HTTP/1.1" 200 55770 "https://kingsleyopute.site/" "Mozilla/5.0 (Windows NT 10.0; Win64; x64) AppleWebKit/537.36 (KHTML, like Gecko) Chrome/138.0.0.0 Safari/537.36"
87.79.22.229 - - [04/Sep/2025:16:57:06 +0000] "GET /uploads/img/personal/personal_image.png HTTP/1.1" 200 1125779 "https://kingsleyopute.site/" "Mozilla/5.0 (Windows NT 10.0; Win64; x64) AppleWebKit/537.36 (KHTML, like Gecko) Chrome/138.0.0.0 Safari/537.36"
87.79.22.229 - - [04/Sep/2025:16:57:06 +0000] "GET /demo/img/sections/skills_background.png HTTP/1.1" 200 59753 "https://kingsleyopute.site/" "Mozilla/5.0 (Windows NT 10.0; Win64; x64) AppleWebKit/537.36 (KHTML, like Gecko) Chrome/138.0.0.0 Safari/537.36"
87.79.22.229 - - [04/Sep/2025:16:57:06 +0000] "GET /assets/fonts/fontawesome/webfonts/fa-brands-400.woff2 HTTP/1.1" 200 104544 "https://kingsleyopute.site/assets/fonts/fontawesome/css/all.min.css" "Mozilla/5.0 (Windows NT 10.0; Win64; x64) AppleWebKit/537.36 (KHTML, like Gecko) Chrome/138.0.0.0 Safari/537.36"
87.79.22.229 - - [04/Sep/2025:16:57:06 +0000] "GET /assets/fonts/fontawesome/webfonts/fa-solid-900.woff2 HTTP/1.1" 200 126828 "https://kingsleyopute.site/assets/fonts/fontawesome/css/all.min.css" "Mozilla/5.0 (Windows NT 10.0; Win64; x64) AppleWebKit/537.36 (KHTML, like Gecko) Chrome/138.0.0.0 Safari/537.36"
87.79.22.229 - - [04/Sep/2025:16:57:06 +0000] "GET /undefined HTTP/1.1" 404 16588 "https://kingsleyopute.site/" "Mozilla/5.0 (Windows NT 10.0; Win64; x64) AppleWebKit/537.36 (KHTML, like Gecko) Chrome/138.0.0.0 Safari/537.36"
87.79.22.229 - - [04/Sep/2025:16:57:06 +0000] "GET /assets/fonts/fontawesome/webfonts/fa-regular-400.woff2 HTTP/1.1" 200 23900 "https://kingsleyopute.site/assets/fonts/fontawesome/css/all.min.css" "Mozilla/5.0 (Windows NT 10.0; Win64; x64) AppleWebKit/537.36 (KHTML, like Gecko) Chrome/138.0.0.0 Safari/537.36"
87.79.22.229 - - [04/Sep/2025:16:57:06 +0000] "GET /demo/img/sections/projects_background.png HTTP/1.1" 200 59753 "https://kingsleyopute.site/" "Mozilla/5.0 (Windows NT 10.0; Win64; x64) AppleWebKit/537.36 (KHTML, like Gecko) Chrome/138.0.0.0 Safari/537.36"
87.79.22.229 - - [04/Sep/2025:16:57:06 +0000] "GET /assets/fronted/img/icon-location.png HTTP/1.1" 200 1757 "https://kingsleyopute.site/" "Mozilla/5.0 (Windows NT 10.0; Win64; x64) AppleWebKit/537.36 (KHTML, like Gecko) Chrome/138.0.0.0 Safari/537.36"
87.79.22.196 - - [04/Sep/2025:16:57:07 +0000] "GET /uploads/img/sliders/slider_image_345.png HTTP/1.1" 200 473814 "http://kingsleyopute.site/" "Mozilla/5.0 (Windows NT 10.0; Win64; x64) AppleWebKit/537.36 (KHTML, like Gecko) Chrome/136.0.0.0 Safari/537.36"
87.79.22.229 - - [04/Sep/2025:16:57:08 +0000] "GET /uploads/img/sliders/slider_image_345.png HTTP/1.1" 200 473814 "https://kingsleyopute.site/" "Mozilla/5.0 (Windows NT 10.0; Win64; x64) AppleWebKit/537.36 (KHTML, like Gecko) Chrome/138.0.0.0 Safari/537.36"
176.0.193.43 - - [04/Sep/2025:16:57:45 +0000] "GET /project/3 HTTP/1.1" 200 53887 "https://kingsleyopute.site/" "Mozilla/5.0 (Windows NT 10.0; Win64; x64) AppleWebKit/537.36 (KHTML, like Gecko) Chrome/139.0.0.0 Safari/537.36"
176.0.193.43 - - [04/Sep/2025:16:57:46 +0000] "GET /null HTTP/1.1" 404 16588 "https://kingsleyopute.site/" "Mozilla/5.0 (Windows NT 10.0; Win64; x64) AppleWebKit/537.36 (KHTML, like Gecko) Chrome/139.0.0.0 Safari/537.36"
176.0.193.43 - - [04/Sep/2025:16:57:55 +0000] "GET /project/2 HTTP/1.1" 200 1395 "https://kingsleyopute.site/" "Mozilla/5.0 (Windows NT 10.0; Win64; x64) AppleWebKit/537.36 (KHTML, like Gecko) Chrome/139.0.0.0 Safari/537.36"
176.0.193.43 - - [04/Sep/2025:16:57:56 +0000] "GET /demo/img/work/project_image_4063.jpg HTTP/1.1" 200 54692 "https://kingsleyopute.site/" "Mozilla/5.0 (Windows NT 10.0; Win64; x64) AppleWebKit/537.36 (KHTML, like Gecko) Chrome/139.0.0.0 Safari/537.36"
176.0.193.43 - - [04/Sep/2025:16:57:56 +0000] "GET /demo/img/work/project_image_5873.jpg HTTP/1.1" 200 69093 "https://kingsleyopute.site/" "Mozilla/5.0 (Windows NT 10.0; Win64; x64) AppleWebKit/537.36 (KHTML, like Gecko) Chrome/139.0.0.0 Safari/537.36"
176.0.193.43 - - [04/Sep/2025:16:57:56 +0000] "GET /demo/img/work/project_image_1328.jpg HTTP/1.1" 200 54321 "https://kingsleyopute.site/" "Mozilla/5.0 (Windows NT 10.0; Win64; x64) AppleWebKit/537.36 (KHTML, like Gecko) Chrome/139.0.0.0 Safari/537.36"
176.0.193.43 - - [04/Sep/2025:16:57:56 +0000] "GET /null HTTP/1.1" 404 16588 "https://kingsleyopute.site/" "Mozilla/5.0 (Windows NT 10.0; Win64; x64) AppleWebKit/537.36 (KHTML, like Gecko) Chrome/139.0.0.0 Safari/537.36"
176.0.193.43 - - [04/Sep/2025:16:58:00 +0000] "GET /project/1 HTTP/1.1" 200 1281 "https://kingsleyopute.site/" "Mozilla/5.0 (Windows NT 10.0; Win64; x64) AppleWebKit/537.36 (KHTML, like Gecko) Chrome/139.0.0.0 Safari/537.36"
176.0.193.43 - - [04/Sep/2025:16:58:01 +0000] "GET /uploads/img/work/project_image_8646.png HTTP/1.1" 200 143803 "https://kingsleyopute.site/" "Mozilla/5.0 (Windows NT 10.0; Win64; x64) AppleWebKit/537.36 (KHTML, like Gecko) Chrome/139.0.0.0 Safari/537.36"
176.0.193.43 - - [04/Sep/2025:16:58:01 +0000] "GET /uploads/img/work/project_image_3986.png HTTP/1.1" 200 194239 "https://kingsleyopute.site/" "Mozilla/5.0 (Windows NT 10.0; Win64; x64) AppleWebKit/537.36 (KHTML, like Gecko) Chrome/139.0.0.0 Safari/537.36"
176.0.193.43 - - [04/Sep/2025:16:58:01 +0000] "GET /uploads/img/work/project_image_8923.png HTTP/1.1" 200 226535 "https://kingsleyopute.site/" "Mozilla/5.0 (Windows NT 10.0; Win64; x64) AppleWebKit/537.36 (KHTML, like Gecko) Chrome/139.0.0.0 Safari/537.36"
176.0.193.43 - - [04/Sep/2025:16:58:01 +0000] "GET /uploads/img/work/project_image_9369.png HTTP/1.1" 200 130376 "https://kingsleyopute.site/" "Mozilla/5.0 (Windows NT 10.0; Win64; x64) AppleWebKit/537.36 (KHTML, like Gecko) Chrome/139.0.0.0 Safari/537.36"
176.0.193.43 - - [04/Sep/2025:16:58:01 +0000] "GET /uploads/img/work/project_image_1796.png HTTP/1.1" 200 203043 "https://kingsleyopute.site/" "Mozilla/5.0 (Windows NT 10.0; Win64; x64) AppleWebKit/537.36 (KHTML, like Gecko) Chrome/139.0.0.0 Safari/537.36"
176.0.193.43 - - [04/Sep/2025:16:58:01 +0000] "GET /uploads/img/work/project_image_1274.png HTTP/1.1" 200 213847 "https://kingsleyopute.site/" "Mozilla/5.0 (Windows NT 10.0; Win64; x64) AppleWebKit/537.36 (KHTML, like Gecko) Chrome/139.0.0.0 Safari/537.36"
176.0.193.43 - - [04/Sep/2025:16:58:01 +0000] "GET /uploads/img/work/project_image_8181.png HTTP/1.1" 200 124010 "https://kingsleyopute.site/" "Mozilla/5.0 (Windows NT 10.0; Win64; x64) AppleWebKit/537.36 (KHTML, like Gecko) Chrome/139.0.0.0 Safari/537.36"
176.0.193.43 - - [04/Sep/2025:16:58:01 +0000] "GET /uploads/img/work/project_image_7431.png HTTP/1.1" 200 36178 "https://kingsleyopute.site/" "Mozilla/5.0 (Windows NT 10.0; Win64; x64) AppleWebKit/537.36 (KHTML, like Gecko) Chrome/139.0.0.0 Safari/537.36"
176.0.193.43 - - [04/Sep/2025:16:58:01 +0000] "GET /uploads/img/work/project_image_541.png HTTP/1.1" 200 705285 "https://kingsleyopute.site/" "Mozilla/5.0 (Windows NT 10.0; Win64; x64) AppleWebKit/537.36 (KHTML, like Gecko) Chrome/139.0.0.0 Safari/537.36"
101.42.117.179 - - [04/Sep/2025:17:13:01 +0000] "GET / HTTP/1.1" 200 14278 "-" "Mozilla/5.0 (iPhone; CPU iPhone OS 13_2_3 like Mac OS X) AppleWebKit/605.1.15 (KHTML, like Gecko) Version/13.0.3 Mobile/15E148 Safari/604.1"
87.236.176.15 - - [04/Sep/2025:17:36:24 +0000] "GET / HTTP/1.1" 200 14279 "-" "Mozilla/5.0 (compatible; InternetMeasurement/1.0; +https://internet-measurement.com/)"
87.236.176.128 - - [04/Sep/2025:17:36:24 +0000] "GET /uploads/img/general/favicon/favicon.png HTTP/1.1" 200 9616 "-" "Mozilla/5.0 (compatible; InternetMeasurement/1.0; +https://internet-measurement.com/)"
170.106.113.235 - - [04/Sep/2025:18:04:08 +0000] "GET / HTTP/1.1" 200 14277 "-" "Mozilla/5.0 (iPhone; CPU iPhone OS 13_2_3 like Mac OS X) AppleWebKit/605.1.15 (KHTML, like Gecko) Version/13.0.3 Mobile/15E148 Safari/604.1"
51.159.14.95 - - [04/Sep/2025:18:13:41 +0000] "HEAD / HTTP/1.1" 200 - "-" "curl/7.81.0"
51.159.14.95 - - [04/Sep/2025:18:13:49 +0000] "GET / HTTP/1.1" 200 14267 "-" "Mozilla/5.0 (X11; Linux x86_64) AppleWebKit/537.36 (KHTML, like Gecko) Chrome/132.0.0.0 Safari/537.3"
51.159.14.95 - - [04/Sep/2025:18:13:50 +0000] "GET /assets/fonts/fontawesome/css/all.min.css HTTP/1.1" 200 18395 "http://kingsleyopute.site/" "Mozilla/5.0 (X11; Linux x86_64) AppleWebKit/537.36 (KHTML, like Gecko) Chrome/132.0.0.0 Safari/537.3"
51.159.14.95 - - [04/Sep/2025:18:13:50 +0000] "GET /assets/fronted/css/supersized.css HTTP/1.1" 200 472 "http://kingsleyopute.site/" "Mozilla/5.0 (X11; Linux x86_64) AppleWebKit/537.36 (KHTML, like Gecko) Chrome/132.0.0.0 Safari/537.3"
51.159.14.95 - - [04/Sep/2025:18:13:50 +0000] "GET /assets/fronted/css/owl.theme.default.min.css HTTP/1.1" 200 479 "http://kingsleyopute.site/" "Mozilla/5.0 (X11; Linux x86_64) AppleWebKit/537.36 (KHTML, like Gecko) Chrome/132.0.0.0 Safari/537.3"
51.159.14.95 - - [04/Sep/2025:18:13:50 +0000] "GET /assets/fronted/css/owl.carousel.min.css HTTP/1.1" 200 1068 "http://kingsleyopute.site/" "Mozilla/5.0 (X11; Linux x86_64) AppleWebKit/537.36 (KHTML, like Gecko) Chrome/132.0.0.0 Safari/537.3"
51.159.14.95 - - [04/Sep/2025:18:13:50 +0000] "GET /assets/fronted/css/leaflet.css HTTP/1.1" 200 3477 "http://kingsleyopute.site/" "Mozilla/5.0 (X11; Linux x86_64) AppleWebKit/537.36 (KHTML, like Gecko) Chrome/132.0.0.0 Safari/537.3"
51.159.14.95 - - [04/Sep/2025:18:13:50 +0000] "GET /assets/fronted/css/animate.min.css HTTP/1.1" 200 5270 "http://kingsleyopute.site/" "Mozilla/5.0 (X11; Linux x86_64) AppleWebKit/537.36 (KHTML, like Gecko) Chrome/132.0.0.0 Safari/537.3"
51.159.14.95 - - [04/Sep/2025:18:13:50 +0000] "GET /assets/fronted/css/page_animations.css HTTP/1.1" 200 3835 "http://kingsleyopute.site/" "Mozilla/5.0 (X11; Linux x86_64) AppleWebKit/537.36 (KHTML, like Gecko) Chrome/132.0.0.0 Safari/537.3"
51.159.14.95 - - [04/Sep/2025:18:13:50 +0000] "GET /assets/bootstrap/css/bootstrap.min.css HTTP/1.1" 200 22983 "http://kingsleyopute.site/" "Mozilla/5.0 (X11; Linux x86_64) AppleWebKit/537.36 (KHTML, like Gecko) Chrome/132.0.0.0 Safari/537.3"
51.159.14.95 - - [04/Sep/2025:18:13:50 +0000] "GET / HTTP/1.1" 200 14282 "-" "Mozilla/5.0 (X11; Linux x86_64) AppleWebKit/537.36 (KHTML, like Gecko) Chrome/132.0.0.0 Safari/537.3"
51.159.14.95 - - [04/Sep/2025:18:13:50 +0000] "GET /assets/fronted/css/magnific-popup.css HTTP/1.1" 200 1798 "http://kingsleyopute.site/" "Mozilla/5.0 (X11; Linux x86_64) AppleWebKit/537.36 (KHTML, like Gecko) Chrome/132.0.0.0 Safari/537.3"
51.159.14.95 - - [04/Sep/2025:18:13:50 +0000] "GET /assets/fonts/fontawesome/css/all.min.css HTTP/1.1" 200 18395 "https://kingsleyopute.site/" "Mozilla/5.0 (X11; Linux x86_64) AppleWebKit/537.36 (KHTML, like Gecko) Chrome/132.0.0.0 Safari/537.3"
