2025/03/29 07:56:00 [info] 1036213#0: *159 client sent invalid request while reading client request line, client: 162.142.125.216, server: localhost, request: "PRI * HTTP/2.0"
2025/03/29 18:55:04 [crit] 1036212#0: *387 SSL_do_handshake() failed (SSL: error:14094085:SSL routines:ssl3_read_bytes:ccs received early) while SSL handshaking, client: 172.105.128.12, server: 0.0.0.0:2304
2025/03/29 19:45:25 [info] 1036212#0: *424 peer closed connection in SSL handshake while SSL handshaking, client: 212.102.40.218, server: 0.0.0.0:2304
2025/03/29 19:45:26 [info] 1036213#0: *425 peer closed connection in SSL handshake while SSL handshaking, client: 212.102.40.218, server: 0.0.0.0:2304
2025/03/29 19:45:26 [info] 1036213#0: *426 SSL_do_handshake() failed (SSL: error:1408A0C1:SSL routines:ssl3_get_client_hello:no shared cipher) while SSL handshaking, client: 212.102.40.218, server: 0.0.0.0:2304
2025/03/29 19:45:26 [info] 1036213#0: *427 peer closed connection in SSL handshake while SSL handshaking, client: 212.102.40.218, server: 0.0.0.0:2304
2025/03/29 19:45:26 [info] 1036212#0: *428 peer closed connection in SSL handshake while SSL handshaking, client: 212.102.40.218, server: 0.0.0.0:2304
2025/03/29 19:45:27 [info] 1036213#0: *429 peer closed connection in SSL handshake while SSL handshaking, client: 212.102.40.218, server: 0.0.0.0:2304
2025/03/29 19:45:27 [info] 1036212#0: *430 peer closed connection in SSL handshake while SSL handshaking, client: 212.102.40.218, server: 0.0.0.0:2304
2025/03/29 19:45:27 [info] 1036213#0: *431 peer closed connection in SSL handshake while SSL handshaking, client: 212.102.40.218, server: 0.0.0.0:2304
2025/03/29 19:45:27 [info] 1036212#0: *432 peer closed connection in SSL handshake while SSL handshaking, client: 212.102.40.218, server: 0.0.0.0:2304
2025/03/29 19:45:28 [info] 1036213#0: *433 peer closed connection in SSL handshake while SSL handshaking, client: 212.102.40.218, server: 0.0.0.0:2304
2025/03/29 19:57:04 [info] 1036212#0: *435 recv() failed (104: Connection reset by peer) while SSL handshaking, client: 45.79.115.59, server: 0.0.0.0:2304
2025/03/29 19:57:04 [info] 1036213#0: *436 client sent plain HTTP request to HTTPS port while reading client request headers, client: 45.79.115.59, server: localhost, request: "GET / HTTP/1.1", host: "23.254.227.96"
2025/03/29 19:57:16 [info] 1036212#0: *437 client 45.79.128.205 closed keepalive connection
2025/03/30 11:23:11 [notice] 1059550#0: *211 "^/v1/([^/]+)/?$" does not match "/7WyU", client: 96.126.104.20, server: localhost, request: "GET /7WyU HTTP/1.1", host: "23.254.227.96:2304"
2025/03/30 11:23:11 [error] 1059550#0: *211 open() "/usr/local/cwpsrv/var/services/api/7WyU" failed (2: No such file or directory), client: 96.126.104.20, server: localhost, request: "GET /7WyU HTTP/1.1", host: "23.254.227.96:2304"
2025/03/30 11:31:00 [info] 1059549#0: *213 client sent invalid method while reading client request line, client: 20.171.27.68, server: localhost, request: "MGLNDD_23.254.227.96_2304"
2025/03/30 17:09:58 [info] 1059549#0: *286 client 206.168.34.64 closed keepalive connection
2025/03/30 17:10:06 [info] 1059550#0: *288 client sent invalid request while reading client request line, client: 206.168.34.64, server: localhost, request: "PRI * HTTP/2.0"
2025/03/30 17:10:10 [info] 1059549#0: *289 client closed connection while waiting for request, client: 206.168.34.64, server: 0.0.0.0:2304
2025/03/30 17:10:12 [info] 1059550#0: *290 client closed connection while waiting for request, client: 206.168.34.64, server: 0.0.0.0:2304
2025/03/30 17:10:14 [info] 1059549#0: *291 SSL_do_handshake() failed (SSL: error:1408A10B:SSL routines:ssl3_get_client_hello:wrong version number) while SSL handshaking, client: 206.168.34.64, server: 0.0.0.0:2304
2025/03/30 17:10:29 [info] 1059549#0: *293 client sent invalid request while reading client request line, client: 206.168.34.64, server: localhost, request: "PRI * HTTP/2.0"
2025/03/31 22:18:45 [info] 1100465#0: *2042 client sent invalid method while reading client request line, client: 172.174.255.163, server: localhost, request: "MGLNDD_23.254.227.96_2304"
2025/04/01 07:16:56 [info] 1111973#0: *77 client 167.94.138.62 closed keepalive connection
2025/04/01 07:17:07 [info] 1111973#0: *79 client sent invalid request while reading client request line, client: 167.94.138.62, server: localhost, request: "PRI * HTTP/2.0"
2025/04/01 07:17:21 [info] 1111973#0: *80 client closed connection while waiting for request, client: 167.94.138.62, server: 0.0.0.0:2304
2025/04/01 07:17:26 [info] 1111974#0: *81 client closed connection while waiting for request, client: 167.94.138.62, server: 0.0.0.0:2304
2025/04/01 07:17:29 [info] 1111973#0: *82 SSL_do_handshake() failed (SSL: error:1408A10B:SSL routines:ssl3_get_client_hello:wrong version number) while SSL handshaking, client: 167.94.138.62, server: 0.0.0.0:2304
2025/04/01 07:18:02 [info] 1111973#0: *86 client sent invalid request while reading client request line, client: 167.94.138.62, server: localhost, request: "PRI * HTTP/2.0"
2025/04/01 10:00:35 [info] 1111973#0: *3352 peer closed connection in SSL handshake while SSL handshaking, client: 199.45.154.149, server: 0.0.0.0:2304
2025/04/01 10:00:36 [info] 1111973#0: *3353 peer closed connection in SSL handshake while SSL handshaking, client: 199.45.154.149, server: 0.0.0.0:2304
2025/04/01 10:00:36 [info] 1111974#0: *3354 SSL_do_handshake() failed (SSL: error:1408A0C1:SSL routines:ssl3_get_client_hello:no shared cipher) while SSL handshaking, client: 199.45.154.149, server: 0.0.0.0:2304
2025/04/01 10:00:39 [info] 1111973#0: *3355 peer closed connection in SSL handshake while SSL handshaking, client: 199.45.154.149, server: 0.0.0.0:2304
2025/04/01 10:00:40 [info] 1111974#0: *3356 peer closed connection in SSL handshake while SSL handshaking, client: 199.45.154.149, server: 0.0.0.0:2304
2025/04/01 10:00:41 [info] 1111973#0: *3357 peer closed connection in SSL handshake while SSL handshaking, client: 199.45.154.149, server: 0.0.0.0:2304
2025/04/01 10:00:42 [info] 1111974#0: *3358 peer closed connection in SSL handshake while SSL handshaking, client: 199.45.154.149, server: 0.0.0.0:2304
2025/04/01 10:00:44 [info] 1111973#0: *3359 peer closed connection in SSL handshake while SSL handshaking, client: 199.45.154.149, server: 0.0.0.0:2304
2025/04/01 10:00:45 [info] 1111974#0: *3360 peer closed connection in SSL handshake while SSL handshaking, client: 199.45.154.149, server: 0.0.0.0:2304
2025/04/01 10:00:46 [info] 1111974#0: *3361 peer closed connection in SSL handshake while SSL handshaking, client: 199.45.154.149, server: 0.0.0.0:2304
2025/04/02 05:42:12 [info] 1146330#0: *34 client closed connection while SSL handshaking, client: 167.94.138.34, server: 0.0.0.0:2304
2025/04/02 05:42:13 [info] 1146331#0: *35 client closed connection while SSL handshaking, client: 167.94.138.34, server: 0.0.0.0:2304
2025/04/02 05:42:14 [info] 1146331#0: *36 client closed connection while SSL handshaking, client: 167.94.138.34, server: 0.0.0.0:2304
2025/04/02 07:33:25 [info] 1146330#0: *64 client sent invalid method while reading client request line, client: 20.168.122.17, server: localhost, request: "MGLNDD_23.254.227.96_2304"
2025/04/02 18:07:31 [info] 1146330#0: *294 client 167.94.138.54 closed keepalive connection
2025/04/02 18:07:40 [info] 1146330#0: *296 client sent invalid request while reading client request line, client: 167.94.138.54, server: localhost, request: "PRI * HTTP/2.0"
2025/04/02 18:08:02 [info] 1146330#0: *297 client closed connection while waiting for request, client: 167.94.138.54, server: 0.0.0.0:2304
2025/04/02 18:08:10 [info] 1146331#0: *298 client closed connection while waiting for request, client: 167.94.138.54, server: 0.0.0.0:2304
2025/04/02 18:08:12 [info] 1146330#0: *299 SSL_do_handshake() failed (SSL: error:1408A10B:SSL routines:ssl3_get_client_hello:wrong version number) while SSL handshaking, client: 167.94.138.54, server: 0.0.0.0:2304
2025/04/02 18:08:42 [info] 1146331#0: *301 client sent invalid request while reading client request line, client: 167.94.138.54, server: localhost, request: "PRI * HTTP/2.0"
2025/04/03 04:59:31 [info] 1168865#0: *13 client sent invalid method while reading client request line, client: 20.168.123.228, server: localhost, request: "MGLNDD_23.254.227.96_2304"
2025/04/04 04:42:40 [info] 1195230#0: *62 client 162.142.125.41 closed keepalive connection
2025/04/04 04:42:56 [info] 1195230#0: *64 client sent invalid request while reading client request line, client: 162.142.125.41, server: localhost, request: "PRI * HTTP/2.0"
2025/04/04 04:43:07 [info] 1195231#0: *65 client closed connection while waiting for request, client: 162.142.125.41, server: 0.0.0.0:2304
2025/04/04 04:43:15 [info] 1195230#0: *66 client closed connection while waiting for request, client: 162.142.125.41, server: 0.0.0.0:2304
2025/04/04 04:43:21 [info] 1195230#0: *67 SSL_do_handshake() failed (SSL: error:1408A10B:SSL routines:ssl3_get_client_hello:wrong version number) while SSL handshaking, client: 162.142.125.41, server: 0.0.0.0:2304
2025/04/04 04:43:52 [info] 1195230#0: *69 peer closed connection in SSL handshake (104: Connection reset by peer) while SSL handshaking, client: 162.142.125.41, server: 0.0.0.0:2304
2025/04/04 07:52:04 [info] 1195230#0: *167 recv() failed (104: Connection reset by peer) while SSL handshaking, client: 199.45.155.88, server: 0.0.0.0:2304
2025/04/04 07:52:16 [info] 1195231#0: *168 client 199.45.155.88 closed keepalive connection
2025/04/04 07:52:21 [info] 1195230#0: *169 client 199.45.155.88 closed keepalive connection
2025/04/04 07:52:25 [info] 1195230#0: *171 client sent invalid request while reading client request line, client: 199.45.155.88, server: localhost, request: "PRI * HTTP/2.0"
2025/04/04 07:52:27 [info] 1195230#0: *172 client closed connection while waiting for request, client: 199.45.155.88, server: 0.0.0.0:2304
2025/04/04 07:52:31 [info] 1195230#0: *173 client closed connection while waiting for request, client: 199.45.155.88, server: 0.0.0.0:2304
2025/04/04 07:52:32 [info] 1195230#0: *174 SSL_do_handshake() failed (SSL: error:1408A10B:SSL routines:ssl3_get_client_hello:wrong version number) while SSL handshaking, client: 199.45.155.88, server: 0.0.0.0:2304
2025/04/04 07:52:38 [info] 1195231#0: *176 client sent invalid request while reading client request line, client: 199.45.155.88, server: localhost, request: "PRI * HTTP/2.0"
2025/04/04 12:10:43 [info] 1195230#0: *312 client sent invalid method while reading client request line, client: 172.178.126.207, server: localhost, request: "MGLNDD_23.254.227.96_2304"
2025/04/05 13:50:05 [info] 1236761#0: *466 client 206.168.34.90 closed keepalive connection
2025/04/05 13:50:10 [info] 1236761#0: *468 client sent invalid request while reading client request line, client: 206.168.34.90, server: localhost, request: "PRI * HTTP/2.0"
2025/04/05 13:50:20 [info] 1236761#0: *469 client closed connection while waiting for request, client: 206.168.34.90, server: 0.0.0.0:2304
2025/04/05 13:50:24 [info] 1236761#0: *470 client closed connection while waiting for request, client: 206.168.34.90, server: 0.0.0.0:2304
2025/04/05 13:50:28 [info] 1236760#0: *471 SSL_do_handshake() failed (SSL: error:1408A10B:SSL routines:ssl3_get_client_hello:wrong version number) while SSL handshaking, client: 206.168.34.90, server: 0.0.0.0:2304
2025/04/05 13:50:53 [info] 1236760#0: *473 client sent invalid request while reading client request line, client: 206.168.34.90, server: localhost, request: "PRI * HTTP/2.0"
2025/04/05 21:22:00 [info] 1236761#0: *643 client sent invalid method while reading client request line, client: 20.163.14.19, server: localhost, request: "MGLNDD_23.254.227.96_2304"
2025/04/07 05:24:50 [info] 1282429#0: *20 client sent invalid method while reading client request line, client: 20.221.69.40, server: localhost, request: "MGLNDD_23.254.227.96_2304"
2025/04/07 18:39:13 [info] 1282429#0: *1035 client 162.142.125.114 closed keepalive connection
2025/04/07 18:39:25 [info] 1282429#0: *1037 client sent invalid request while reading client request line, client: 162.142.125.114, server: localhost, request: "PRI * HTTP/2.0"
2025/04/07 18:39:43 [info] 1282429#0: *1043 client closed connection while waiting for request, client: 162.142.125.114, server: 0.0.0.0:2304
2025/04/07 18:39:51 [info] 1282429#0: *1046 client closed connection while waiting for request, client: 162.142.125.114, server: 0.0.0.0:2304
2025/04/07 18:39:55 [info] 1282429#0: *1048 SSL_do_handshake() failed (SSL: error:1408A10B:SSL routines:ssl3_get_client_hello:wrong version number) while SSL handshaking, client: 162.142.125.114, server: 0.0.0.0:2304
2025/04/07 18:40:23 [info] 1282429#0: *1052 client sent invalid request while reading client request line, client: 162.142.125.114, server: localhost, request: "PRI * HTTP/2.0"
2025/04/07 22:14:23 [info] 1282429#0: *1165 client sent invalid method while reading client request line, client: 95.214.55.23, server: localhost, request: " "
2025/04/08 09:36:14 [info] 1302243#0: *411 client closed connection while SSL handshaking, client: 162.142.125.206, server: 0.0.0.0:2304
2025/04/08 09:36:16 [info] 1302244#0: *412 client closed connection while SSL handshaking, client: 162.142.125.206, server: 0.0.0.0:2304
2025/04/08 09:36:19 [info] 1302243#0: *413 client sent plain HTTP request to HTTPS port while reading client request headers, client: 162.142.125.206, server: localhost, request: "GET / HTTP/1.1", host: "23.254.227.96:2304"
2025/04/08 09:36:29 [info] 1302243#0: *414 client 162.142.125.206 closed keepalive connection
2025/04/08 09:36:37 [info] 1302243#0: *416 client sent invalid request while reading client request line, client: 162.142.125.206, server: localhost, request: "PRI * HTTP/2.0"
2025/04/08 09:36:42 [info] 1302243#0: *417 client closed connection while waiting for request, client: 162.142.125.206, server: 0.0.0.0:2304
2025/04/08 09:36:45 [info] 1302243#0: *418 client closed connection while waiting for request, client: 162.142.125.206, server: 0.0.0.0:2304
2025/04/08 09:36:48 [info] 1302243#0: *419 SSL_do_handshake() failed (SSL: error:1408A10B:SSL routines:ssl3_get_client_hello:wrong version number) while SSL handshaking, client: 162.142.125.206, server: 0.0.0.0:2304
2025/04/08 09:36:59 [info] 1302243#0: *421 client sent invalid request while reading client request line, client: 162.142.125.206, server: localhost, request: "PRI * HTTP/2.0"
2025/04/08 13:56:49 [info] 1302243#0: *561 client sent invalid method while reading client request line, client: 4.236.190.140, server: localhost, request: "MGLNDD_23.254.227.96_2304"
2025/04/09 09:33:42 [info] 1360876#0: *370 client closed connection while SSL handshaking, client: 206.168.34.88, server: 0.0.0.0:2304
2025/04/09 09:33:43 [info] 1360877#0: *371 client closed connection while SSL handshaking, client: 206.168.34.88, server: 0.0.0.0:2304
2025/04/09 09:33:47 [info] 1360876#0: *372 client sent plain HTTP request to HTTPS port while reading client request headers, client: 206.168.34.88, server: localhost, request: "GET / HTTP/1.1", host: "23.254.227.96:2304"
2025/04/09 09:33:58 [info] 1360876#0: *373 client 206.168.34.88 closed keepalive connection
2025/04/09 09:34:01 [info] 1360876#0: *375 client sent invalid request while reading client request line, client: 206.168.34.88, server: localhost, request: "PRI * HTTP/2.0"
2025/04/09 09:34:05 [info] 1360876#0: *376 client closed connection while waiting for request, client: 206.168.34.88, server: 0.0.0.0:2304
2025/04/09 09:34:10 [info] 1360876#0: *377 client closed connection while waiting for request, client: 206.168.34.88, server: 0.0.0.0:2304
2025/04/09 09:34:14 [info] 1360876#0: *378 SSL_do_handshake() failed (SSL: error:1408A10B:SSL routines:ssl3_get_client_hello:wrong version number) while SSL handshaking, client: 206.168.34.88, server: 0.0.0.0:2304
2025/04/09 09:34:33 [info] 1360876#0: *380 client sent invalid request while reading client request line, client: 206.168.34.88, server: localhost, request: "PRI * HTTP/2.0"
2025/04/10 03:15:26 [info] 1360876#0: *1239 client sent invalid method while reading client request line, client: 20.221.69.50, server: localhost, request: "MGLNDD_23.254.227.96_2304"
2025/04/10 17:49:56 [info] 1495716#0: *430 recv() failed (104: Connection reset by peer) while SSL handshaking, client: 167.94.146.59, server: 0.0.0.0:2304
2025/04/10 17:50:06 [info] 1495715#0: *431 client 167.94.146.59 closed keepalive connection
2025/04/10 17:50:11 [info] 1495716#0: *432 client 167.94.146.59 closed keepalive connection
2025/04/10 17:50:11 [info] 1495715#0: *434 client sent invalid request while reading client request line, client: 167.94.146.59, server: localhost, request: "PRI * HTTP/2.0"
2025/04/10 17:50:12 [info] 1495716#0: *435 client closed connection while waiting for request, client: 167.94.146.59, server: 0.0.0.0:2304
2025/04/10 17:50:14 [info] 1495716#0: *436 client closed connection while waiting for request, client: 167.94.146.59, server: 0.0.0.0:2304
2025/04/10 17:50:15 [info] 1495715#0: *437 SSL_do_handshake() failed (SSL: error:1408A10B:SSL routines:ssl3_get_client_hello:wrong version number) while SSL handshaking, client: 167.94.146.59, server: 0.0.0.0:2304
2025/04/10 17:50:19 [info] 1495715#0: *439 client sent invalid request while reading client request line, client: 167.94.146.59, server: localhost, request: "PRI * HTTP/2.0"
2025/04/10 18:15:52 [info] 1495716#0: *462 client sent invalid method while reading client request line, client: 20.168.7.87, server: localhost, request: "MGLNDD_23.254.227.96_2304"
2025/04/11 12:41:28 [info] 1549890#0: *237 client sent invalid method while reading client request line, client: 20.115.96.211, server: localhost, request: "MGLNDD_23.254.227.96_2304"
2025/04/12 01:49:10 [info] 1549890#0: *1527 client 162.142.125.198 closed keepalive connection
2025/04/12 01:49:18 [info] 1549890#0: *1529 client sent invalid request while reading client request line, client: 162.142.125.198, server: localhost, request: "PRI * HTTP/2.0"
2025/04/12 01:49:26 [info] 1549890#0: *1530 client closed connection while waiting for request, client: 162.142.125.198, server: 0.0.0.0:2304
2025/04/12 01:49:32 [info] 1549890#0: *1531 client closed connection while waiting for request, client: 162.142.125.198, server: 0.0.0.0:2304
2025/04/12 01:49:34 [info] 1549890#0: *1532 SSL_do_handshake() failed (SSL: error:1408A10B:SSL routines:ssl3_get_client_hello:wrong version number) while SSL handshaking, client: 162.142.125.198, server: 0.0.0.0:2304
2025/04/12 01:50:08 [info] 1549890#0: *1534 client sent invalid request while reading client request line, client: 162.142.125.198, server: localhost, request: "PRI * HTTP/2.0"
2025/04/12 05:56:18 [info] 1566203#0: *48 client sent invalid method while reading client request line, client: 20.169.106.95, server: localhost, request: "MGLNDD_23.254.227.96_2304"
2025/04/13 09:12:19 [info] 1589058#0: *97 client sent invalid method while reading client request line, client: 20.106.196.226, server: localhost, request: "MGLNDD_23.254.227.96_2304"
2025/04/13 19:39:54 [info] 1589058#0: *324 client 167.94.138.37 closed keepalive connection
2025/04/13 19:40:18 [info] 1589058#0: *326 client sent invalid request while reading client request line, client: 167.94.138.37, server: localhost, request: "PRI * HTTP/2.0"
2025/04/13 19:40:41 [info] 1589058#0: *327 client closed connection while waiting for request, client: 167.94.138.37, server: 0.0.0.0:2304
2025/04/13 19:40:50 [info] 1589058#0: *328 client closed connection while waiting for request, client: 167.94.138.37, server: 0.0.0.0:2304
2025/04/13 19:40:54 [info] 1589058#0: *329 SSL_do_handshake() failed (SSL: error:1408A10B:SSL routines:ssl3_get_client_hello:wrong version number) while SSL handshaking, client: 167.94.138.37, server: 0.0.0.0:2304
2025/04/13 19:41:28 [info] 1589058#0: *331 client sent invalid request while reading client request line, client: 167.94.138.37, server: localhost, request: "PRI * HTTP/2.0"
2025/04/14 10:50:19 [info] 28069#0: *983 client sent invalid method while reading client request line, client: 40.124.175.155, server: localhost, request: "MGLNDD_23.254.227.96_2304"
2025/04/15 00:46:17 [info] 28069#0: *1704 client 206.168.34.42 closed keepalive connection
2025/04/15 00:46:22 [info] 28069#0: *1706 client sent invalid request while reading client request line, client: 206.168.34.42, server: localhost, request: "PRI * HTTP/2.0"
2025/04/15 00:46:49 [info] 28069#0: *1708 client closed connection while waiting for request, client: 206.168.34.42, server: 0.0.0.0:2304
2025/04/15 00:46:53 [info] 28069#0: *1709 client closed connection while waiting for request, client: 206.168.34.42, server: 0.0.0.0:2304
2025/04/15 00:46:55 [info] 28068#0: *1710 SSL_do_handshake() failed (SSL: error:1408A10B:SSL routines:ssl3_get_client_hello:wrong version number) while SSL handshaking, client: 206.168.34.42, server: 0.0.0.0:2304
2025/04/15 00:47:19 [info] 28068#0: *1712 client sent invalid request while reading client request line, client: 206.168.34.42, server: localhost, request: "PRI * HTTP/2.0"
2025/04/15 23:44:53 [info] 59027#0: *1261 client sent invalid method while reading client request line, client: 20.64.106.75, server: localhost, request: "MGLNDD_23.254.227.96_2304"
2025/04/17 10:01:03 [info] 133948#0: *189 client 162.142.125.218 closed keepalive connection
2025/04/17 10:01:13 [info] 133948#0: *191 client sent invalid request while reading client request line, client: 162.142.125.218, server: localhost, request: "PRI * HTTP/2.0"
2025/04/17 10:01:18 [info] 133948#0: *192 client closed connection while waiting for request, client: 162.142.125.218, server: 0.0.0.0:2304
2025/04/17 10:01:20 [info] 133947#0: *193 client closed connection while waiting for request, client: 162.142.125.218, server: 0.0.0.0:2304
2025/04/17 10:01:21 [info] 133948#0: *194 SSL_do_handshake() failed (SSL: error:1408A10B:SSL routines:ssl3_get_client_hello:wrong version number) while SSL handshaking, client: 162.142.125.218, server: 0.0.0.0:2304
2025/04/17 10:01:31 [info] 133948#0: *196 client sent invalid request while reading client request line, client: 162.142.125.218, server: localhost, request: "PRI * HTTP/2.0"
2025/04/17 17:19:23 [info] 133948#0: *382 peer closed connection in SSL handshake while SSL handshaking, client: 162.142.125.39, server: 0.0.0.0:2304
2025/04/17 17:19:25 [info] 133947#0: *383 peer closed connection in SSL handshake while SSL handshaking, client: 162.142.125.39, server: 0.0.0.0:2304
2025/04/17 17:19:26 [info] 133948#0: *384 SSL_do_handshake() failed (SSL: error:1408A0C1:SSL routines:ssl3_get_client_hello:no shared cipher) while SSL handshaking, client: 162.142.125.39, server: 0.0.0.0:2304
2025/04/17 17:19:33 [info] 133948#0: *385 peer closed connection in SSL handshake while SSL handshaking, client: 162.142.125.39, server: 0.0.0.0:2304
2025/04/17 17:19:36 [info] 133947#0: *386 peer closed connection in SSL handshake while SSL handshaking, client: 162.142.125.39, server: 0.0.0.0:2304
2025/04/17 17:19:38 [info] 133948#0: *387 peer closed connection in SSL handshake while SSL handshaking, client: 162.142.125.39, server: 0.0.0.0:2304
2025/04/17 17:19:39 [info] 133947#0: *388 peer closed connection in SSL handshake while SSL handshaking, client: 162.142.125.39, server: 0.0.0.0:2304
2025/04/17 17:19:40 [info] 133948#0: *389 peer closed connection in SSL handshake while SSL handshaking, client: 162.142.125.39, server: 0.0.0.0:2304
2025/04/17 17:19:45 [info] 133947#0: *390 peer closed connection in SSL handshake while SSL handshaking, client: 162.142.125.39, server: 0.0.0.0:2304
2025/04/17 17:19:47 [info] 133948#0: *391 peer closed connection in SSL handshake while SSL handshaking, client: 162.142.125.39, server: 0.0.0.0:2304
2025/04/17 18:04:02 [info] 133948#0: *528 client sent invalid method while reading client request line, client: 172.202.118.9, server: localhost, request: "MGLNDD_23.254.227.96_2304"
2025/04/18 13:24:37 [info] 164894#0: *368 client 167.94.138.164 closed keepalive connection
2025/04/18 13:24:45 [info] 164894#0: *370 client sent invalid request while reading client request line, client: 167.94.138.164, server: localhost, request: "PRI * HTTP/2.0"
2025/04/18 13:24:51 [info] 164894#0: *371 client closed connection while waiting for request, client: 167.94.138.164, server: 0.0.0.0:2304
2025/04/18 13:24:56 [info] 164893#0: *372 client closed connection while waiting for request, client: 167.94.138.164, server: 0.0.0.0:2304
2025/04/18 13:24:58 [info] 164894#0: *373 SSL_do_handshake() failed (SSL: error:1408A10B:SSL routines:ssl3_get_client_hello:wrong version number) while SSL handshaking, client: 167.94.138.164, server: 0.0.0.0:2304
2025/04/18 13:25:16 [info] 164893#0: *375 client sent invalid request while reading client request line, client: 167.94.138.164, server: localhost, request: "PRI * HTTP/2.0"
2025/04/18 15:23:51 [info] 164894#0: *472 client sent invalid method while reading client request line, client: 20.84.147.1, server: localhost, request: "MGLNDD_23.254.227.96_2304"
2025/04/19 15:55:32 [info] 195412#0: *368 client sent invalid method while reading client request line, client: 80.94.95.90, server: localhost, request: " /*� Cookie: mstshash=Administr"
2025/04/19 15:55:32 [info] 195412#0: *368 recv() failed (104: Connection reset by peer) while reading client request line, client: 80.94.95.90, server: localhost, request: " /*� Cookie: mstshash=Administr"
2025/04/20 09:48:25 [info] 239081#0: *135 client sent invalid method while reading client request line, client: 20.168.121.45, server: localhost, request: "MGLNDD_23.254.227.96_2304"
2025/04/20 18:21:35 [info] 239081#0: *383 recv() failed (104: Connection reset by peer) while SSL handshaking, client: 179.191.16.26, server: 0.0.0.0:2304
2025/04/20 18:43:39 [info] 239081#0: *384 client 167.94.138.58 closed keepalive connection
2025/04/20 18:43:52 [info] 239081#0: *386 client sent invalid request while reading client request line, client: 167.94.138.58, server: localhost, request: "PRI * HTTP/2.0"
2025/04/20 18:44:00 [info] 239082#0: *387 client closed connection while waiting for request, client: 167.94.138.58, server: 0.0.0.0:2304
2025/04/20 18:44:12 [info] 239081#0: *388 client closed connection while waiting for request, client: 167.94.138.58, server: 0.0.0.0:2304
2025/04/20 18:44:14 [info] 239082#0: *389 SSL_do_handshake() failed (SSL: error:1408A10B:SSL routines:ssl3_get_client_hello:wrong version number) while SSL handshaking, client: 167.94.138.58, server: 0.0.0.0:2304
2025/04/20 18:44:31 [info] 239081#0: *391 client sent invalid request while reading client request line, client: 167.94.138.58, server: localhost, request: "PRI * HTTP/2.0"
2025/04/22 04:52:17 [info] 298990#0: *26 client sent invalid method while reading client request line, client: 172.202.104.23, server: localhost, request: "MGLNDD_23.254.227.96_2304"
2025/04/22 13:46:45 [info] 298990#0: *208 client 206.168.34.55 closed keepalive connection
2025/04/22 13:46:49 [info] 298990#0: *210 client sent invalid request while reading client request line, client: 206.168.34.55, server: localhost, request: "PRI * HTTP/2.0"
2025/04/22 13:46:52 [info] 298989#0: *211 client closed connection while waiting for request, client: 206.168.34.55, server: 0.0.0.0:2304
2025/04/22 13:46:57 [info] 298990#0: *212 client closed connection while waiting for request, client: 206.168.34.55, server: 0.0.0.0:2304
2025/04/22 13:46:59 [info] 298990#0: *213 SSL_do_handshake() failed (SSL: error:1408A10B:SSL routines:ssl3_get_client_hello:wrong version number) while SSL handshaking, client: 206.168.34.55, server: 0.0.0.0:2304
2025/04/22 13:47:08 [info] 298989#0: *215 client sent invalid request while reading client request line, client: 206.168.34.55, server: localhost, request: "PRI * HTTP/2.0"
2025/04/23 01:34:24 [info] 298990#0: *512 client sent invalid method while reading client request line, client: 20.118.216.147, server: localhost, request: "MGLNDD_23.254.227.96_2304"
2025/04/24 03:52:10 [info] 354911#0: *16 client 167.94.138.187 closed keepalive connection
2025/04/24 03:52:18 [info] 354911#0: *18 client sent invalid request while reading client request line, client: 167.94.138.187, server: localhost, request: "PRI * HTTP/2.0"
2025/04/24 03:52:25 [info] 354911#0: *19 client closed connection while waiting for request, client: 167.94.138.187, server: 0.0.0.0:2304
2025/04/24 03:52:29 [info] 354911#0: *20 client closed connection while waiting for request, client: 167.94.138.187, server: 0.0.0.0:2304
2025/04/24 03:52:31 [info] 354910#0: *21 SSL_do_handshake() failed (SSL: error:1408A10B:SSL routines:ssl3_get_client_hello:wrong version number) while SSL handshaking, client: 167.94.138.187, server: 0.0.0.0:2304
2025/04/24 03:52:46 [info] 354911#0: *23 client sent invalid request while reading client request line, client: 167.94.138.187, server: localhost, request: "PRI * HTTP/2.0"
2025/04/24 17:21:45 [info] 354911#0: *896 client sent invalid method while reading client request line, client: 172.203.235.146, server: localhost, request: "MGLNDD_23.254.227.96_2304"
2025/04/24 22:57:56 [crit] 354911#0: *1004 SSL_do_handshake() failed (SSL: error:14094085:SSL routines:ssl3_read_bytes:ccs received early) while SSL handshaking, client: 45.79.172.21, server: 0.0.0.0:2304
2025/04/24 23:40:41 [info] 354911#0: *1037 peer closed connection in SSL handshake while SSL handshaking, client: 212.102.40.218, server: 0.0.0.0:2304
2025/04/24 23:40:41 [info] 354910#0: *1038 peer closed connection in SSL handshake while SSL handshaking, client: 212.102.40.218, server: 0.0.0.0:2304
2025/04/24 23:40:41 [info] 354911#0: *1039 SSL_do_handshake() failed (SSL: error:1408A0C1:SSL routines:ssl3_get_client_hello:no shared cipher) while SSL handshaking, client: 212.102.40.218, server: 0.0.0.0:2304
2025/04/24 23:40:42 [info] 354910#0: *1040 peer closed connection in SSL handshake while SSL handshaking, client: 212.102.40.218, server: 0.0.0.0:2304
2025/04/24 23:40:42 [info] 354911#0: *1041 peer closed connection in SSL handshake while SSL handshaking, client: 212.102.40.218, server: 0.0.0.0:2304
2025/04/24 23:40:42 [info] 354910#0: *1042 peer closed connection in SSL handshake while SSL handshaking, client: 212.102.40.218, server: 0.0.0.0:2304
2025/04/24 23:40:42 [info] 354911#0: *1043 peer closed connection in SSL handshake while SSL handshaking, client: 212.102.40.218, server: 0.0.0.0:2304
2025/04/24 23:40:43 [info] 354910#0: *1044 peer closed connection in SSL handshake (104: Connection reset by peer) while SSL handshaking, client: 212.102.40.218, server: 0.0.0.0:2304
2025/04/24 23:40:43 [info] 354910#0: *1045 peer closed connection in SSL handshake while SSL handshaking, client: 212.102.40.218, server: 0.0.0.0:2304
2025/04/24 23:40:43 [info] 354911#0: *1046 peer closed connection in SSL handshake while SSL handshaking, client: 212.102.40.218, server: 0.0.0.0:2304
2025/04/25 00:43:50 [info] 354911#0: *1049 recv() failed (104: Connection reset by peer) while SSL handshaking, client: 173.255.221.189, server: 0.0.0.0:2304
2025/04/25 00:43:50 [info] 354910#0: *1050 client sent plain HTTP request to HTTPS port while reading client request headers, client: 173.255.221.189, server: localhost, request: "GET / HTTP/1.1", host: "23.254.227.96"
2025/04/25 09:33:34 [info] 382067#0: *151 client 45.79.181.223 closed keepalive connection
2025/04/25 09:41:12 [info] 382067#0: *152 peer closed connection in SSL handshake while SSL handshaking, client: 212.102.40.218, server: 0.0.0.0:2304
2025/04/25 09:41:12 [info] 382066#0: *153 peer closed connection in SSL handshake while SSL handshaking, client: 212.102.40.218, server: 0.0.0.0:2304
2025/04/25 09:41:12 [info] 382067#0: *154 SSL_do_handshake() failed (SSL: error:1408A0C1:SSL routines:ssl3_get_client_hello:no shared cipher) while SSL handshaking, client: 212.102.40.218, server: 0.0.0.0:2304
2025/04/25 09:41:12 [info] 382067#0: *155 peer closed connection in SSL handshake while SSL handshaking, client: 212.102.40.218, server: 0.0.0.0:2304
2025/04/25 09:41:13 [info] 382066#0: *156 peer closed connection in SSL handshake while SSL handshaking, client: 212.102.40.218, server: 0.0.0.0:2304
2025/04/25 09:41:13 [info] 382067#0: *157 peer closed connection in SSL handshake while SSL handshaking, client: 212.102.40.218, server: 0.0.0.0:2304
2025/04/25 09:41:13 [info] 382066#0: *158 peer closed connection in SSL handshake while SSL handshaking, client: 212.102.40.218, server: 0.0.0.0:2304
2025/04/25 09:41:13 [info] 382066#0: *159 peer closed connection in SSL handshake while SSL handshaking, client: 212.102.40.218, server: 0.0.0.0:2304
2025/04/25 09:41:14 [info] 382067#0: *160 peer closed connection in SSL handshake while SSL handshaking, client: 212.102.40.218, server: 0.0.0.0:2304
2025/04/25 09:41:14 [info] 382066#0: *161 peer closed connection in SSL handshake while SSL handshaking, client: 212.102.40.218, server: 0.0.0.0:2304
2025/04/25 11:17:44 [notice] 382067#0: *216 "^/v1/([^/]+)/?$" does not match "/IEzT", client: 96.126.104.20, server: localhost, request: "GET /IEzT HTTP/1.1", host: "23.254.227.96:2304"
2025/04/25 11:17:44 [error] 382067#0: *216 open() "/usr/local/cwpsrv/var/services/api/IEzT" failed (2: No such file or directory), client: 96.126.104.20, server: localhost, request: "GET /IEzT HTTP/1.1", host: "23.254.227.96:2304"
2025/04/25 12:01:34 [info] 382067#0: *233 client sent invalid method while reading client request line, client: 20.65.154.109, server: localhost, request: "MGLNDD_23.254.227.96_2304"
2025/04/25 17:33:06 [info] 382067#0: *299 client 167.94.138.177 closed keepalive connection
2025/04/25 17:33:11 [info] 382067#0: *305 client sent invalid request while reading client request line, client: 167.94.138.177, server: localhost, request: "PRI * HTTP/2.0"
2025/04/25 17:33:16 [info] 382066#0: *306 client closed connection while waiting for request, client: 167.94.138.177, server: 0.0.0.0:2304
2025/04/25 17:33:22 [info] 382067#0: *309 client closed connection while waiting for request, client: 167.94.138.177, server: 0.0.0.0:2304
2025/04/25 17:33:24 [info] 382067#0: *310 SSL_do_handshake() failed (SSL: error:1408A10B:SSL routines:ssl3_get_client_hello:wrong version number) while SSL handshaking, client: 167.94.138.177, server: 0.0.0.0:2304
2025/04/25 17:33:41 [info] 382066#0: *312 client sent invalid request while reading client request line, client: 167.94.138.177, server: localhost, request: "PRI * HTTP/2.0"
2025/04/26 11:15:13 [notice] 416040#0: *181 "^/v1/([^/]+)/?$" does not match "/BGdo", client: 96.126.104.20, server: localhost, request: "GET /BGdo HTTP/1.1", host: "23.254.227.96:2304"
2025/04/26 11:15:13 [error] 416040#0: *181 open() "/usr/local/cwpsrv/var/services/api/BGdo" failed (2: No such file or directory), client: 96.126.104.20, server: localhost, request: "GET /BGdo HTTP/1.1", host: "23.254.227.96:2304"
2025/04/26 18:22:27 [info] 416040#0: *257 client sent invalid method while reading client request line, client: 20.40.248.9, server: localhost, request: "MGLNDD_23.254.227.96_2304"
2025/04/27 13:32:06 [info] 454302#0: *289 client 162.142.125.196 closed keepalive connection
2025/04/27 13:32:08 [info] 454302#0: *292 client sent invalid request while reading client request line, client: 162.142.125.196, server: localhost, request: "PRI * HTTP/2.0"
2025/04/27 13:32:12 [info] 454301#0: *294 client closed connection while waiting for request, client: 162.142.125.196, server: 0.0.0.0:2304
2025/04/27 13:32:14 [info] 454302#0: *295 client closed connection while waiting for request, client: 162.142.125.196, server: 0.0.0.0:2304
2025/04/27 13:32:16 [info] 454302#0: *296 SSL_do_handshake() failed (SSL: error:1408A10B:SSL routines:ssl3_get_client_hello:wrong version number) while SSL handshaking, client: 162.142.125.196, server: 0.0.0.0:2304
2025/04/27 13:32:22 [info] 454301#0: *298 client sent invalid request while reading client request line, client: 162.142.125.196, server: localhost, request: "PRI * HTTP/2.0"
2025/04/28 00:40:58 [info] 454302#0: *471 client sent invalid method while reading client request line, client: 20.118.208.63, server: localhost, request: "MGLNDD_23.254.227.96_2304"
2025/04/28 05:22:18 [info] 481462#0: *70 client 185.242.226.28 closed keepalive connection
2025/04/29 01:12:09 [info] 481462#0: *384 client 162.142.125.211 closed keepalive connection
2025/04/29 01:12:15 [info] 481462#0: *386 client sent invalid request while reading client request line, client: 162.142.125.211, server: localhost, request: "PRI * HTTP/2.0"
2025/04/29 01:12:18 [info] 481462#0: *387 client closed connection while waiting for request, client: 162.142.125.211, server: 0.0.0.0:2304
2025/04/29 01:12:22 [info] 481461#0: *388 client closed connection while waiting for request, client: 162.142.125.211, server: 0.0.0.0:2304
2025/04/29 01:12:23 [info] 481462#0: *389 SSL_do_handshake() failed (SSL: error:1408A10B:SSL routines:ssl3_get_client_hello:wrong version number) while SSL handshaking, client: 162.142.125.211, server: 0.0.0.0:2304
2025/04/29 01:12:38 [info] 481462#0: *391 client sent invalid request while reading client request line, client: 162.142.125.211, server: localhost, request: "PRI * HTTP/2.0"
2025/04/29 07:03:35 [info] 507106#0: *69 client sent invalid method while reading client request line, client: 172.212.227.247, server: localhost, request: "MGLNDD_23.254.227.96_2304"
2025/04/30 13:30:05 [info] 532706#0: *188 client sent invalid method while reading client request line, client: 20.118.200.245, server: localhost, request: "MGLNDD_23.254.227.96_2304"
2025/04/30 16:01:01 [info] 532706#0: *249 peer closed connection in SSL handshake while SSL handshaking, client: 206.168.34.127, server: 0.0.0.0:2304
2025/04/30 16:01:04 [info] 532707#0: *250 peer closed connection in SSL handshake while SSL handshaking, client: 206.168.34.127, server: 0.0.0.0:2304
2025/04/30 16:01:04 [info] 532706#0: *251 SSL_do_handshake() failed (SSL: error:1408A0C1:SSL routines:ssl3_get_client_hello:no shared cipher) while SSL handshaking, client: 206.168.34.127, server: 0.0.0.0:2304
2025/04/30 16:01:06 [info] 532706#0: *252 peer closed connection in SSL handshake while SSL handshaking, client: 206.168.34.127, server: 0.0.0.0:2304
2025/04/30 16:01:08 [info] 532706#0: *253 peer closed connection in SSL handshake while SSL handshaking, client: 206.168.34.127, server: 0.0.0.0:2304
2025/04/30 16:01:09 [info] 532707#0: *254 peer closed connection in SSL handshake while SSL handshaking, client: 206.168.34.127, server: 0.0.0.0:2304
2025/04/30 16:01:11 [info] 532707#0: *255 peer closed connection in SSL handshake while SSL handshaking, client: 206.168.34.127, server: 0.0.0.0:2304
2025/04/30 16:01:14 [info] 532706#0: *256 peer closed connection in SSL handshake while SSL handshaking, client: 206.168.34.127, server: 0.0.0.0:2304
2025/04/30 16:01:15 [info] 532707#0: *257 peer closed connection in SSL handshake while SSL handshaking, client: 206.168.34.127, server: 0.0.0.0:2304
2025/04/30 16:01:16 [info] 532707#0: *258 peer closed connection in SSL handshake while SSL handshaking, client: 206.168.34.127, server: 0.0.0.0:2304
2025/05/01 04:32:03 [info] 559464#0: *22 client 206.168.34.75 closed keepalive connection
2025/05/01 04:32:14 [info] 559465#0: *24 client sent invalid request while reading client request line, client: 206.168.34.75, server: localhost, request: "PRI * HTTP/2.0"
2025/05/01 04:32:22 [info] 559464#0: *25 client closed connection while waiting for request, client: 206.168.34.75, server: 0.0.0.0:2304
2025/05/01 04:32:25 [info] 559465#0: *26 client closed connection while waiting for request, client: 206.168.34.75, server: 0.0.0.0:2304
2025/05/01 04:32:28 [info] 559464#0: *27 SSL_do_handshake() failed (SSL: error:1408A10B:SSL routines:ssl3_get_client_hello:wrong version number) while SSL handshaking, client: 206.168.34.75, server: 0.0.0.0:2304
2025/05/01 04:32:47 [info] 559464#0: *29 client sent invalid request while reading client request line, client: 206.168.34.75, server: localhost, request: "PRI * HTTP/2.0"
2025/05/01 15:57:08 [info] 559464#0: *475 peer closed connection in SSL handshake while SSL handshaking, client: 206.168.34.113, server: 0.0.0.0:2304
2025/05/01 15:57:11 [info] 559465#0: *476 peer closed connection in SSL handshake while SSL handshaking, client: 206.168.34.113, server: 0.0.0.0:2304
2025/05/01 15:57:12 [info] 559464#0: *477 SSL_do_handshake() failed (SSL: error:1408A0C1:SSL routines:ssl3_get_client_hello:no shared cipher) while SSL handshaking, client: 206.168.34.113, server: 0.0.0.0:2304
2025/05/01 15:57:14 [info] 559464#0: *478 peer closed connection in SSL handshake while SSL handshaking, client: 206.168.34.113, server: 0.0.0.0:2304
2025/05/01 15:57:16 [info] 559465#0: *479 peer closed connection in SSL handshake while SSL handshaking, client: 206.168.34.113, server: 0.0.0.0:2304
2025/05/01 15:57:19 [info] 559464#0: *480 peer closed connection in SSL handshake while SSL handshaking, client: 206.168.34.113, server: 0.0.0.0:2304
2025/05/01 15:57:20 [info] 559465#0: *481 peer closed connection in SSL handshake while SSL handshaking, client: 206.168.34.113, server: 0.0.0.0:2304
2025/05/01 15:57:24 [info] 559464#0: *482 peer closed connection in SSL handshake while SSL handshaking, client: 206.168.34.113, server: 0.0.0.0:2304
2025/05/01 15:57:26 [info] 559464#0: *483 peer closed connection in SSL handshake while SSL handshaking, client: 206.168.34.113, server: 0.0.0.0:2304
2025/05/01 15:57:28 [info] 559465#0: *484 peer closed connection in SSL handshake while SSL handshaking, client: 206.168.34.113, server: 0.0.0.0:2304
2025/05/01 19:40:52 [info] 559464#0: *647 client sent invalid method while reading client request line, client: 20.64.105.174, server: localhost, request: "MGLNDD_23.254.227.96_2304"
2025/05/02 16:27:28 [info] 590421#0: *405 client 162.142.125.46 closed keepalive connection
2025/05/02 16:27:37 [info] 590422#0: *409 client sent invalid request while reading client request line, client: 162.142.125.46, server: localhost, request: "PRI * HTTP/2.0"
2025/05/02 16:27:44 [info] 590422#0: *411 client closed connection while waiting for request, client: 162.142.125.46, server: 0.0.0.0:2304
2025/05/02 16:27:48 [info] 590421#0: *412 client closed connection while waiting for request, client: 162.142.125.46, server: 0.0.0.0:2304
2025/05/02 16:27:53 [info] 590421#0: *414 SSL_do_handshake() failed (SSL: error:1408A10B:SSL routines:ssl3_get_client_hello:wrong version number) while SSL handshaking, client: 162.142.125.46, server: 0.0.0.0:2304
2025/05/02 16:28:11 [info] 590422#0: *417 client sent invalid request while reading client request line, client: 162.142.125.46, server: localhost, request: "PRI * HTTP/2.0"
2025/05/02 17:58:08 [crit] 590421#0: *432 SSL_do_handshake() failed (SSL: error:14094085:SSL routines:ssl3_read_bytes:ccs received early) while SSL handshaking, client: 172.236.228.222, server: 0.0.0.0:2304
2025/05/02 18:07:51 [info] 590421#0: *435 recv() failed (104: Connection reset by peer) while SSL handshaking, client: 45.79.211.97, server: 0.0.0.0:2304
2025/05/02 18:07:54 [info] 590421#0: *436 client sent plain HTTP request to HTTPS port while reading client request headers, client: 45.79.211.97, server: localhost, request: "GET / HTTP/1.1", host: "23.254.227.96"
2025/05/02 18:59:32 [info] 590421#0: *514 peer closed connection in SSL handshake while SSL handshaking, client: 212.102.40.218, server: 0.0.0.0:2304
2025/05/02 18:59:32 [info] 590422#0: *515 peer closed connection in SSL handshake while SSL handshaking, client: 212.102.40.218, server: 0.0.0.0:2304
2025/05/02 18:59:32 [info] 590422#0: *516 SSL_do_handshake() failed (SSL: error:1408A0C1:SSL routines:ssl3_get_client_hello:no shared cipher) while SSL handshaking, client: 212.102.40.218, server: 0.0.0.0:2304
2025/05/02 18:59:33 [info] 590421#0: *517 peer closed connection in SSL handshake while SSL handshaking, client: 212.102.40.218, server: 0.0.0.0:2304
2025/05/02 18:59:33 [info] 590422#0: *518 peer closed connection in SSL handshake while SSL handshaking, client: 212.102.40.218, server: 0.0.0.0:2304
2025/05/02 18:59:33 [info] 590421#0: *519 peer closed connection in SSL handshake while SSL handshaking, client: 212.102.40.218, server: 0.0.0.0:2304
2025/05/02 18:59:33 [info] 590422#0: *520 peer closed connection in SSL handshake while SSL handshaking, client: 212.102.40.218, server: 0.0.0.0:2304
2025/05/02 18:59:34 [info] 590421#0: *521 peer closed connection in SSL handshake while SSL handshaking, client: 212.102.40.218, server: 0.0.0.0:2304
2025/05/02 18:59:34 [info] 590422#0: *522 peer closed connection in SSL handshake while SSL handshaking, client: 212.102.40.218, server: 0.0.0.0:2304
2025/05/02 18:59:34 [info] 590421#0: *523 peer closed connection in SSL handshake while SSL handshaking, client: 212.102.40.218, server: 0.0.0.0:2304
2025/05/03 01:41:23 [info] 590421#0: *626 client sent invalid method while reading client request line, client: 40.124.175.52, server: localhost, request: "MGLNDD_23.254.227.96_2304"
2025/05/03 03:36:24 [info] 618930#0: *5 client 172.236.228.198 closed keepalive connection
2025/05/03 03:52:37 [info] 618930#0: *9 peer closed connection in SSL handshake while SSL handshaking, client: 212.102.40.218, server: 0.0.0.0:2304
2025/05/03 03:52:37 [info] 618929#0: *10 peer closed connection in SSL handshake while SSL handshaking, client: 212.102.40.218, server: 0.0.0.0:2304
2025/05/03 03:52:37 [info] 618930#0: *11 SSL_do_handshake() failed (SSL: error:1408A0C1:SSL routines:ssl3_get_client_hello:no shared cipher) while SSL handshaking, client: 212.102.40.218, server: 0.0.0.0:2304
2025/05/03 03:52:38 [info] 618930#0: *12 peer closed connection in SSL handshake while SSL handshaking, client: 212.102.40.218, server: 0.0.0.0:2304
2025/05/03 03:52:38 [info] 618929#0: *13 peer closed connection in SSL handshake while SSL handshaking, client: 212.102.40.218, server: 0.0.0.0:2304
2025/05/03 03:52:38 [info] 618930#0: *14 peer closed connection in SSL handshake while SSL handshaking, client: 212.102.40.218, server: 0.0.0.0:2304
2025/05/03 03:52:38 [info] 618929#0: *15 peer closed connection in SSL handshake while SSL handshaking, client: 212.102.40.218, server: 0.0.0.0:2304
2025/05/03 03:52:39 [info] 618930#0: *16 peer closed connection in SSL handshake while SSL handshaking, client: 212.102.40.218, server: 0.0.0.0:2304
2025/05/03 03:52:39 [info] 618929#0: *17 peer closed connection in SSL handshake while SSL handshaking, client: 212.102.40.218, server: 0.0.0.0:2304
2025/05/03 03:52:39 [info] 618930#0: *18 peer closed connection in SSL handshake while SSL handshaking, client: 212.102.40.218, server: 0.0.0.0:2304
2025/05/03 11:28:06 [notice] 618929#0: *207 "^/v1/([^/]+)/?$" does not match "/DhGi", client: 96.126.104.20, server: localhost, request: "GET /DhGi HTTP/1.1", host: "23.254.227.96:2304"
2025/05/03 11:28:06 [error] 618929#0: *207 open() "/usr/local/cwpsrv/var/services/api/DhGi" failed (2: No such file or directory), client: 96.126.104.20, server: localhost, request: "GET /DhGi HTTP/1.1", host: "23.254.227.96:2304"
2025/05/04 05:03:32 [info] 645182#0: *58 client 206.168.34.215 closed keepalive connection
2025/05/04 05:03:47 [info] 645183#0: *61 peer closed connection in SSL handshake (104: Connection reset by peer) while SSL handshaking, client: 206.168.34.215, server: 0.0.0.0:2304
2025/05/04 05:03:55 [info] 645183#0: *62 client closed connection while waiting for request, client: 206.168.34.215, server: 0.0.0.0:2304
2025/05/04 05:03:59 [info] 645183#0: *64 client closed connection while waiting for request, client: 206.168.34.215, server: 0.0.0.0:2304
2025/05/04 05:04:02 [info] 645183#0: *65 SSL_do_handshake() failed (SSL: error:1408A10B:SSL routines:ssl3_get_client_hello:wrong version number) while SSL handshaking, client: 206.168.34.215, server: 0.0.0.0:2304
2025/05/04 05:04:24 [info] 645182#0: *68 client sent invalid request while reading client request line, client: 206.168.34.215, server: localhost, request: "PRI * HTTP/2.0"
2025/05/04 08:09:45 [info] 645183#0: *181 client sent invalid method while reading client request line, client: 20.98.128.203, server: localhost, request: "MGLNDD_23.254.227.96_2304"
2025/05/04 11:29:43 [notice] 645183#0: *232 "^/v1/([^/]+)/?$" does not match "/MmAa", client: 96.126.104.20, server: localhost, request: "GET /MmAa HTTP/1.1", host: "23.254.227.96:2304"
2025/05/04 11:29:43 [error] 645183#0: *232 open() "/usr/local/cwpsrv/var/services/api/MmAa" failed (2: No such file or directory), client: 96.126.104.20, server: localhost, request: "GET /MmAa HTTP/1.1", host: "23.254.227.96:2304"
2025/05/05 14:14:18 [info] 671392#0: *249 client sent invalid method while reading client request line, client: 20.64.104.27, server: localhost, request: "MGLNDD_23.254.227.96_2304"
2025/05/05 15:32:14 [info] 671392#0: *286 client 167.94.138.187 closed keepalive connection
2025/05/05 15:32:17 [info] 671392#0: *288 client sent invalid request while reading client request line, client: 167.94.138.187, server: localhost, request: "PRI * HTTP/2.0"
2025/05/05 15:32:19 [info] 671393#0: *291 client closed connection while waiting for request, client: 167.94.138.187, server: 0.0.0.0:2304
2025/05/05 15:32:21 [info] 671392#0: *292 client closed connection while waiting for request, client: 167.94.138.187, server: 0.0.0.0:2304
2025/05/05 15:32:22 [info] 671392#0: *293 SSL_do_handshake() failed (SSL: error:1408A10B:SSL routines:ssl3_get_client_hello:wrong version number) while SSL handshaking, client: 167.94.138.187, server: 0.0.0.0:2304
2025/05/05 15:32:26 [info] 671393#0: *295 client sent invalid request while reading client request line, client: 167.94.138.187, server: localhost, request: "PRI * HTTP/2.0"
